{"id":1673,"date":"2026-01-17T16:04:40","date_gmt":"2026-01-17T16:04:40","guid":{"rendered":"https:\/\/teammutantecuador.com\/?post_type=product&#038;p=1673"},"modified":"2026-04-25T12:55:05","modified_gmt":"2026-04-25T12:55:05","slug":"testenat-depot-enantato-de-testosterona-250mg-10ml-landerlan-gold","status":"publish","type":"product","link":"https:\/\/teammutantecuador.com\/?product=testenat-depot-enantato-de-testosterona-250mg-10ml-landerlan-gold","title":{"rendered":"Testenat Depot Enantato De Testosterona 250mg 10ml Landerlan Gold"},"content":{"rendered":"<h2>Testenat Depot Enantato de testosterona 250mg 10ml Landerlan Gold<\/h2>\n<ul>\n<li><strong>Forma de administraci\u00f3n:<\/strong>\u00a0Inyecci\u00f3n.<\/li>\n<li><strong>Compuesto activo:<\/strong>\u00a0Enantato de testosterona.<\/li>\n<li><strong>Dosis tentativa:<\/strong>\u00a0Entre 250 y 1000 mg\/semana.<\/li>\n<li><strong>Tipo:<\/strong>\u00a0Ciclo de incremento de masa muscular \/ volumen \/ fuerza.<\/li>\n<li><strong>Protecci\u00f3n durante el tratamiento:<\/strong>\u00a0Se recomienda el uso de un\u00a0Antiestr\u00f3geno.<\/li>\n<li><strong>Nivel:<\/strong>\u00a0Para todos los usuarios.<\/li>\n<\/ul>\n<h2>Efectos positivos de Enantato<\/h2>\n<ul>\n<li>Es un esteroide de grandes efectos anab\u00f3licos.<\/li>\n<li>Promueve el crecimiento acelerado de masa muscular.<\/li>\n<li>Incrementa de manera significativa la fuerza.<\/li>\n<\/ul>\n<h2>Efectos negativos de Enantato de Testosterona<\/h2>\n<ul>\n<li>Sus efectos son retardados, aproximadamente de 2 a 3 semanas.<\/li>\n<li>En algunas personas puede provocar aumento de la presi\u00f3n arterial, agresi\u00f3n y acn\u00e9.<\/li>\n<li>Causa retenci\u00f3n de l\u00edquido.<\/li>\n<\/ul>\n<h2>Informaci\u00f3n sobre Testenat<\/h2>\n<p>La hormona testosterona posee efectos anab\u00f3licos muy potentes, y es por ello que muchos atletas y culturistas utilizan los \u00e9steres de dicha hormona para promover el crecimiento acelerado y poderoso de la masa muscular. Es importante saber que la testosterona puede presentarse en la forma de varios \u00e9steres (Cipionato,\u00a0Decanoato, enantato, heptilato, propionato, undecanoato, etc).<\/p>\n<p>Testenat enantato de testosterona es uno de los \u00e9steres de esta hormona masculina de efectos retardados que m\u00e1s se utiliza en el mundo del culturismo. Su duraci\u00f3n de actividad en el organismo es de\u00a0<strong>15 a 21 d\u00edas<\/strong>, raz\u00f3n por la cual solo es necesario realizar una inyecci\u00f3n a la semana de una dosis que se encuentre entre los est\u00e1ndares recomendados para mantener un nivel elevado de testosterona. La dosis m\u00e1s utilizada es la de\u00a0<strong>500 mg\/semana<\/strong>.<\/p>\n<h2>Ganancias<\/h2>\n<p>Testenat enantato de testosterona provoca un\u00a0<strong>aumento significativo de la fuerza y el peso en muy poco tiempo<\/strong>, de igual manera promueve un efecto adelgazante ya que incrementa la liberaci\u00f3n de la grasa de los adipocitos (c\u00e9lulas almacenadoras de grasa) y adem\u00e1s bloquea la reserva de l\u00edpidos en el cuerpo. El enantato puede causar retenci\u00f3n de l\u00edquidos y ginecomastia, pero las mismas se pueden controlar con el uso de antiestr\u00f3genos como Nolvadex y\u00a0Proviron. Al igual que la mayor\u00eda de los andr\u00f3genos potentes, es necesario realizar una terapia post ciclo para reactivar la producci\u00f3n natural de testosterona.<\/p>\n<p>Tambi\u00e9n se puede utilizar el enantato de testosterona para\u00a0<strong>aumentar los niveles de resistencia, y reducir el dolor de las articulaciones y tendones<\/strong>, gracias al incremento de la retenci\u00f3n de gl\u00f3bulos rojos y l\u00edquido en el organismo.<\/p>\n<p>Si se quiere lograr un aumento de peso y fuerza a gran escala, generalmente los culturistas utilizan enantato de testosterona combinado con alg\u00fan esteroide como\u00a0Oximetolona\u00a0(Anadrol).<\/p>\n","protected":false},"excerpt":{"rendered":"<h2>Testenat Depot Enantato de testosterona 250mg 10ml Landerlan Gold<\/h2>\n<ul>\n<li><strong>Forma de administraci\u00f3n:<\/strong>\u00a0Inyecci\u00f3n.<\/li>\n<li><strong>Compuesto activo:<\/strong>\u00a0Enantato de testosterona.<\/li>\n<li><strong>Dosis tentativa:<\/strong>\u00a0Entre 250 y 1000 mg\/semana.<\/li>\n<li><strong>Tipo:<\/strong>\u00a0Ciclo de incremento de masa muscular \/ volumen \/ fuerza.<\/li>\n<li><strong>Protecci\u00f3n durante el tratamiento:<\/strong>\u00a0Se recomienda el uso de un\u00a0Antiestr\u00f3geno.<\/li>\n<li><strong>Nivel:<\/strong>\u00a0Para todos los usuarios.<\/li>\n<\/ul>\n","protected":false},"featured_media":1804,"comment_status":"open","ping_status":"closed","template":"","meta":[],"product_brand":[251],"product_cat":[392],"product_tag":[116,254,100],"class_list":{"0":"post-1673","1":"product","2":"type-product","3":"status-publish","4":"has-post-thumbnail","6":"product_brand-landerlan","7":"product_cat-anabolicos","8":"product_tag-enandato","9":"product_tag-landerland-gold","10":"product_tag-testosterona","12":"first","13":"instock","14":"sale","15":"featured","16":"shipping-taxable","17":"purchasable","18":"product-type-simple"},"yoast_head":"<!-- This site is optimized with the Yoast SEO plugin v26.8 - https:\/\/yoast.com\/product\/yoast-seo-wordpress\/ -->\n<title>Testenat Depot Enantato De Testosterona 250mg 10ml Landerlan Gold - Team Mutan Ecuador<\/title>\n<meta name=\"description\" content=\"Testenat Depot Enantato de testosterona 250mg 10ml Landerlan Gold\" \/>\n<meta name=\"robots\" content=\"index, follow, max-snippet:-1, max-image-preview:large, max-video-preview:-1\" \/>\n<link rel=\"canonical\" href=\"https:\/\/teammutantecuador.com\/?product=testenat-depot-enantato-de-testosterona-250mg-10ml-landerlan-gold\" \/>\n<meta property=\"og:locale\" content=\"es_ES\" \/>\n<meta property=\"og:type\" content=\"article\" \/>\n<meta property=\"og:title\" content=\"Testenat Depot Enantato De Testosterona 250mg 10ml Landerlan Gold - Team Mutan Ecuador\" \/>\n<meta property=\"og:description\" content=\"Testenat Depot Enantato de testosterona 250mg 10ml Landerlan Gold\" \/>\n<meta property=\"og:url\" content=\"https:\/\/teammutantecuador.com\/?product=testenat-depot-enantato-de-testosterona-250mg-10ml-landerlan-gold\" \/>\n<meta property=\"og:site_name\" content=\"Team Mutan Ecuador\" \/>\n<meta property=\"article:modified_time\" content=\"2026-04-25T12:55:05+00:00\" \/>\n<meta property=\"og:image\" content=\"https:\/\/teammutantecuador.com\/wp-content\/uploads\/2026\/01\/Primobolan-100-Mg-Mutant-Pharma-9.jpg\" \/>\n\t<meta property=\"og:image:width\" content=\"800\" \/>\n\t<meta property=\"og:image:height\" content=\"800\" \/>\n\t<meta property=\"og:image:type\" content=\"image\/jpeg\" \/>\n<meta name=\"twitter:card\" content=\"summary_large_image\" \/>\n<meta name=\"twitter:label1\" content=\"Tiempo de lectura\" \/>\n\t<meta name=\"twitter:data1\" content=\"2 minutos\" \/>\n<script type=\"application\/ld+json\" class=\"yoast-schema-graph\">{\"@context\":\"https:\/\/schema.org\",\"@graph\":[{\"@type\":\"WebPage\",\"@id\":\"https:\/\/teammutantecuador.com\/?product=testenat-depot-enantato-de-testosterona-250mg-10ml-landerlan-gold\",\"url\":\"https:\/\/teammutantecuador.com\/?product=testenat-depot-enantato-de-testosterona-250mg-10ml-landerlan-gold\",\"name\":\"Testenat Depot Enantato De Testosterona 250mg 10ml Landerlan Gold - Team Mutan Ecuador\",\"isPartOf\":{\"@id\":\"https:\/\/teammutantecuador.com\/#website\"},\"primaryImageOfPage\":{\"@id\":\"https:\/\/teammutantecuador.com\/?product=testenat-depot-enantato-de-testosterona-250mg-10ml-landerlan-gold#primaryimage\"},\"image\":{\"@id\":\"https:\/\/teammutantecuador.com\/?product=testenat-depot-enantato-de-testosterona-250mg-10ml-landerlan-gold#primaryimage\"},\"thumbnailUrl\":\"https:\/\/teammutantecuador.com\/wp-content\/uploads\/2026\/01\/Primobolan-100-Mg-Mutant-Pharma-9.jpg\",\"datePublished\":\"2026-01-17T16:04:40+00:00\",\"dateModified\":\"2026-04-25T12:55:05+00:00\",\"description\":\"Testenat Depot Enantato de testosterona 250mg 10ml Landerlan Gold\",\"breadcrumb\":{\"@id\":\"https:\/\/teammutantecuador.com\/?product=testenat-depot-enantato-de-testosterona-250mg-10ml-landerlan-gold#breadcrumb\"},\"inLanguage\":\"es\",\"potentialAction\":[{\"@type\":\"ReadAction\",\"target\":[\"https:\/\/teammutantecuador.com\/?product=testenat-depot-enantato-de-testosterona-250mg-10ml-landerlan-gold\"]}]},{\"@type\":\"ImageObject\",\"inLanguage\":\"es\",\"@id\":\"https:\/\/teammutantecuador.com\/?product=testenat-depot-enantato-de-testosterona-250mg-10ml-landerlan-gold#primaryimage\",\"url\":\"https:\/\/teammutantecuador.com\/wp-content\/uploads\/2026\/01\/Primobolan-100-Mg-Mutant-Pharma-9.jpg\",\"contentUrl\":\"https:\/\/teammutantecuador.com\/wp-content\/uploads\/2026\/01\/Primobolan-100-Mg-Mutant-Pharma-9.jpg\",\"width\":800,\"height\":800,\"caption\":\"Testenat Depot Enantato De Testosterona 250mg 10ml Landerlan Gold\"},{\"@type\":\"BreadcrumbList\",\"@id\":\"https:\/\/teammutantecuador.com\/?product=testenat-depot-enantato-de-testosterona-250mg-10ml-landerlan-gold#breadcrumb\",\"itemListElement\":[{\"@type\":\"ListItem\",\"position\":1,\"name\":\"Portada\",\"item\":\"https:\/\/teammutantecuador.com\/\"},{\"@type\":\"ListItem\",\"position\":2,\"name\":\"Shop\",\"item\":\"https:\/\/teammutantecuador.com\/?page_id=6\"},{\"@type\":\"ListItem\",\"position\":3,\"name\":\"Testenat Depot Enantato De Testosterona 250mg 10ml Landerlan Gold\"}]},{\"@type\":\"WebSite\",\"@id\":\"https:\/\/teammutantecuador.com\/#website\",\"url\":\"https:\/\/teammutantecuador.com\/\",\"name\":\"Team Mutan Ecuador\",\"description\":\"Just another WordPress site\",\"publisher\":{\"@id\":\"https:\/\/teammutantecuador.com\/#organization\"},\"potentialAction\":[{\"@type\":\"SearchAction\",\"target\":{\"@type\":\"EntryPoint\",\"urlTemplate\":\"https:\/\/teammutantecuador.com\/?s={search_term_string}\"},\"query-input\":{\"@type\":\"PropertyValueSpecification\",\"valueRequired\":true,\"valueName\":\"search_term_string\"}}],\"inLanguage\":\"es\"},{\"@type\":\"Organization\",\"@id\":\"https:\/\/teammutantecuador.com\/#organization\",\"name\":\"Team Mutan Ecuador\",\"url\":\"https:\/\/teammutantecuador.com\/\",\"logo\":{\"@type\":\"ImageObject\",\"inLanguage\":\"es\",\"@id\":\"https:\/\/teammutantecuador.com\/#\/schema\/logo\/image\/\",\"url\":\"https:\/\/teammutantecuador.com\/wp-content\/uploads\/2026\/01\/Diseno-sin-titulo-97.png\",\"contentUrl\":\"https:\/\/teammutantecuador.com\/wp-content\/uploads\/2026\/01\/Diseno-sin-titulo-97.png\",\"width\":500,\"height\":300,\"caption\":\"Team Mutan Ecuador\"},\"image\":{\"@id\":\"https:\/\/teammutantecuador.com\/#\/schema\/logo\/image\/\"}}]}<\/script>\n<!-- \/ Yoast SEO plugin. -->","yoast_head_json":{"title":"Testenat Depot Enantato De Testosterona 250mg 10ml Landerlan Gold - Team Mutan Ecuador","description":"Testenat Depot Enantato de testosterona 250mg 10ml Landerlan Gold","robots":{"index":"index","follow":"follow","max-snippet":"max-snippet:-1","max-image-preview":"max-image-preview:large","max-video-preview":"max-video-preview:-1"},"canonical":"https:\/\/teammutantecuador.com\/?product=testenat-depot-enantato-de-testosterona-250mg-10ml-landerlan-gold","og_locale":"es_ES","og_type":"article","og_title":"Testenat Depot Enantato De Testosterona 250mg 10ml Landerlan Gold - Team Mutan Ecuador","og_description":"Testenat Depot Enantato de testosterona 250mg 10ml Landerlan Gold","og_url":"https:\/\/teammutantecuador.com\/?product=testenat-depot-enantato-de-testosterona-250mg-10ml-landerlan-gold","og_site_name":"Team Mutan Ecuador","article_modified_time":"2026-04-25T12:55:05+00:00","og_image":[{"width":800,"height":800,"url":"https:\/\/teammutantecuador.com\/wp-content\/uploads\/2026\/01\/Primobolan-100-Mg-Mutant-Pharma-9.jpg","type":"image\/jpeg"}],"twitter_card":"summary_large_image","twitter_misc":{"Tiempo de lectura":"2 minutos"},"schema":{"@context":"https:\/\/schema.org","@graph":[{"@type":"WebPage","@id":"https:\/\/teammutantecuador.com\/?product=testenat-depot-enantato-de-testosterona-250mg-10ml-landerlan-gold","url":"https:\/\/teammutantecuador.com\/?product=testenat-depot-enantato-de-testosterona-250mg-10ml-landerlan-gold","name":"Testenat Depot Enantato De Testosterona 250mg 10ml Landerlan Gold - Team Mutan Ecuador","isPartOf":{"@id":"https:\/\/teammutantecuador.com\/#website"},"primaryImageOfPage":{"@id":"https:\/\/teammutantecuador.com\/?product=testenat-depot-enantato-de-testosterona-250mg-10ml-landerlan-gold#primaryimage"},"image":{"@id":"https:\/\/teammutantecuador.com\/?product=testenat-depot-enantato-de-testosterona-250mg-10ml-landerlan-gold#primaryimage"},"thumbnailUrl":"https:\/\/teammutantecuador.com\/wp-content\/uploads\/2026\/01\/Primobolan-100-Mg-Mutant-Pharma-9.jpg","datePublished":"2026-01-17T16:04:40+00:00","dateModified":"2026-04-25T12:55:05+00:00","description":"Testenat Depot Enantato de testosterona 250mg 10ml Landerlan Gold","breadcrumb":{"@id":"https:\/\/teammutantecuador.com\/?product=testenat-depot-enantato-de-testosterona-250mg-10ml-landerlan-gold#breadcrumb"},"inLanguage":"es","potentialAction":[{"@type":"ReadAction","target":["https:\/\/teammutantecuador.com\/?product=testenat-depot-enantato-de-testosterona-250mg-10ml-landerlan-gold"]}]},{"@type":"ImageObject","inLanguage":"es","@id":"https:\/\/teammutantecuador.com\/?product=testenat-depot-enantato-de-testosterona-250mg-10ml-landerlan-gold#primaryimage","url":"https:\/\/teammutantecuador.com\/wp-content\/uploads\/2026\/01\/Primobolan-100-Mg-Mutant-Pharma-9.jpg","contentUrl":"https:\/\/teammutantecuador.com\/wp-content\/uploads\/2026\/01\/Primobolan-100-Mg-Mutant-Pharma-9.jpg","width":800,"height":800,"caption":"Testenat Depot Enantato De Testosterona 250mg 10ml Landerlan Gold"},{"@type":"BreadcrumbList","@id":"https:\/\/teammutantecuador.com\/?product=testenat-depot-enantato-de-testosterona-250mg-10ml-landerlan-gold#breadcrumb","itemListElement":[{"@type":"ListItem","position":1,"name":"Portada","item":"https:\/\/teammutantecuador.com\/"},{"@type":"ListItem","position":2,"name":"Shop","item":"https:\/\/teammutantecuador.com\/?page_id=6"},{"@type":"ListItem","position":3,"name":"Testenat Depot Enantato De Testosterona 250mg 10ml Landerlan Gold"}]},{"@type":"WebSite","@id":"https:\/\/teammutantecuador.com\/#website","url":"https:\/\/teammutantecuador.com\/","name":"Team Mutan Ecuador","description":"Just another WordPress site","publisher":{"@id":"https:\/\/teammutantecuador.com\/#organization"},"potentialAction":[{"@type":"SearchAction","target":{"@type":"EntryPoint","urlTemplate":"https:\/\/teammutantecuador.com\/?s={search_term_string}"},"query-input":{"@type":"PropertyValueSpecification","valueRequired":true,"valueName":"search_term_string"}}],"inLanguage":"es"},{"@type":"Organization","@id":"https:\/\/teammutantecuador.com\/#organization","name":"Team Mutan Ecuador","url":"https:\/\/teammutantecuador.com\/","logo":{"@type":"ImageObject","inLanguage":"es","@id":"https:\/\/teammutantecuador.com\/#\/schema\/logo\/image\/","url":"https:\/\/teammutantecuador.com\/wp-content\/uploads\/2026\/01\/Diseno-sin-titulo-97.png","contentUrl":"https:\/\/teammutantecuador.com\/wp-content\/uploads\/2026\/01\/Diseno-sin-titulo-97.png","width":500,"height":300,"caption":"Team Mutan Ecuador"},"image":{"@id":"https:\/\/teammutantecuador.com\/#\/schema\/logo\/image\/"}}]}},"_links":{"self":[{"href":"https:\/\/teammutantecuador.com\/index.php?rest_route=\/wp\/v2\/product\/1673","targetHints":{"allow":["GET"]}}],"collection":[{"href":"https:\/\/teammutantecuador.com\/index.php?rest_route=\/wp\/v2\/product"}],"about":[{"href":"https:\/\/teammutantecuador.com\/index.php?rest_route=\/wp\/v2\/types\/product"}],"replies":[{"embeddable":true,"href":"https:\/\/teammutantecuador.com\/index.php?rest_route=%2Fwp%2Fv2%2Fcomments&post=1673"}],"wp:featuredmedia":[{"embeddable":true,"href":"https:\/\/teammutantecuador.com\/index.php?rest_route=\/wp\/v2\/media\/1804"}],"wp:attachment":[{"href":"https:\/\/teammutantecuador.com\/index.php?rest_route=%2Fwp%2Fv2%2Fmedia&parent=1673"}],"wp:term":[{"taxonomy":"product_brand","embeddable":true,"href":"https:\/\/teammutantecuador.com\/index.php?rest_route=%2Fwp%2Fv2%2Fproduct_brand&post=1673"},{"taxonomy":"product_cat","embeddable":true,"href":"https:\/\/teammutantecuador.com\/index.php?rest_route=%2Fwp%2Fv2%2Fproduct_cat&post=1673"},{"taxonomy":"product_tag","embeddable":true,"href":"https:\/\/teammutantecuador.com\/index.php?rest_route=%2Fwp%2Fv2%2Fproduct_tag&post=1673"}],"curies":[{"name":"wp","href":"https:\/\/api.w.org\/{rel}","templated":true}]}}