{"id":1666,"date":"2026-01-17T16:04:40","date_gmt":"2026-01-17T16:04:40","guid":{"rendered":"https:\/\/teammutantecuador.com\/?post_type=product&#038;p=1666"},"modified":"2026-04-28T23:23:48","modified_gmt":"2026-04-28T23:23:48","slug":"anavar-oxandrolona-wescott-100-tabletas","status":"publish","type":"product","link":"https:\/\/teammutantecuador.com\/?product=anavar-oxandrolona-wescott-100-tabletas","title":{"rendered":"Anavar oxandrolona Wescott 100 tabletas"},"content":{"rendered":"<p dir=\"ltr\"><strong>Anavar<\/strong> 10 mg <strong>Wescott Pharma<\/strong> u <strong>Oxandrolona<\/strong>\u00a0es conocido\u00a0como un buen agente para la promoci\u00f3n de fuerza y ganancia de masa muscular de calidad.<\/p>\n<p dir=\"ltr\">Entre los fisicoculturistas el <strong>Anavar<\/strong> es\u00a0normalmente m\u00e1s usado durante las fases del\u00a0entrenamiento de secado, rayado y definici\u00f3n, cuando la retenci\u00f3n de agua es una preocupaci\u00f3n.<\/p>\n<h2 dir=\"ltr\"><\/h2>\n<h3 dir=\"ltr\">CARACTER\u00cdSTICAS DEL ANAVAR 10 MG<\/h3>\n<p dir=\"ltr\">La dosificaci\u00f3n normal para los hombres est\u00e1 en el rango de 15\u201325 mg por d\u00eda, un nivel que debe producir resultados notables.<\/p>\n<p dir=\"ltr\">Las mujeres toleran una dosificaci\u00f3n diaria de 5 mg, ello debe mostrar un\u00a0crecimiento muscular considerable sin los notables efectos colaterales androg\u00e9nicos de otras drogas.<\/p>\n<p dir=\"ltr\">Las f\u00e9minas \u00e1vidas pueden agregar anab\u00f3licos suaves como el\u00a0Winstrol,\u00a0Primobolan\u00a0o\u00a0Deca-Durabol\u00edn.<\/p>\n<p dir=\"ltr\">Puede combinarse con anab\u00f3licos como el Primobolan y el\u00a0Winstrol para obtener una apariencia m\u00e1s dura, m\u00e1s definida y sin la retenci\u00f3n de agua adicional.<\/p>\n<p dir=\"ltr\">Algunos atletas escogen incorporar la Oxandrolona (Anavar) en sus ciclos de gran aumento de masa, pero usualmente en conjunci\u00f3n con las drogas est\u00e1ndar de aumento de masa como la\u00a0Testosterona\u00a0y\/o el\u00a0Dianabol.<\/p>\n<h3 dir=\"ltr\">PRESENTACI\u00d3N<\/h3>\n<p dir=\"ltr\"><b>Tarro de 100 tabletas X 10 mg c\/u.<\/b><\/p>\n","protected":false},"excerpt":{"rendered":"<p dir=\"ltr\">Anavar 10 mg Wescott Pharma u Oxandrolona\u00a0es conocido\u00a0como un buen agente para la promoci\u00f3n de fuerza y ganancia de masa muscular de calidad.<\/p>\n<p dir=\"ltr\">Entre los fisicoculturistas el Anavar es\u00a0normalmente m\u00e1s usado durante las fases del\u00a0entrenamiento de secado, rayado y definici\u00f3n, cuando la retenci\u00f3n de agua es una preocupaci\u00f3n.<\/p>\n<h2 dir=\"ltr\"><\/h2>\n","protected":false},"featured_media":1760,"comment_status":"open","ping_status":"closed","template":"","meta":[],"product_brand":[275],"product_cat":[392],"product_tag":[185,142,274],"class_list":{"0":"post-1666","1":"product","2":"type-product","3":"status-publish","4":"has-post-thumbnail","6":"product_brand-wescott","7":"product_cat-anabolicos","8":"product_tag-anavar","9":"product_tag-oxandrolona","10":"product_tag-wescott","12":"first","13":"instock","14":"sale","15":"shipping-taxable","16":"purchasable","17":"product-type-simple"},"yoast_head":"<!-- This site is optimized with the Yoast SEO plugin v26.8 - https:\/\/yoast.com\/product\/yoast-seo-wordpress\/ -->\n<title>Anavar oxandrolona Wescott 100 tabletas - Team Mutan Ecuador<\/title>\n<meta name=\"description\" content=\"Anavar 10 mg Wescott Pharma u Oxandrolona\u00a0es conocido\u00a0como un buen agente para la promoci\u00f3n de fuerza y ganancia de masa muscular de calidad.\" \/>\n<meta name=\"robots\" content=\"index, follow, max-snippet:-1, max-image-preview:large, max-video-preview:-1\" \/>\n<link rel=\"canonical\" href=\"https:\/\/teammutantecuador.com\/?product=anavar-oxandrolona-wescott-100-tabletas\" \/>\n<meta property=\"og:locale\" content=\"es_ES\" \/>\n<meta property=\"og:type\" content=\"article\" \/>\n<meta property=\"og:title\" content=\"Anavar oxandrolona Wescott 100 tabletas - Team Mutan Ecuador\" \/>\n<meta property=\"og:description\" content=\"Anavar 10 mg Wescott Pharma u Oxandrolona\u00a0es conocido\u00a0como un buen agente para la promoci\u00f3n de fuerza y ganancia de masa muscular de calidad.\" \/>\n<meta property=\"og:url\" content=\"https:\/\/teammutantecuador.com\/?product=anavar-oxandrolona-wescott-100-tabletas\" \/>\n<meta property=\"og:site_name\" content=\"Team Mutan Ecuador\" \/>\n<meta property=\"article:modified_time\" content=\"2026-04-28T23:23:48+00:00\" \/>\n<meta property=\"og:image\" content=\"https:\/\/teammutantecuador.com\/wp-content\/uploads\/2026\/01\/Diseno-sin-titulo-2026-01-16T234015.563.jpg\" \/>\n\t<meta property=\"og:image:width\" content=\"800\" \/>\n\t<meta property=\"og:image:height\" content=\"800\" \/>\n\t<meta property=\"og:image:type\" content=\"image\/jpeg\" \/>\n<meta name=\"twitter:card\" content=\"summary_large_image\" \/>\n<meta name=\"twitter:label1\" content=\"Tiempo de lectura\" \/>\n\t<meta name=\"twitter:data1\" content=\"1 minuto\" \/>\n<script type=\"application\/ld+json\" class=\"yoast-schema-graph\">{\"@context\":\"https:\/\/schema.org\",\"@graph\":[{\"@type\":\"WebPage\",\"@id\":\"https:\/\/teammutantecuador.com\/?product=anavar-oxandrolona-wescott-100-tabletas\",\"url\":\"https:\/\/teammutantecuador.com\/?product=anavar-oxandrolona-wescott-100-tabletas\",\"name\":\"Anavar oxandrolona Wescott 100 tabletas - Team Mutan Ecuador\",\"isPartOf\":{\"@id\":\"https:\/\/teammutantecuador.com\/#website\"},\"primaryImageOfPage\":{\"@id\":\"https:\/\/teammutantecuador.com\/?product=anavar-oxandrolona-wescott-100-tabletas#primaryimage\"},\"image\":{\"@id\":\"https:\/\/teammutantecuador.com\/?product=anavar-oxandrolona-wescott-100-tabletas#primaryimage\"},\"thumbnailUrl\":\"https:\/\/teammutantecuador.com\/wp-content\/uploads\/2026\/01\/Diseno-sin-titulo-2026-01-16T234015.563.jpg\",\"datePublished\":\"2026-01-17T16:04:40+00:00\",\"dateModified\":\"2026-04-28T23:23:48+00:00\",\"description\":\"Anavar 10 mg Wescott Pharma u Oxandrolona\u00a0es conocido\u00a0como un buen agente para la promoci\u00f3n de fuerza y ganancia de masa muscular de calidad.\",\"breadcrumb\":{\"@id\":\"https:\/\/teammutantecuador.com\/?product=anavar-oxandrolona-wescott-100-tabletas#breadcrumb\"},\"inLanguage\":\"es\",\"potentialAction\":[{\"@type\":\"ReadAction\",\"target\":[\"https:\/\/teammutantecuador.com\/?product=anavar-oxandrolona-wescott-100-tabletas\"]}]},{\"@type\":\"ImageObject\",\"inLanguage\":\"es\",\"@id\":\"https:\/\/teammutantecuador.com\/?product=anavar-oxandrolona-wescott-100-tabletas#primaryimage\",\"url\":\"https:\/\/teammutantecuador.com\/wp-content\/uploads\/2026\/01\/Diseno-sin-titulo-2026-01-16T234015.563.jpg\",\"contentUrl\":\"https:\/\/teammutantecuador.com\/wp-content\/uploads\/2026\/01\/Diseno-sin-titulo-2026-01-16T234015.563.jpg\",\"width\":800,\"height\":800,\"caption\":\"anavar wescott\"},{\"@type\":\"BreadcrumbList\",\"@id\":\"https:\/\/teammutantecuador.com\/?product=anavar-oxandrolona-wescott-100-tabletas#breadcrumb\",\"itemListElement\":[{\"@type\":\"ListItem\",\"position\":1,\"name\":\"Portada\",\"item\":\"https:\/\/teammutantecuador.com\/\"},{\"@type\":\"ListItem\",\"position\":2,\"name\":\"Shop\",\"item\":\"https:\/\/teammutantecuador.com\/?page_id=6\"},{\"@type\":\"ListItem\",\"position\":3,\"name\":\"Anavar oxandrolona Wescott 100 tabletas\"}]},{\"@type\":\"WebSite\",\"@id\":\"https:\/\/teammutantecuador.com\/#website\",\"url\":\"https:\/\/teammutantecuador.com\/\",\"name\":\"Team Mutan Ecuador\",\"description\":\"Just another WordPress site\",\"publisher\":{\"@id\":\"https:\/\/teammutantecuador.com\/#organization\"},\"potentialAction\":[{\"@type\":\"SearchAction\",\"target\":{\"@type\":\"EntryPoint\",\"urlTemplate\":\"https:\/\/teammutantecuador.com\/?s={search_term_string}\"},\"query-input\":{\"@type\":\"PropertyValueSpecification\",\"valueRequired\":true,\"valueName\":\"search_term_string\"}}],\"inLanguage\":\"es\"},{\"@type\":\"Organization\",\"@id\":\"https:\/\/teammutantecuador.com\/#organization\",\"name\":\"Team Mutan Ecuador\",\"url\":\"https:\/\/teammutantecuador.com\/\",\"logo\":{\"@type\":\"ImageObject\",\"inLanguage\":\"es\",\"@id\":\"https:\/\/teammutantecuador.com\/#\/schema\/logo\/image\/\",\"url\":\"https:\/\/teammutantecuador.com\/wp-content\/uploads\/2026\/01\/Diseno-sin-titulo-97.png\",\"contentUrl\":\"https:\/\/teammutantecuador.com\/wp-content\/uploads\/2026\/01\/Diseno-sin-titulo-97.png\",\"width\":500,\"height\":300,\"caption\":\"Team Mutan Ecuador\"},\"image\":{\"@id\":\"https:\/\/teammutantecuador.com\/#\/schema\/logo\/image\/\"}}]}<\/script>\n<!-- \/ Yoast SEO plugin. -->","yoast_head_json":{"title":"Anavar oxandrolona Wescott 100 tabletas - Team Mutan Ecuador","description":"Anavar 10 mg Wescott Pharma u Oxandrolona\u00a0es conocido\u00a0como un buen agente para la promoci\u00f3n de fuerza y ganancia de masa muscular de calidad.","robots":{"index":"index","follow":"follow","max-snippet":"max-snippet:-1","max-image-preview":"max-image-preview:large","max-video-preview":"max-video-preview:-1"},"canonical":"https:\/\/teammutantecuador.com\/?product=anavar-oxandrolona-wescott-100-tabletas","og_locale":"es_ES","og_type":"article","og_title":"Anavar oxandrolona Wescott 100 tabletas - Team Mutan Ecuador","og_description":"Anavar 10 mg Wescott Pharma u Oxandrolona\u00a0es conocido\u00a0como un buen agente para la promoci\u00f3n de fuerza y ganancia de masa muscular de calidad.","og_url":"https:\/\/teammutantecuador.com\/?product=anavar-oxandrolona-wescott-100-tabletas","og_site_name":"Team Mutan Ecuador","article_modified_time":"2026-04-28T23:23:48+00:00","og_image":[{"width":800,"height":800,"url":"https:\/\/teammutantecuador.com\/wp-content\/uploads\/2026\/01\/Diseno-sin-titulo-2026-01-16T234015.563.jpg","type":"image\/jpeg"}],"twitter_card":"summary_large_image","twitter_misc":{"Tiempo de lectura":"1 minuto"},"schema":{"@context":"https:\/\/schema.org","@graph":[{"@type":"WebPage","@id":"https:\/\/teammutantecuador.com\/?product=anavar-oxandrolona-wescott-100-tabletas","url":"https:\/\/teammutantecuador.com\/?product=anavar-oxandrolona-wescott-100-tabletas","name":"Anavar oxandrolona Wescott 100 tabletas - Team Mutan Ecuador","isPartOf":{"@id":"https:\/\/teammutantecuador.com\/#website"},"primaryImageOfPage":{"@id":"https:\/\/teammutantecuador.com\/?product=anavar-oxandrolona-wescott-100-tabletas#primaryimage"},"image":{"@id":"https:\/\/teammutantecuador.com\/?product=anavar-oxandrolona-wescott-100-tabletas#primaryimage"},"thumbnailUrl":"https:\/\/teammutantecuador.com\/wp-content\/uploads\/2026\/01\/Diseno-sin-titulo-2026-01-16T234015.563.jpg","datePublished":"2026-01-17T16:04:40+00:00","dateModified":"2026-04-28T23:23:48+00:00","description":"Anavar 10 mg Wescott Pharma u Oxandrolona\u00a0es conocido\u00a0como un buen agente para la promoci\u00f3n de fuerza y ganancia de masa muscular de calidad.","breadcrumb":{"@id":"https:\/\/teammutantecuador.com\/?product=anavar-oxandrolona-wescott-100-tabletas#breadcrumb"},"inLanguage":"es","potentialAction":[{"@type":"ReadAction","target":["https:\/\/teammutantecuador.com\/?product=anavar-oxandrolona-wescott-100-tabletas"]}]},{"@type":"ImageObject","inLanguage":"es","@id":"https:\/\/teammutantecuador.com\/?product=anavar-oxandrolona-wescott-100-tabletas#primaryimage","url":"https:\/\/teammutantecuador.com\/wp-content\/uploads\/2026\/01\/Diseno-sin-titulo-2026-01-16T234015.563.jpg","contentUrl":"https:\/\/teammutantecuador.com\/wp-content\/uploads\/2026\/01\/Diseno-sin-titulo-2026-01-16T234015.563.jpg","width":800,"height":800,"caption":"anavar wescott"},{"@type":"BreadcrumbList","@id":"https:\/\/teammutantecuador.com\/?product=anavar-oxandrolona-wescott-100-tabletas#breadcrumb","itemListElement":[{"@type":"ListItem","position":1,"name":"Portada","item":"https:\/\/teammutantecuador.com\/"},{"@type":"ListItem","position":2,"name":"Shop","item":"https:\/\/teammutantecuador.com\/?page_id=6"},{"@type":"ListItem","position":3,"name":"Anavar oxandrolona Wescott 100 tabletas"}]},{"@type":"WebSite","@id":"https:\/\/teammutantecuador.com\/#website","url":"https:\/\/teammutantecuador.com\/","name":"Team Mutan Ecuador","description":"Just another WordPress site","publisher":{"@id":"https:\/\/teammutantecuador.com\/#organization"},"potentialAction":[{"@type":"SearchAction","target":{"@type":"EntryPoint","urlTemplate":"https:\/\/teammutantecuador.com\/?s={search_term_string}"},"query-input":{"@type":"PropertyValueSpecification","valueRequired":true,"valueName":"search_term_string"}}],"inLanguage":"es"},{"@type":"Organization","@id":"https:\/\/teammutantecuador.com\/#organization","name":"Team Mutan Ecuador","url":"https:\/\/teammutantecuador.com\/","logo":{"@type":"ImageObject","inLanguage":"es","@id":"https:\/\/teammutantecuador.com\/#\/schema\/logo\/image\/","url":"https:\/\/teammutantecuador.com\/wp-content\/uploads\/2026\/01\/Diseno-sin-titulo-97.png","contentUrl":"https:\/\/teammutantecuador.com\/wp-content\/uploads\/2026\/01\/Diseno-sin-titulo-97.png","width":500,"height":300,"caption":"Team Mutan Ecuador"},"image":{"@id":"https:\/\/teammutantecuador.com\/#\/schema\/logo\/image\/"}}]}},"_links":{"self":[{"href":"https:\/\/teammutantecuador.com\/index.php?rest_route=\/wp\/v2\/product\/1666","targetHints":{"allow":["GET"]}}],"collection":[{"href":"https:\/\/teammutantecuador.com\/index.php?rest_route=\/wp\/v2\/product"}],"about":[{"href":"https:\/\/teammutantecuador.com\/index.php?rest_route=\/wp\/v2\/types\/product"}],"replies":[{"embeddable":true,"href":"https:\/\/teammutantecuador.com\/index.php?rest_route=%2Fwp%2Fv2%2Fcomments&post=1666"}],"wp:featuredmedia":[{"embeddable":true,"href":"https:\/\/teammutantecuador.com\/index.php?rest_route=\/wp\/v2\/media\/1760"}],"wp:attachment":[{"href":"https:\/\/teammutantecuador.com\/index.php?rest_route=%2Fwp%2Fv2%2Fmedia&parent=1666"}],"wp:term":[{"taxonomy":"product_brand","embeddable":true,"href":"https:\/\/teammutantecuador.com\/index.php?rest_route=%2Fwp%2Fv2%2Fproduct_brand&post=1666"},{"taxonomy":"product_cat","embeddable":true,"href":"https:\/\/teammutantecuador.com\/index.php?rest_route=%2Fwp%2Fv2%2Fproduct_cat&post=1666"},{"taxonomy":"product_tag","embeddable":true,"href":"https:\/\/teammutantecuador.com\/index.php?rest_route=%2Fwp%2Fv2%2Fproduct_tag&post=1666"}],"curies":[{"name":"wp","href":"https:\/\/api.w.org\/{rel}","templated":true}]}}