{"id":1649,"date":"2026-01-17T16:04:35","date_gmt":"2026-01-17T16:04:35","guid":{"rendered":"https:\/\/teammutantecuador.com\/?post_type=product&#038;p=1649"},"modified":"2026-01-21T11:04:18","modified_gmt":"2026-01-21T11:04:18","slug":"primobolan-metenolona-enantato-100mg-10ml-landerlan","status":"publish","type":"product","link":"https:\/\/teammutantecuador.com\/?product=primobolan-metenolona-enantato-100mg-10ml-landerlan","title":{"rendered":"Primobolan Metenolona Enantato 100mg 10ml Landerlan"},"content":{"rendered":"<h1 id=\"1-qu-es-primobolan-depot-y-para-qu-se-utiliza\">1.\u00a0Qu\u00e9 es Primobolan Depot y para qu\u00e9 se utiliza<\/h1>\n<section>\n<div>\n<p>El principio activo de Primobolan Depot, metenolona enantato, es un esteroide anab\u00f3lico para inyecci\u00f3n intramuscular, indicado para enfermedades y estados que requieran un aumento de la producci\u00f3n de prote\u00ednas para mejorar el estado general del paciente o para evitar da\u00f1os resultantes de procesos catab\u00f3licos (degradaci\u00f3n de grasas, gl\u00facidos y prote\u00ednas), tales como enfermedades consuntivas (enfermedades cr\u00f3nicas y degenerativas), caquexia (desnutrici\u00f3n extrema), carcinoma avanzado de mama u \u00f3rganos genitales en la mujer.<\/p>\n<\/div>\n<\/section>\n<h1 id=\"2-qu-necesita-saber-antes-de-empezar-a-usar-primobolan-depot\">2.\u00a0Qu\u00e9 necesita saber antes de empezar a usar Primobolan Depot<\/h1>\n<section>\n<div>\n<p><strong>\u00a0<\/strong><\/p>\n<p>Los esteroides anabolizantes no est\u00e1n indicados para potenciar el desarrollo muscular en individuos sanos, ni para aumentar la capacidad f\u00edsica.<\/p>\n<p>&nbsp;<\/p>\n<p>&nbsp;<\/p>\n<p><strong>No use Primobolan Depot<\/strong><\/p>\n<ul type=\"disc\">\n<li>Si es al\u00e9rgico a metenolona enantato o a alguno de los dem\u00e1s componentes de este medicamento (incluidos en la secci\u00f3n 6).<\/li>\n<li>Si est\u00e1 embarazada o sospecha que pueda estarlo.<\/li>\n<li>Si presenta carcinoma de pr\u00f3stata.<\/li>\n<li>Si presenta tumores hep\u00e1ticos o los ha sufrido anteriormente.<\/li>\n<li>Si presenta sensibilidad marcada a los est\u00edmulos androg\u00e9nicos o a los esteroides anabolizantes.<\/li>\n<li>Si tiene insuficiencia hep\u00e1tica o renal grave.<\/li>\n<li>En caso de carcinoma de mama en el hombre.<\/li>\n<\/ul>\n<p><strong>\u00a0<\/strong><\/p>\n<p><strong>Advertencias y precauciones<\/strong><\/p>\n<p>Consulte a su m\u00e9dico o farmac\u00e9utico antes de empezar a usar Primobolan Depot.<\/p>\n<p>Primobolan Depot debe ser administrado exclusivamente por v\u00eda intramuscular. La inyecci\u00f3n intravascular podr\u00eda provocar que el paciente desarrollara s\u00edntomas de shock. Se recomienda subir el \u00e9mbolo de la jeringa antes de inyectar el preparado, para asegurarse que la aguja no ha penetrado en un vaso.<\/p>\n<p><strong>\u00a0<\/strong><\/p>\n<p>Su m\u00e9dico deber\u00e1 tomar precauciones especiales y vigilarlo si usted tiene insuficiencia renal, insuficiencia hep\u00e1tica, insuficiencia cardiaca congestiva, insuficiencia coronaria, antecedentes de infarto de miocardio, hipertensi\u00f3n arterial, edema, epilepsia, migra\u00f1a, hipertrofia prost\u00e1tica benigna con obstrucci\u00f3n uretral.<\/p>\n<p>&nbsp;<\/p>\n<p>&#8211; Si tiene diabetes, se recomienda que tenga un mayor control de la glucosa sobre todo al principio del tratamiento<\/p>\n<p>&nbsp;<\/p>\n<p>&#8211; Si es mujer, tiene ciclos irregulares y se le administra este medicamento en los primeros d\u00edas del ciclo, en raras ocasiones se retrasa el inicio de la menstruaci\u00f3n.<\/p>\n<p>&nbsp;<\/p>\n<p>Se debe suspender el tratamiento si usted es mujer y tiene carcinoma avanzado de mama u \u00f3rganos genitales que desarrollen hipercalcemia bajo el tratamiento hormonal.<\/p>\n<p>&nbsp;<\/p>\n<p>Infrecuentemente, podr\u00eda tener episodios aislados de hemorragia intra-abdominal, con riesgo vital para usted, en el caso de tumores hep\u00e1ticos benignos y a\u00fan con menor frecuencia en el caso de tumores hep\u00e1ticos malignos, tras la administraci\u00f3n de sustancias hormonales como la contenida en Primobolan Depot. En caso de molestias intensas en la parte superior del abdomen, aumento de tama\u00f1o del h\u00edgado o signos de hemorragia intra-abdominal, su m\u00e9dico debe considerar la posibilidad de un tumor hep\u00e1tico como posible causa.<\/p>\n<p>&nbsp;<\/p>\n<p>Se\u00a0recomienda\u00a0realizar\u00a0de\u00a0forma\u00a0regular\u00a0pruebas\u00a0de\u00a0la\u00a0funci\u00f3n\u00a0hep\u00e1tica. Si su m\u00e9dico detectara un aumento considerable de los par\u00e1metros de funci\u00f3n hep\u00e1tica o en caso de la aparici\u00f3n de c\u00e1lculos biliares, deber\u00e1 suspender el tratamiento con Primobolan Depot.<\/p>\n<p>&nbsp;<\/p>\n<p>&#8211; Si usted es adolescente, antes de finalizar la pubertad, debe ser tratado de forma intermitente (v\u00e9ase \u201cC\u00f3mo usar Primobolan Depot\u201d) para evitar signos de virilizaci\u00f3n y de maduraci\u00f3n \u00f3sea precoz.<\/p>\n<p>&nbsp;<\/p>\n<p>No se debe utilizar Primobolan Depot en ni\u00f1os.<\/p>\n<p>&nbsp;<\/p>\n<p>Si usted es hombre, como precauci\u00f3n, le pueden realizar exploraciones prost\u00e1ticas.<\/p>\n<p>&nbsp;<\/p>\n<p>Antes de iniciar el tratamiento, debe se\u00f1alarse la posibilidad de aparici\u00f3n de cambios en la voz especialmente a mujeres que la utilizan profesionalmente (oradoras o cantantes).<\/p>\n<p>&nbsp;<\/p>\n<p>En caso de duda, consulte a su m\u00e9dico.<\/p>\n<p>&nbsp;<\/p>\n<p><strong>Uso en deportistas<\/strong><\/p>\n<p><strong>Este medicamento contiene metenolona enantato que puede producir un resultado positivo en las pruebas de control de dopaje.<\/strong><\/p>\n<p>&nbsp;<\/p>\n<p><strong>Otros medicamentos y Primobolan Depot<\/strong><\/p>\n<p>Informe a su m\u00e9dico o farmac\u00e9utico si est\u00e1 utilizando o ha utilizado recientemente otros medicamentos, incluso los adquiridos sin receta. Ciertos medicamentos pueden interaccionar con Primobolan Depot, en estos casos, su m\u00e9dico deber\u00e1 ajustar la dosis o interrumpir el tratamiento con alguno de los medicamentos.<\/p>\n<p>&nbsp;<\/p>\n<p>Esto es especialmente importante en el caso de tomar:<\/p>\n<ul type=\"disc\">\n<li>anticoagulantes orales<\/li>\n<li>hipoglucemiantes orales o insulina<\/li>\n<li>ciclosporina<\/li>\n<li>otros andr\u00f3genos<\/li>\n<\/ul>\n<p>&nbsp;<\/p>\n<p><strong>Pruebas de laboratorio<\/strong><\/p>\n<p>Este medicamento puede disminuir los niveles de la globulina fijadora de tiroxina.<\/p>\n<p>&nbsp;<\/p>\n<p><strong>Embarazo y lactancia<\/strong><\/p>\n<p><strong>\u00a0<\/strong><\/p>\n<p>Si est\u00e1 embarazada o en periodo de lactancia, cree que podr\u00eda estar embarazada o tiene intenci\u00f3n de quedarse embarazada, consulte a su m\u00e9dico o farmac\u00e9utico antes de utilizar este medicamento.<\/p>\n<p>&nbsp;<\/p>\n<p>La administraci\u00f3n de Primobolan Depot durante el embarazo est\u00e1 contraindicada. Si usted es mujer en edad f\u00e9rtil se recomienda que adopte medidas anticonceptivas eficaces durante todo el tratamiento y, eventualmente, alg\u00fan tiempo adicional despu\u00e9s del mismo.<\/p>\n<p><strong>\u00a0<\/strong><\/p>\n<p>Se recomienda suspender la lactancia materna o evitar la administraci\u00f3n de este medicamento.<\/p>\n<p>&nbsp;<\/p>\n<p><strong>Conducci\u00f3n y uso de m\u00e1quinas:<\/strong><\/p>\n<p>No procede.<\/p>\n<p>&nbsp;<\/p>\n<p><strong>Primobolan Depot contiene benzoato de bencilo<\/strong><\/p>\n<p>Este medicamento contiene 405,4 mg de benzoato de bencilo en cada ampolla de 1 ml equivalente a 405,4 mg\/ml.<\/p>\n<\/div>\n<\/section>\n<h1 id=\"3-c-mo-usar-primobolan-depot\">3.\u00a0C\u00f3mo usar Primobolan Depot<\/h1>\n<section>\n<div>\n<p>Siga exactamente las instrucciones de administraci\u00f3n de este medicamento indicadas por su m\u00e9dico.\u00a0 En caso de duda, consulte de nuevo a su m\u00e9dico.<\/p>\n<p>&nbsp;<\/p>\n<p>Su m\u00e9dico determinar\u00e1 la duraci\u00f3n de su tratamiento con Primobolan Depot. No suspenda el tratamiento antes ya que puede no alcanzarse el efecto terap\u00e9utico deseado.<\/p>\n<p>&nbsp;<\/p>\n<h2 data-toc-skip=\"\"><em>Adultos\u00a0<\/em><\/h2>\n<p>1 ampolla de Primobolan Depot v\u00eda intramuscular cada 2 semanas. Tras una buena respuesta inicial 1 ampolla cada 3-4 semanas.<\/p>\n<p>&nbsp;<\/p>\n<p>En mujeres muy delgadas y con un peso inferior al que le corresponde en relaci\u00f3n con su estado constitucional no debe sobrepasarse la dosis de media ampolla (50 mg) de Primobolan Depot intramuscular cada 2-3 semanas.<\/p>\n<p>&nbsp;<\/p>\n<p>Puede aumentarse la dosis inicial o acortar los intervalos entre inyecciones en caso de d\u00e9ficit proteico agudo o severo (caquexia grave o tras lesiones con p\u00e9rdida considerable de prote\u00ednas), de forma que se pueda obtener r\u00e1pidamente un efecto anab\u00f3lico intenso:<\/p>\n<p>&nbsp;<\/p>\n<p>2 ampollas de Primobolan Depot intramuscular inicialmente; despu\u00e9s, 1 ampolla de Primobolan Depot intramuscular semanalmente.<\/p>\n<p>&nbsp;<\/p>\n<p>Para el tratamiento de mantenimiento los intervalos deben ampliarse a 2-4 semanas.<\/p>\n<p>&nbsp;<\/p>\n<p>En el caso de situaciones en que el grado de caquexia sea extremo, como por ejemplo carcinoma avanzado de mama u \u00f3rganos genitales en la mujer, se puede realizar un tratamiento continuo con 1 ampolla de Primobolan Depot intramuscular. cada 1-2 semanas o 2 ampollas de Primobolan Depot intramuscular cada 2-3 semanas.<\/p>\n<p>&nbsp;<\/p>\n<p><em>Adolescentes con peso corporal superior a 50 kg (15-18 a\u00f1os)<\/em><\/p>\n<p>Media ampolla (50 mg) de Primobolan Depot intramuscular cada 2 semanas.<\/p>\n<p>&nbsp;<\/p>\n<p>En pacientes adolescentes que no hayan finalizado la pubertad, debe establecerse un periodo libre de tratamiento de 4-6 semanas despu\u00e9s de cada ciclo de tratamiento de 4 semanas.<\/p>\n<p>&nbsp;<\/p>\n<p><strong>Primobolan Depot debe ser inyectado por v\u00eda intramuscular. La soluci\u00f3n debe inyectarse muy lentamente.<\/strong><\/p>\n<p>&nbsp;<\/p>\n<p>Si estima que la acci\u00f3n de Primobolan Depot es demasiado fuerte o d\u00e9bil, comun\u00edqueselo a su m\u00e9dico o farmac\u00e9utico.<\/p>\n<p>&nbsp;<\/p>\n<p><strong>Si usa m\u00e1s Primobolan Depot del que debe<\/strong><\/p>\n<p>En caso de sobredosis o ingesti\u00f3n accidental consulte inmediatamente a su m\u00e9dico o farmac\u00e9utico o llame al Servicio de Informaci\u00f3n Toxicol\u00f3gica, tel\u00e9fono 91 562 04 20, indicando el medicamento y la cantidad ingerida.<\/p>\n<\/div>\n<\/section>\n<h1 id=\"4-posibles-efectos-adversos\">4.\u00a0Posibles efectos adversos<\/h1>\n<section>\n<div>\n<p>Al igual que todos los medicamentos, Primobolan Depot puede tener efectos adversos, aunque no todas las personas los sufran.<\/p>\n<p>&nbsp;<\/p>\n<p>Las reacciones adversas son m\u00e1s frecuentes con dosis altas y en tratamientos prolongados.<\/p>\n<p>&nbsp;<\/p>\n<p><strong>Efectos adversos poco frecuentes<\/strong><\/p>\n<p><em>(pueden afectar hasta 1 de cada 100 personas)<\/em><\/p>\n<p>&#8211; Edema.<\/p>\n<p>&#8211; Nauseas.<\/p>\n<p>&#8211; V\u00f3mitos.<\/p>\n<p>&#8211; Diarrea.<\/p>\n<p>&#8211; Excitaci\u00f3n e insomnio.<\/p>\n<p>&nbsp;<\/p>\n<p><strong>Efectos adversos raros<\/strong><\/p>\n<p><em>(pueden afectar hasta 1 de cada 1.000 personas)<\/em><\/p>\n<p>&#8211; Hipercolesterolemia (aumento de la cantidad de colesterol en sangre)<\/p>\n<p>&#8211; Hipercalcemia (aumento de la cantidad de calcio en sangre)<\/p>\n<p>&#8211; Leucopenia (disminuci\u00f3n del n\u00famero de leucocitos en sangre)<\/p>\n<p>&#8211; Ictericia (coloraci\u00f3n amarillenta de piel y mucosas)<\/p>\n<p>&#8211; En adolescentes puede producirse el cierre prematuro de las ep\u00edfisis y la detenci\u00f3n del crecimiento.<\/p>\n<p>&nbsp;<\/p>\n<p>En mujeres sensibles a est\u00edmulos androg\u00e9nicos, raramente pueden aparecer efectos indeseables como acn\u00e9, hirsutismo (aparici\u00f3n de vello en la mujer de forma exagerada) y cambios en la voz. Por tanto, se deber\u00e1 realizar una valoraci\u00f3n cuidadosa antes de decidir si el tratamiento con medicamentos anabolizantes est\u00e1 indicado en mujeres. Estos s\u00edntomas suelen desaparecer al suspender el tratamiento. Tras los primeros signos de cambios en la voz (fatigabilidad de la voz, afon\u00eda, disfon\u00eda) se recomienda la suspensi\u00f3n del tratamiento. En caso de que fuera necesario continuar con el tratamiento, es posible que los trastornos de la voz se hagan irreversibles.<\/p>\n<p>&nbsp;<\/p>\n<\/div>\n<\/section>\n","protected":false},"excerpt":{"rendered":"<p>El principio activo de Primobolan Depot, metenolona enantato, es un esteroide anab\u00f3lico para inyecci\u00f3n intramuscular, indicado para enfermedades y estados que requieran un aumento de la producci\u00f3n de prote\u00ednas para mejorar el estado general del paciente o para evitar da\u00f1os resultantes de procesos catab\u00f3licos (degradaci\u00f3n de grasas, gl\u00facidos y prote\u00ednas), tales como enfermedades consuntivas (enfermedades cr\u00f3nicas y degenerativas), caquexia (desnutrici\u00f3n extrema), carcinoma avanzado de mama u \u00f3rganos genitales en la mujer.<\/p>\n","protected":false},"featured_media":1794,"comment_status":"open","ping_status":"closed","template":"","meta":[],"product_brand":[251],"product_cat":[392],"product_tag":[249,217,261],"class_list":{"0":"post-1649","1":"product","2":"type-product","3":"status-publish","4":"has-post-thumbnail","6":"product_brand-landerlan","7":"product_cat-anabolicos","8":"product_tag-landerland","9":"product_tag-metenolona","10":"product_tag-primbbolan","12":"first","13":"instock","14":"sale","15":"shipping-taxable","16":"purchasable","17":"product-type-simple"},"yoast_head":"<!-- This site is optimized with the Yoast SEO plugin v26.8 - https:\/\/yoast.com\/product\/yoast-seo-wordpress\/ -->\n<title>Primobolan Metenolona Enantato 100mg 10ml Landerlan - Team Mutan Ecuador<\/title>\n<meta name=\"description\" content=\"El principio activo de Primobolan Depot, metenolona enantato, es un esteroide anab\u00f3lico para inyecci\u00f3n intramuscular\" \/>\n<meta name=\"robots\" content=\"index, follow, max-snippet:-1, max-image-preview:large, max-video-preview:-1\" \/>\n<link rel=\"canonical\" href=\"https:\/\/teammutantecuador.com\/?product=primobolan-metenolona-enantato-100mg-10ml-landerlan\" \/>\n<meta property=\"og:locale\" content=\"es_ES\" \/>\n<meta property=\"og:type\" content=\"article\" \/>\n<meta property=\"og:title\" content=\"Primobolan Metenolona Enantato 100mg 10ml Landerlan - Team Mutan Ecuador\" \/>\n<meta property=\"og:description\" content=\"El principio activo de Primobolan Depot, metenolona enantato, es un esteroide anab\u00f3lico para inyecci\u00f3n intramuscular\" \/>\n<meta property=\"og:url\" content=\"https:\/\/teammutantecuador.com\/?product=primobolan-metenolona-enantato-100mg-10ml-landerlan\" \/>\n<meta property=\"og:site_name\" content=\"Team Mutan Ecuador\" \/>\n<meta property=\"article:modified_time\" content=\"2026-01-21T11:04:18+00:00\" \/>\n<meta property=\"og:image\" content=\"https:\/\/teammutantecuador.com\/wp-content\/uploads\/2026\/01\/Primobolan-100-Mg-Mutant-Pharma-1.jpg\" \/>\n\t<meta property=\"og:image:width\" content=\"800\" \/>\n\t<meta property=\"og:image:height\" content=\"800\" \/>\n\t<meta property=\"og:image:type\" content=\"image\/jpeg\" \/>\n<meta name=\"twitter:card\" content=\"summary_large_image\" \/>\n<meta name=\"twitter:label1\" content=\"Tiempo de lectura\" \/>\n\t<meta name=\"twitter:data1\" content=\"7 minutos\" \/>\n<script type=\"application\/ld+json\" class=\"yoast-schema-graph\">{\"@context\":\"https:\/\/schema.org\",\"@graph\":[{\"@type\":\"WebPage\",\"@id\":\"https:\/\/teammutantecuador.com\/?product=primobolan-metenolona-enantato-100mg-10ml-landerlan\",\"url\":\"https:\/\/teammutantecuador.com\/?product=primobolan-metenolona-enantato-100mg-10ml-landerlan\",\"name\":\"Primobolan Metenolona Enantato 100mg 10ml Landerlan - Team Mutan Ecuador\",\"isPartOf\":{\"@id\":\"https:\/\/teammutantecuador.com\/#website\"},\"primaryImageOfPage\":{\"@id\":\"https:\/\/teammutantecuador.com\/?product=primobolan-metenolona-enantato-100mg-10ml-landerlan#primaryimage\"},\"image\":{\"@id\":\"https:\/\/teammutantecuador.com\/?product=primobolan-metenolona-enantato-100mg-10ml-landerlan#primaryimage\"},\"thumbnailUrl\":\"https:\/\/teammutantecuador.com\/wp-content\/uploads\/2026\/01\/Primobolan-100-Mg-Mutant-Pharma-1.jpg\",\"datePublished\":\"2026-01-17T16:04:35+00:00\",\"dateModified\":\"2026-01-21T11:04:18+00:00\",\"description\":\"El principio activo de Primobolan Depot, metenolona enantato, es un esteroide anab\u00f3lico para inyecci\u00f3n intramuscular\",\"breadcrumb\":{\"@id\":\"https:\/\/teammutantecuador.com\/?product=primobolan-metenolona-enantato-100mg-10ml-landerlan#breadcrumb\"},\"inLanguage\":\"es\",\"potentialAction\":[{\"@type\":\"ReadAction\",\"target\":[\"https:\/\/teammutantecuador.com\/?product=primobolan-metenolona-enantato-100mg-10ml-landerlan\"]}]},{\"@type\":\"ImageObject\",\"inLanguage\":\"es\",\"@id\":\"https:\/\/teammutantecuador.com\/?product=primobolan-metenolona-enantato-100mg-10ml-landerlan#primaryimage\",\"url\":\"https:\/\/teammutantecuador.com\/wp-content\/uploads\/2026\/01\/Primobolan-100-Mg-Mutant-Pharma-1.jpg\",\"contentUrl\":\"https:\/\/teammutantecuador.com\/wp-content\/uploads\/2026\/01\/Primobolan-100-Mg-Mutant-Pharma-1.jpg\",\"width\":800,\"height\":800,\"caption\":\"Primobolan Metenolona Enantato 100mg 10ml Landerlan\"},{\"@type\":\"BreadcrumbList\",\"@id\":\"https:\/\/teammutantecuador.com\/?product=primobolan-metenolona-enantato-100mg-10ml-landerlan#breadcrumb\",\"itemListElement\":[{\"@type\":\"ListItem\",\"position\":1,\"name\":\"Portada\",\"item\":\"https:\/\/teammutantecuador.com\/\"},{\"@type\":\"ListItem\",\"position\":2,\"name\":\"Shop\",\"item\":\"https:\/\/teammutantecuador.com\/?page_id=6\"},{\"@type\":\"ListItem\",\"position\":3,\"name\":\"Primobolan Metenolona Enantato 100mg 10ml Landerlan\"}]},{\"@type\":\"WebSite\",\"@id\":\"https:\/\/teammutantecuador.com\/#website\",\"url\":\"https:\/\/teammutantecuador.com\/\",\"name\":\"Team Mutan Ecuador\",\"description\":\"Just another WordPress site\",\"publisher\":{\"@id\":\"https:\/\/teammutantecuador.com\/#organization\"},\"potentialAction\":[{\"@type\":\"SearchAction\",\"target\":{\"@type\":\"EntryPoint\",\"urlTemplate\":\"https:\/\/teammutantecuador.com\/?s={search_term_string}\"},\"query-input\":{\"@type\":\"PropertyValueSpecification\",\"valueRequired\":true,\"valueName\":\"search_term_string\"}}],\"inLanguage\":\"es\"},{\"@type\":\"Organization\",\"@id\":\"https:\/\/teammutantecuador.com\/#organization\",\"name\":\"Team Mutan Ecuador\",\"url\":\"https:\/\/teammutantecuador.com\/\",\"logo\":{\"@type\":\"ImageObject\",\"inLanguage\":\"es\",\"@id\":\"https:\/\/teammutantecuador.com\/#\/schema\/logo\/image\/\",\"url\":\"https:\/\/teammutantecuador.com\/wp-content\/uploads\/2026\/01\/Diseno-sin-titulo-97.png\",\"contentUrl\":\"https:\/\/teammutantecuador.com\/wp-content\/uploads\/2026\/01\/Diseno-sin-titulo-97.png\",\"width\":500,\"height\":300,\"caption\":\"Team Mutan Ecuador\"},\"image\":{\"@id\":\"https:\/\/teammutantecuador.com\/#\/schema\/logo\/image\/\"}}]}<\/script>\n<!-- \/ Yoast SEO plugin. -->","yoast_head_json":{"title":"Primobolan Metenolona Enantato 100mg 10ml Landerlan - Team Mutan Ecuador","description":"El principio activo de Primobolan Depot, metenolona enantato, es un esteroide anab\u00f3lico para inyecci\u00f3n intramuscular","robots":{"index":"index","follow":"follow","max-snippet":"max-snippet:-1","max-image-preview":"max-image-preview:large","max-video-preview":"max-video-preview:-1"},"canonical":"https:\/\/teammutantecuador.com\/?product=primobolan-metenolona-enantato-100mg-10ml-landerlan","og_locale":"es_ES","og_type":"article","og_title":"Primobolan Metenolona Enantato 100mg 10ml Landerlan - Team Mutan Ecuador","og_description":"El principio activo de Primobolan Depot, metenolona enantato, es un esteroide anab\u00f3lico para inyecci\u00f3n intramuscular","og_url":"https:\/\/teammutantecuador.com\/?product=primobolan-metenolona-enantato-100mg-10ml-landerlan","og_site_name":"Team Mutan Ecuador","article_modified_time":"2026-01-21T11:04:18+00:00","og_image":[{"width":800,"height":800,"url":"https:\/\/teammutantecuador.com\/wp-content\/uploads\/2026\/01\/Primobolan-100-Mg-Mutant-Pharma-1.jpg","type":"image\/jpeg"}],"twitter_card":"summary_large_image","twitter_misc":{"Tiempo de lectura":"7 minutos"},"schema":{"@context":"https:\/\/schema.org","@graph":[{"@type":"WebPage","@id":"https:\/\/teammutantecuador.com\/?product=primobolan-metenolona-enantato-100mg-10ml-landerlan","url":"https:\/\/teammutantecuador.com\/?product=primobolan-metenolona-enantato-100mg-10ml-landerlan","name":"Primobolan Metenolona Enantato 100mg 10ml Landerlan - Team Mutan Ecuador","isPartOf":{"@id":"https:\/\/teammutantecuador.com\/#website"},"primaryImageOfPage":{"@id":"https:\/\/teammutantecuador.com\/?product=primobolan-metenolona-enantato-100mg-10ml-landerlan#primaryimage"},"image":{"@id":"https:\/\/teammutantecuador.com\/?product=primobolan-metenolona-enantato-100mg-10ml-landerlan#primaryimage"},"thumbnailUrl":"https:\/\/teammutantecuador.com\/wp-content\/uploads\/2026\/01\/Primobolan-100-Mg-Mutant-Pharma-1.jpg","datePublished":"2026-01-17T16:04:35+00:00","dateModified":"2026-01-21T11:04:18+00:00","description":"El principio activo de Primobolan Depot, metenolona enantato, es un esteroide anab\u00f3lico para inyecci\u00f3n intramuscular","breadcrumb":{"@id":"https:\/\/teammutantecuador.com\/?product=primobolan-metenolona-enantato-100mg-10ml-landerlan#breadcrumb"},"inLanguage":"es","potentialAction":[{"@type":"ReadAction","target":["https:\/\/teammutantecuador.com\/?product=primobolan-metenolona-enantato-100mg-10ml-landerlan"]}]},{"@type":"ImageObject","inLanguage":"es","@id":"https:\/\/teammutantecuador.com\/?product=primobolan-metenolona-enantato-100mg-10ml-landerlan#primaryimage","url":"https:\/\/teammutantecuador.com\/wp-content\/uploads\/2026\/01\/Primobolan-100-Mg-Mutant-Pharma-1.jpg","contentUrl":"https:\/\/teammutantecuador.com\/wp-content\/uploads\/2026\/01\/Primobolan-100-Mg-Mutant-Pharma-1.jpg","width":800,"height":800,"caption":"Primobolan Metenolona Enantato 100mg 10ml Landerlan"},{"@type":"BreadcrumbList","@id":"https:\/\/teammutantecuador.com\/?product=primobolan-metenolona-enantato-100mg-10ml-landerlan#breadcrumb","itemListElement":[{"@type":"ListItem","position":1,"name":"Portada","item":"https:\/\/teammutantecuador.com\/"},{"@type":"ListItem","position":2,"name":"Shop","item":"https:\/\/teammutantecuador.com\/?page_id=6"},{"@type":"ListItem","position":3,"name":"Primobolan Metenolona Enantato 100mg 10ml Landerlan"}]},{"@type":"WebSite","@id":"https:\/\/teammutantecuador.com\/#website","url":"https:\/\/teammutantecuador.com\/","name":"Team Mutan Ecuador","description":"Just another WordPress site","publisher":{"@id":"https:\/\/teammutantecuador.com\/#organization"},"potentialAction":[{"@type":"SearchAction","target":{"@type":"EntryPoint","urlTemplate":"https:\/\/teammutantecuador.com\/?s={search_term_string}"},"query-input":{"@type":"PropertyValueSpecification","valueRequired":true,"valueName":"search_term_string"}}],"inLanguage":"es"},{"@type":"Organization","@id":"https:\/\/teammutantecuador.com\/#organization","name":"Team Mutan Ecuador","url":"https:\/\/teammutantecuador.com\/","logo":{"@type":"ImageObject","inLanguage":"es","@id":"https:\/\/teammutantecuador.com\/#\/schema\/logo\/image\/","url":"https:\/\/teammutantecuador.com\/wp-content\/uploads\/2026\/01\/Diseno-sin-titulo-97.png","contentUrl":"https:\/\/teammutantecuador.com\/wp-content\/uploads\/2026\/01\/Diseno-sin-titulo-97.png","width":500,"height":300,"caption":"Team Mutan Ecuador"},"image":{"@id":"https:\/\/teammutantecuador.com\/#\/schema\/logo\/image\/"}}]}},"_links":{"self":[{"href":"https:\/\/teammutantecuador.com\/index.php?rest_route=\/wp\/v2\/product\/1649","targetHints":{"allow":["GET"]}}],"collection":[{"href":"https:\/\/teammutantecuador.com\/index.php?rest_route=\/wp\/v2\/product"}],"about":[{"href":"https:\/\/teammutantecuador.com\/index.php?rest_route=\/wp\/v2\/types\/product"}],"replies":[{"embeddable":true,"href":"https:\/\/teammutantecuador.com\/index.php?rest_route=%2Fwp%2Fv2%2Fcomments&post=1649"}],"wp:featuredmedia":[{"embeddable":true,"href":"https:\/\/teammutantecuador.com\/index.php?rest_route=\/wp\/v2\/media\/1794"}],"wp:attachment":[{"href":"https:\/\/teammutantecuador.com\/index.php?rest_route=%2Fwp%2Fv2%2Fmedia&parent=1649"}],"wp:term":[{"taxonomy":"product_brand","embeddable":true,"href":"https:\/\/teammutantecuador.com\/index.php?rest_route=%2Fwp%2Fv2%2Fproduct_brand&post=1649"},{"taxonomy":"product_cat","embeddable":true,"href":"https:\/\/teammutantecuador.com\/index.php?rest_route=%2Fwp%2Fv2%2Fproduct_cat&post=1649"},{"taxonomy":"product_tag","embeddable":true,"href":"https:\/\/teammutantecuador.com\/index.php?rest_route=%2Fwp%2Fv2%2Fproduct_tag&post=1649"}],"curies":[{"name":"wp","href":"https:\/\/api.w.org\/{rel}","templated":true}]}}