{"id":1638,"date":"2026-01-17T16:04:35","date_gmt":"2026-01-17T16:04:35","guid":{"rendered":"https:\/\/teammutantecuador.com\/?post_type=product&#038;p=1638"},"modified":"2026-01-21T11:04:00","modified_gmt":"2026-01-21T11:04:00","slug":"nandrolona-fenilpropionato-10ml-de-100mg-landerland","status":"publish","type":"product","link":"https:\/\/teammutantecuador.com\/?product=nandrolona-fenilpropionato-10ml-de-100mg-landerland","title":{"rendered":"Nandrolona Fenilpropionato 10ML de 100Mg Landerland"},"content":{"rendered":"<p><strong>Nandrolona Fenilpropionato 10ml de 100mg Landerlan<\/strong>\u00a0es un medicamento que contiene\u00a0<strong>NANDROLONA FENILPROPIONATO<\/strong>\u00a0el cual pertenece al grupo de los andr\u00f3genos.<\/p>\n<p><strong>NANDROLONA<\/strong>\u00a0es la encargada b\u00e1sicamente de desarrollar y mantener al organismo en recuperaci\u00f3n de procesos catab\u00f3licos debilitantes y coadyuvar varios sistemas entre ellos el muscular.<\/p>\n<p>Este medicamento act\u00faa activando sus propiedades ati-catab\u00f3licas muy selectivas ayudando a mantener los valores de prote\u00ednas en el organismo, aumentado la eritropoyesis y subiendo el estado de conservaci\u00f3n y desarrollo del sistema muscular adem\u00e1s de regular las grasas.<\/p>\n","protected":false},"excerpt":{"rendered":"<p><strong>Nandrolona Fenilpropionato 10ml de 100mg Landerlan<\/strong>\u00a0es un medicamento que contiene\u00a0<strong>NANDROLONA FENILPROPIONATO<\/strong>\u00a0el cual pertenece al grupo de los andr\u00f3genos.<\/p>\n","protected":false},"featured_media":1784,"comment_status":"open","ping_status":"closed","template":"","meta":[],"product_brand":[251],"product_cat":[392],"product_tag":[258,249,110],"class_list":{"0":"post-1638","1":"product","2":"type-product","3":"status-publish","4":"has-post-thumbnail","6":"product_brand-landerlan","7":"product_cat-anabolicos","8":"product_tag-finilpropionato","9":"product_tag-landerland","10":"product_tag-nandrolona","12":"first","13":"instock","14":"sale","15":"shipping-taxable","16":"purchasable","17":"product-type-simple"},"yoast_head":"<!-- This site is optimized with the Yoast SEO plugin v26.8 - https:\/\/yoast.com\/product\/yoast-seo-wordpress\/ -->\n<title>Nandrolona Fenilpropionato 10ML de 100Mg Landerland - Team Mutan Ecuador<\/title>\n<meta name=\"description\" content=\"Nandrolona Fenilpropionato 10ml de 100mg Landerlan\u00a0es un medicamento que contiene\u00a0NANDROLONA FENILPROPIONATO\u00a0el cual pertenece al grupo de los andr\u00f3genos.\" \/>\n<meta name=\"robots\" content=\"index, follow, max-snippet:-1, max-image-preview:large, max-video-preview:-1\" \/>\n<link rel=\"canonical\" href=\"https:\/\/teammutantecuador.com\/?product=nandrolona-fenilpropionato-10ml-de-100mg-landerland\" \/>\n<meta property=\"og:locale\" content=\"es_ES\" \/>\n<meta property=\"og:type\" content=\"article\" \/>\n<meta property=\"og:title\" content=\"Nandrolona Fenilpropionato 10ML de 100Mg Landerland - Team Mutan Ecuador\" \/>\n<meta property=\"og:description\" content=\"Nandrolona Fenilpropionato 10ml de 100mg Landerlan\u00a0es un medicamento que contiene\u00a0NANDROLONA FENILPROPIONATO\u00a0el cual pertenece al grupo de los andr\u00f3genos.\" \/>\n<meta property=\"og:url\" content=\"https:\/\/teammutantecuador.com\/?product=nandrolona-fenilpropionato-10ml-de-100mg-landerland\" \/>\n<meta property=\"og:site_name\" content=\"Team Mutan Ecuador\" \/>\n<meta property=\"article:modified_time\" content=\"2026-01-21T11:04:00+00:00\" \/>\n<meta property=\"og:image\" content=\"https:\/\/teammutantecuador.com\/wp-content\/uploads\/2026\/01\/Diseno-sin-titulo-2026-01-17T003731.015.jpg\" \/>\n\t<meta property=\"og:image:width\" content=\"800\" \/>\n\t<meta property=\"og:image:height\" content=\"800\" \/>\n\t<meta property=\"og:image:type\" content=\"image\/jpeg\" \/>\n<meta name=\"twitter:card\" content=\"summary_large_image\" \/>\n<meta name=\"twitter:label1\" content=\"Tiempo de lectura\" \/>\n\t<meta name=\"twitter:data1\" content=\"1 minuto\" \/>\n<script type=\"application\/ld+json\" class=\"yoast-schema-graph\">{\"@context\":\"https:\/\/schema.org\",\"@graph\":[{\"@type\":\"WebPage\",\"@id\":\"https:\/\/teammutantecuador.com\/?product=nandrolona-fenilpropionato-10ml-de-100mg-landerland\",\"url\":\"https:\/\/teammutantecuador.com\/?product=nandrolona-fenilpropionato-10ml-de-100mg-landerland\",\"name\":\"Nandrolona Fenilpropionato 10ML de 100Mg Landerland - Team Mutan Ecuador\",\"isPartOf\":{\"@id\":\"https:\/\/teammutantecuador.com\/#website\"},\"primaryImageOfPage\":{\"@id\":\"https:\/\/teammutantecuador.com\/?product=nandrolona-fenilpropionato-10ml-de-100mg-landerland#primaryimage\"},\"image\":{\"@id\":\"https:\/\/teammutantecuador.com\/?product=nandrolona-fenilpropionato-10ml-de-100mg-landerland#primaryimage\"},\"thumbnailUrl\":\"https:\/\/teammutantecuador.com\/wp-content\/uploads\/2026\/01\/Diseno-sin-titulo-2026-01-17T003731.015.jpg\",\"datePublished\":\"2026-01-17T16:04:35+00:00\",\"dateModified\":\"2026-01-21T11:04:00+00:00\",\"description\":\"Nandrolona Fenilpropionato 10ml de 100mg Landerlan\u00a0es un medicamento que contiene\u00a0NANDROLONA FENILPROPIONATO\u00a0el cual pertenece al grupo de los andr\u00f3genos.\",\"breadcrumb\":{\"@id\":\"https:\/\/teammutantecuador.com\/?product=nandrolona-fenilpropionato-10ml-de-100mg-landerland#breadcrumb\"},\"inLanguage\":\"es\",\"potentialAction\":[{\"@type\":\"ReadAction\",\"target\":[\"https:\/\/teammutantecuador.com\/?product=nandrolona-fenilpropionato-10ml-de-100mg-landerland\"]}]},{\"@type\":\"ImageObject\",\"inLanguage\":\"es\",\"@id\":\"https:\/\/teammutantecuador.com\/?product=nandrolona-fenilpropionato-10ml-de-100mg-landerland#primaryimage\",\"url\":\"https:\/\/teammutantecuador.com\/wp-content\/uploads\/2026\/01\/Diseno-sin-titulo-2026-01-17T003731.015.jpg\",\"contentUrl\":\"https:\/\/teammutantecuador.com\/wp-content\/uploads\/2026\/01\/Diseno-sin-titulo-2026-01-17T003731.015.jpg\",\"width\":800,\"height\":800,\"caption\":\"Nandrolona Fenilpropionato 10ML de 100Mg Landerland\"},{\"@type\":\"BreadcrumbList\",\"@id\":\"https:\/\/teammutantecuador.com\/?product=nandrolona-fenilpropionato-10ml-de-100mg-landerland#breadcrumb\",\"itemListElement\":[{\"@type\":\"ListItem\",\"position\":1,\"name\":\"Portada\",\"item\":\"https:\/\/teammutantecuador.com\/\"},{\"@type\":\"ListItem\",\"position\":2,\"name\":\"Shop\",\"item\":\"https:\/\/teammutantecuador.com\/?page_id=6\"},{\"@type\":\"ListItem\",\"position\":3,\"name\":\"Nandrolona Fenilpropionato 10ML de 100Mg Landerland\"}]},{\"@type\":\"WebSite\",\"@id\":\"https:\/\/teammutantecuador.com\/#website\",\"url\":\"https:\/\/teammutantecuador.com\/\",\"name\":\"Team Mutan Ecuador\",\"description\":\"Just another WordPress site\",\"publisher\":{\"@id\":\"https:\/\/teammutantecuador.com\/#organization\"},\"potentialAction\":[{\"@type\":\"SearchAction\",\"target\":{\"@type\":\"EntryPoint\",\"urlTemplate\":\"https:\/\/teammutantecuador.com\/?s={search_term_string}\"},\"query-input\":{\"@type\":\"PropertyValueSpecification\",\"valueRequired\":true,\"valueName\":\"search_term_string\"}}],\"inLanguage\":\"es\"},{\"@type\":\"Organization\",\"@id\":\"https:\/\/teammutantecuador.com\/#organization\",\"name\":\"Team Mutan Ecuador\",\"url\":\"https:\/\/teammutantecuador.com\/\",\"logo\":{\"@type\":\"ImageObject\",\"inLanguage\":\"es\",\"@id\":\"https:\/\/teammutantecuador.com\/#\/schema\/logo\/image\/\",\"url\":\"https:\/\/teammutantecuador.com\/wp-content\/uploads\/2026\/01\/Diseno-sin-titulo-97.png\",\"contentUrl\":\"https:\/\/teammutantecuador.com\/wp-content\/uploads\/2026\/01\/Diseno-sin-titulo-97.png\",\"width\":500,\"height\":300,\"caption\":\"Team Mutan Ecuador\"},\"image\":{\"@id\":\"https:\/\/teammutantecuador.com\/#\/schema\/logo\/image\/\"}}]}<\/script>\n<!-- \/ Yoast SEO plugin. -->","yoast_head_json":{"title":"Nandrolona Fenilpropionato 10ML de 100Mg Landerland - Team Mutan Ecuador","description":"Nandrolona Fenilpropionato 10ml de 100mg Landerlan\u00a0es un medicamento que contiene\u00a0NANDROLONA FENILPROPIONATO\u00a0el cual pertenece al grupo de los andr\u00f3genos.","robots":{"index":"index","follow":"follow","max-snippet":"max-snippet:-1","max-image-preview":"max-image-preview:large","max-video-preview":"max-video-preview:-1"},"canonical":"https:\/\/teammutantecuador.com\/?product=nandrolona-fenilpropionato-10ml-de-100mg-landerland","og_locale":"es_ES","og_type":"article","og_title":"Nandrolona Fenilpropionato 10ML de 100Mg Landerland - Team Mutan Ecuador","og_description":"Nandrolona Fenilpropionato 10ml de 100mg Landerlan\u00a0es un medicamento que contiene\u00a0NANDROLONA FENILPROPIONATO\u00a0el cual pertenece al grupo de los andr\u00f3genos.","og_url":"https:\/\/teammutantecuador.com\/?product=nandrolona-fenilpropionato-10ml-de-100mg-landerland","og_site_name":"Team Mutan Ecuador","article_modified_time":"2026-01-21T11:04:00+00:00","og_image":[{"width":800,"height":800,"url":"https:\/\/teammutantecuador.com\/wp-content\/uploads\/2026\/01\/Diseno-sin-titulo-2026-01-17T003731.015.jpg","type":"image\/jpeg"}],"twitter_card":"summary_large_image","twitter_misc":{"Tiempo de lectura":"1 minuto"},"schema":{"@context":"https:\/\/schema.org","@graph":[{"@type":"WebPage","@id":"https:\/\/teammutantecuador.com\/?product=nandrolona-fenilpropionato-10ml-de-100mg-landerland","url":"https:\/\/teammutantecuador.com\/?product=nandrolona-fenilpropionato-10ml-de-100mg-landerland","name":"Nandrolona Fenilpropionato 10ML de 100Mg Landerland - Team Mutan Ecuador","isPartOf":{"@id":"https:\/\/teammutantecuador.com\/#website"},"primaryImageOfPage":{"@id":"https:\/\/teammutantecuador.com\/?product=nandrolona-fenilpropionato-10ml-de-100mg-landerland#primaryimage"},"image":{"@id":"https:\/\/teammutantecuador.com\/?product=nandrolona-fenilpropionato-10ml-de-100mg-landerland#primaryimage"},"thumbnailUrl":"https:\/\/teammutantecuador.com\/wp-content\/uploads\/2026\/01\/Diseno-sin-titulo-2026-01-17T003731.015.jpg","datePublished":"2026-01-17T16:04:35+00:00","dateModified":"2026-01-21T11:04:00+00:00","description":"Nandrolona Fenilpropionato 10ml de 100mg Landerlan\u00a0es un medicamento que contiene\u00a0NANDROLONA FENILPROPIONATO\u00a0el cual pertenece al grupo de los andr\u00f3genos.","breadcrumb":{"@id":"https:\/\/teammutantecuador.com\/?product=nandrolona-fenilpropionato-10ml-de-100mg-landerland#breadcrumb"},"inLanguage":"es","potentialAction":[{"@type":"ReadAction","target":["https:\/\/teammutantecuador.com\/?product=nandrolona-fenilpropionato-10ml-de-100mg-landerland"]}]},{"@type":"ImageObject","inLanguage":"es","@id":"https:\/\/teammutantecuador.com\/?product=nandrolona-fenilpropionato-10ml-de-100mg-landerland#primaryimage","url":"https:\/\/teammutantecuador.com\/wp-content\/uploads\/2026\/01\/Diseno-sin-titulo-2026-01-17T003731.015.jpg","contentUrl":"https:\/\/teammutantecuador.com\/wp-content\/uploads\/2026\/01\/Diseno-sin-titulo-2026-01-17T003731.015.jpg","width":800,"height":800,"caption":"Nandrolona Fenilpropionato 10ML de 100Mg Landerland"},{"@type":"BreadcrumbList","@id":"https:\/\/teammutantecuador.com\/?product=nandrolona-fenilpropionato-10ml-de-100mg-landerland#breadcrumb","itemListElement":[{"@type":"ListItem","position":1,"name":"Portada","item":"https:\/\/teammutantecuador.com\/"},{"@type":"ListItem","position":2,"name":"Shop","item":"https:\/\/teammutantecuador.com\/?page_id=6"},{"@type":"ListItem","position":3,"name":"Nandrolona Fenilpropionato 10ML de 100Mg Landerland"}]},{"@type":"WebSite","@id":"https:\/\/teammutantecuador.com\/#website","url":"https:\/\/teammutantecuador.com\/","name":"Team Mutan Ecuador","description":"Just another WordPress site","publisher":{"@id":"https:\/\/teammutantecuador.com\/#organization"},"potentialAction":[{"@type":"SearchAction","target":{"@type":"EntryPoint","urlTemplate":"https:\/\/teammutantecuador.com\/?s={search_term_string}"},"query-input":{"@type":"PropertyValueSpecification","valueRequired":true,"valueName":"search_term_string"}}],"inLanguage":"es"},{"@type":"Organization","@id":"https:\/\/teammutantecuador.com\/#organization","name":"Team Mutan Ecuador","url":"https:\/\/teammutantecuador.com\/","logo":{"@type":"ImageObject","inLanguage":"es","@id":"https:\/\/teammutantecuador.com\/#\/schema\/logo\/image\/","url":"https:\/\/teammutantecuador.com\/wp-content\/uploads\/2026\/01\/Diseno-sin-titulo-97.png","contentUrl":"https:\/\/teammutantecuador.com\/wp-content\/uploads\/2026\/01\/Diseno-sin-titulo-97.png","width":500,"height":300,"caption":"Team Mutan Ecuador"},"image":{"@id":"https:\/\/teammutantecuador.com\/#\/schema\/logo\/image\/"}}]}},"_links":{"self":[{"href":"https:\/\/teammutantecuador.com\/index.php?rest_route=\/wp\/v2\/product\/1638","targetHints":{"allow":["GET"]}}],"collection":[{"href":"https:\/\/teammutantecuador.com\/index.php?rest_route=\/wp\/v2\/product"}],"about":[{"href":"https:\/\/teammutantecuador.com\/index.php?rest_route=\/wp\/v2\/types\/product"}],"replies":[{"embeddable":true,"href":"https:\/\/teammutantecuador.com\/index.php?rest_route=%2Fwp%2Fv2%2Fcomments&post=1638"}],"wp:featuredmedia":[{"embeddable":true,"href":"https:\/\/teammutantecuador.com\/index.php?rest_route=\/wp\/v2\/media\/1784"}],"wp:attachment":[{"href":"https:\/\/teammutantecuador.com\/index.php?rest_route=%2Fwp%2Fv2%2Fmedia&parent=1638"}],"wp:term":[{"taxonomy":"product_brand","embeddable":true,"href":"https:\/\/teammutantecuador.com\/index.php?rest_route=%2Fwp%2Fv2%2Fproduct_brand&post=1638"},{"taxonomy":"product_cat","embeddable":true,"href":"https:\/\/teammutantecuador.com\/index.php?rest_route=%2Fwp%2Fv2%2Fproduct_cat&post=1638"},{"taxonomy":"product_tag","embeddable":true,"href":"https:\/\/teammutantecuador.com\/index.php?rest_route=%2Fwp%2Fv2%2Fproduct_tag&post=1638"}],"curies":[{"name":"wp","href":"https:\/\/api.w.org\/{rel}","templated":true}]}}