{"id":1631,"date":"2026-01-17T16:04:34","date_gmt":"2026-01-17T16:04:34","guid":{"rendered":"https:\/\/teammutantecuador.com\/?post_type=product&#038;p=1631"},"modified":"2026-01-20T16:07:52","modified_gmt":"2026-01-20T16:07:52","slug":"dianabol-metandrostenolona-10-mg-landerlan","status":"publish","type":"product","link":"https:\/\/teammutantecuador.com\/?product=dianabol-metandrostenolona-10-mg-landerlan","title":{"rendered":"Dianabol Metandrostenolona 10 mg Landerlan"},"content":{"rendered":"<p>La <strong>metandrostenolona<\/strong> se caracteriza por poseer propiedades anabolizantes y androg\u00e9nicas, la principal indicaci\u00f3n de \u00e9stos es el tratamiento del hipogonadismo masculino.<\/p>\n<p>Promueve la s\u00edntesis de la prote\u00edna, porque apoya el aumento de prote\u00edna a nivel muscular. Este efecto se manifiesta en un balance positivo del nitr\u00f3geno y un sentimiento de bienestar mejorado. El balance del calcio tambi\u00e9n se influencia positivamente pues favorece el dep\u00f3sito de calcio en los huesos. La<strong> metandrostenolona<\/strong> se indica en el tratamiento de todas las enfermedades y condiciones en las que puede necesitarse un efecto anab\u00f3lico (aumento de la s\u00edntesis de prote\u00ednas) y un efecto de fortalecimiento general.<\/p>\n<p><strong>Reacciones Adversas:<\/strong><\/p>\n<p>Por ser una sustancia 17 \u2013 Alfa, alquilada se asocia con la hepatotoxicidad. Las siguientes reacciones requieren acompa\u00f1amiento m\u00e9dico y son comunes para el uso de todas las testosteronas:<\/p>\n<p>Irregularidades menstruales en mujeres, irritabilidad de la vejiga, ginecomastia. Anafilaxia, edema, eritrocitocis, irritaci\u00f3n gastrointestinal, hipercalcemia e policitemia, alopecia androg\u00e9nica, seborrea y acn\u00e9 en hombres y mujeres. Carcinoma hipertrofia prost\u00e1tica y un aumento del deseo sexual, ictericia colest\u00e1tica, excitabilidad, hipercolesterolemia, hipercarlcemia, edema.<\/p>\n<p><em>En la Mujer:<\/em>\u00a0Virilizaci\u00f3n.<\/p>\n<p><em>En el hombre:<\/em>\u00a0Priapismo, oligoesperma, hirsutismo, reducci\u00f3n de la libido, disminuci\u00f3n de la m\u00e1s testicular, impotencia funcional.<\/p>\n<p><em>Otras reacciones adversas son: constipaci\u00f3n, n\u00e1useas, diarrea, infecci\u00f3n, alteraci\u00f3n en la libido, dolor estomacal, dificultad en el sue\u00f1o, cefaleas, ansiedad, depresi\u00f3n, parestesia generalizada, rash cut\u00e1neo.<\/em><\/p>\n<p><strong>Contraindicaciones:<\/strong><\/p>\n<ul>\n<li>Hipersensibilidad a la Metandrostenolona.<\/li>\n<li>Insuficiencia hep\u00e1tica grave.<\/li>\n<li>En individuos pre- p\u00faberes o en estado agresivo.<\/li>\n<li>En embarazo, lactancia.<\/li>\n<\/ul>\n<p><strong>Interacciones Medicamentosas:<\/strong><\/p>\n<p>Al igual que la testosterona y otros andr\u00f3genos y esteroides anabolizantes, potencian la actividad de algunos f\u00e1rmacos y por consiguiente su toxicidad. Entre ellos se destaca la ciclosporina, los antidiab\u00e9ticos, levotiroxina, anticoagulantes como la warfarina.<\/p>\n<p>Tambi\u00e9n se ha descripto una resistencia a los bloqueantes neuromusculares.<\/p>\n<p><strong>Posolog\u00eda:<\/strong><\/p>\n<p>El comprimido se administra v\u00eda oral en dosis de 10 mg.<\/p>\n<p><strong>Precauciones y Advertencias:<\/strong><\/p>\n<p>La <strong>metandrostenolona<\/strong> es una sustancia 17- alfa \u2013 alquilada y se asocia con la hepatotoxicidad, por lo que es preciso supervisar la funci\u00f3n hep\u00e1tica durante el tratamiento. No debe administrarse en pacientes con insuficiencia hep\u00e1tica.<\/p>\n<p><strong>Sobredosis:<\/strong><\/p>\n<p>No hay un ant\u00eddoto espec\u00edfico por lo tanto se deben tomar las medidas de soporte en el caso de sobredosis, tales como mantener las v\u00edas a\u00e9reas permeables y monitorear la funci\u00f3n cardiovascular. En todos los casos recurrir al Centro Asistencial m\u00e1s cercano o al Centro de Emergencia Nacional (Av. Gral Santos y Teodoro S. Mongel\u00f3s \u2013 Asunci\u00f3n \u2013 Tel: 021-206 206).<\/p>\n<p><strong>F\u00f3rmula:<\/strong><\/p>\n<p><em>Cada comprimido contiene:<\/em><\/p>\n<p>Metandrostenolona\u2026\u2026\u2026\u2026\u2026\u2026\u2026\u2026\u2026\u2026\u2026\u2026\u2026\u2026\u2026\u2026\u2026\u2026\u2026\u2026\u2026\u2026\u2026\u2026\u2026\u2026\u2026\u2026\u2026\u2026\u2026\u2026 10mg.<\/p>\n<p>Excipientes\u2026\u2026\u2026\u2026\u2026\u2026\u2026\u2026\u2026\u2026\u2026\u2026\u2026\u2026\u2026\u2026\u2026\u2026\u2026\u2026\u2026\u2026\u2026\u2026\u2026\u2026\u2026\u2026\u2026\u2026\u2026\u2026\u2026\u2026\u2026\u2026\u2026c.s.<\/p>\n<p><strong>Presentaci\u00f3n:<\/strong><\/p>\n<p>Caja conteniendo 100 Comprimidos.<\/p>\n<p>Mantener a una temperatura inferior a 25\u00b0C en un lugar seco y fuera del alcance de los ni\u00f1os.<\/p>\n<p>Venta bajo receta.<\/p>\n<p>Industria Paraguaya.<\/p>\n","protected":false},"excerpt":{"rendered":"<p>La metandrostenolona se caracteriza por poseer propiedades anabolizantes y androg\u00e9nicas, la principal indicaci\u00f3n de \u00e9stos es el tratamiento del hipogonadismo masculino.<\/p>\n","protected":false},"featured_media":1776,"comment_status":"open","ping_status":"closed","template":"","meta":[],"product_brand":[251],"product_cat":[392],"product_tag":[153,133,249,250],"class_list":{"0":"post-1631","1":"product","2":"type-product","3":"status-publish","4":"has-post-thumbnail","6":"product_brand-landerlan","7":"product_cat-anabolicos","8":"product_tag-anabolicos","9":"product_tag-dianabol","10":"product_tag-landerland","11":"product_tag-metandrostenolona","13":"first","14":"instock","15":"sale","16":"shipping-taxable","17":"purchasable","18":"product-type-simple"},"yoast_head":"<!-- This site is optimized with the Yoast SEO plugin v26.8 - https:\/\/yoast.com\/product\/yoast-seo-wordpress\/ -->\n<title>Dianabol Metandrostenolona 10 mg Landerlan - Team Mutan Ecuador<\/title>\n<meta name=\"description\" content=\"La metandrostenolona se caracteriza por poseer propiedades anabolizantes y androg\u00e9nicas, la principal indicaci\u00f3n de \u00e9stos es el tratamiento del hipogonadismo masculino.\" \/>\n<meta name=\"robots\" content=\"index, follow, max-snippet:-1, max-image-preview:large, max-video-preview:-1\" \/>\n<link rel=\"canonical\" href=\"https:\/\/teammutantecuador.com\/?product=dianabol-metandrostenolona-10-mg-landerlan\" \/>\n<meta property=\"og:locale\" content=\"es_ES\" \/>\n<meta property=\"og:type\" content=\"article\" \/>\n<meta property=\"og:title\" content=\"Dianabol Metandrostenolona 10 mg Landerlan - Team Mutan Ecuador\" \/>\n<meta property=\"og:description\" content=\"La metandrostenolona se caracteriza por poseer propiedades anabolizantes y androg\u00e9nicas, la principal indicaci\u00f3n de \u00e9stos es el tratamiento del hipogonadismo masculino.\" \/>\n<meta property=\"og:url\" content=\"https:\/\/teammutantecuador.com\/?product=dianabol-metandrostenolona-10-mg-landerlan\" \/>\n<meta property=\"og:site_name\" content=\"Team Mutan Ecuador\" \/>\n<meta property=\"article:modified_time\" content=\"2026-01-20T16:07:52+00:00\" \/>\n<meta property=\"og:image\" content=\"https:\/\/teammutantecuador.com\/wp-content\/uploads\/2026\/01\/Diseno-sin-titulo-2026-01-17T002002.418.jpg\" \/>\n\t<meta property=\"og:image:width\" content=\"800\" \/>\n\t<meta property=\"og:image:height\" content=\"800\" \/>\n\t<meta property=\"og:image:type\" content=\"image\/jpeg\" \/>\n<meta name=\"twitter:card\" content=\"summary_large_image\" \/>\n<meta name=\"twitter:label1\" content=\"Tiempo de lectura\" \/>\n\t<meta name=\"twitter:data1\" content=\"2 minutos\" \/>\n<script type=\"application\/ld+json\" class=\"yoast-schema-graph\">{\"@context\":\"https:\/\/schema.org\",\"@graph\":[{\"@type\":\"WebPage\",\"@id\":\"https:\/\/teammutantecuador.com\/?product=dianabol-metandrostenolona-10-mg-landerlan\",\"url\":\"https:\/\/teammutantecuador.com\/?product=dianabol-metandrostenolona-10-mg-landerlan\",\"name\":\"Dianabol Metandrostenolona 10 mg Landerlan - Team Mutan Ecuador\",\"isPartOf\":{\"@id\":\"https:\/\/teammutantecuador.com\/#website\"},\"primaryImageOfPage\":{\"@id\":\"https:\/\/teammutantecuador.com\/?product=dianabol-metandrostenolona-10-mg-landerlan#primaryimage\"},\"image\":{\"@id\":\"https:\/\/teammutantecuador.com\/?product=dianabol-metandrostenolona-10-mg-landerlan#primaryimage\"},\"thumbnailUrl\":\"https:\/\/teammutantecuador.com\/wp-content\/uploads\/2026\/01\/Diseno-sin-titulo-2026-01-17T002002.418.jpg\",\"datePublished\":\"2026-01-17T16:04:34+00:00\",\"dateModified\":\"2026-01-20T16:07:52+00:00\",\"description\":\"La metandrostenolona se caracteriza por poseer propiedades anabolizantes y androg\u00e9nicas, la principal indicaci\u00f3n de \u00e9stos es el tratamiento del hipogonadismo masculino.\",\"breadcrumb\":{\"@id\":\"https:\/\/teammutantecuador.com\/?product=dianabol-metandrostenolona-10-mg-landerlan#breadcrumb\"},\"inLanguage\":\"es\",\"potentialAction\":[{\"@type\":\"ReadAction\",\"target\":[\"https:\/\/teammutantecuador.com\/?product=dianabol-metandrostenolona-10-mg-landerlan\"]}]},{\"@type\":\"ImageObject\",\"inLanguage\":\"es\",\"@id\":\"https:\/\/teammutantecuador.com\/?product=dianabol-metandrostenolona-10-mg-landerlan#primaryimage\",\"url\":\"https:\/\/teammutantecuador.com\/wp-content\/uploads\/2026\/01\/Diseno-sin-titulo-2026-01-17T002002.418.jpg\",\"contentUrl\":\"https:\/\/teammutantecuador.com\/wp-content\/uploads\/2026\/01\/Diseno-sin-titulo-2026-01-17T002002.418.jpg\",\"width\":800,\"height\":800,\"caption\":\"Dianabol Metandrostenolona 10 mg Landerlan\"},{\"@type\":\"BreadcrumbList\",\"@id\":\"https:\/\/teammutantecuador.com\/?product=dianabol-metandrostenolona-10-mg-landerlan#breadcrumb\",\"itemListElement\":[{\"@type\":\"ListItem\",\"position\":1,\"name\":\"Portada\",\"item\":\"https:\/\/teammutantecuador.com\/\"},{\"@type\":\"ListItem\",\"position\":2,\"name\":\"Shop\",\"item\":\"https:\/\/teammutantecuador.com\/?page_id=6\"},{\"@type\":\"ListItem\",\"position\":3,\"name\":\"Dianabol Metandrostenolona 10 mg Landerlan\"}]},{\"@type\":\"WebSite\",\"@id\":\"https:\/\/teammutantecuador.com\/#website\",\"url\":\"https:\/\/teammutantecuador.com\/\",\"name\":\"Team Mutan Ecuador\",\"description\":\"Just another WordPress site\",\"publisher\":{\"@id\":\"https:\/\/teammutantecuador.com\/#organization\"},\"potentialAction\":[{\"@type\":\"SearchAction\",\"target\":{\"@type\":\"EntryPoint\",\"urlTemplate\":\"https:\/\/teammutantecuador.com\/?s={search_term_string}\"},\"query-input\":{\"@type\":\"PropertyValueSpecification\",\"valueRequired\":true,\"valueName\":\"search_term_string\"}}],\"inLanguage\":\"es\"},{\"@type\":\"Organization\",\"@id\":\"https:\/\/teammutantecuador.com\/#organization\",\"name\":\"Team Mutan Ecuador\",\"url\":\"https:\/\/teammutantecuador.com\/\",\"logo\":{\"@type\":\"ImageObject\",\"inLanguage\":\"es\",\"@id\":\"https:\/\/teammutantecuador.com\/#\/schema\/logo\/image\/\",\"url\":\"https:\/\/teammutantecuador.com\/wp-content\/uploads\/2026\/01\/Diseno-sin-titulo-97.png\",\"contentUrl\":\"https:\/\/teammutantecuador.com\/wp-content\/uploads\/2026\/01\/Diseno-sin-titulo-97.png\",\"width\":500,\"height\":300,\"caption\":\"Team Mutan Ecuador\"},\"image\":{\"@id\":\"https:\/\/teammutantecuador.com\/#\/schema\/logo\/image\/\"}}]}<\/script>\n<!-- \/ Yoast SEO plugin. -->","yoast_head_json":{"title":"Dianabol Metandrostenolona 10 mg Landerlan - Team Mutan Ecuador","description":"La metandrostenolona se caracteriza por poseer propiedades anabolizantes y androg\u00e9nicas, la principal indicaci\u00f3n de \u00e9stos es el tratamiento del hipogonadismo masculino.","robots":{"index":"index","follow":"follow","max-snippet":"max-snippet:-1","max-image-preview":"max-image-preview:large","max-video-preview":"max-video-preview:-1"},"canonical":"https:\/\/teammutantecuador.com\/?product=dianabol-metandrostenolona-10-mg-landerlan","og_locale":"es_ES","og_type":"article","og_title":"Dianabol Metandrostenolona 10 mg Landerlan - Team Mutan Ecuador","og_description":"La metandrostenolona se caracteriza por poseer propiedades anabolizantes y androg\u00e9nicas, la principal indicaci\u00f3n de \u00e9stos es el tratamiento del hipogonadismo masculino.","og_url":"https:\/\/teammutantecuador.com\/?product=dianabol-metandrostenolona-10-mg-landerlan","og_site_name":"Team Mutan Ecuador","article_modified_time":"2026-01-20T16:07:52+00:00","og_image":[{"width":800,"height":800,"url":"https:\/\/teammutantecuador.com\/wp-content\/uploads\/2026\/01\/Diseno-sin-titulo-2026-01-17T002002.418.jpg","type":"image\/jpeg"}],"twitter_card":"summary_large_image","twitter_misc":{"Tiempo de lectura":"2 minutos"},"schema":{"@context":"https:\/\/schema.org","@graph":[{"@type":"WebPage","@id":"https:\/\/teammutantecuador.com\/?product=dianabol-metandrostenolona-10-mg-landerlan","url":"https:\/\/teammutantecuador.com\/?product=dianabol-metandrostenolona-10-mg-landerlan","name":"Dianabol Metandrostenolona 10 mg Landerlan - Team Mutan Ecuador","isPartOf":{"@id":"https:\/\/teammutantecuador.com\/#website"},"primaryImageOfPage":{"@id":"https:\/\/teammutantecuador.com\/?product=dianabol-metandrostenolona-10-mg-landerlan#primaryimage"},"image":{"@id":"https:\/\/teammutantecuador.com\/?product=dianabol-metandrostenolona-10-mg-landerlan#primaryimage"},"thumbnailUrl":"https:\/\/teammutantecuador.com\/wp-content\/uploads\/2026\/01\/Diseno-sin-titulo-2026-01-17T002002.418.jpg","datePublished":"2026-01-17T16:04:34+00:00","dateModified":"2026-01-20T16:07:52+00:00","description":"La metandrostenolona se caracteriza por poseer propiedades anabolizantes y androg\u00e9nicas, la principal indicaci\u00f3n de \u00e9stos es el tratamiento del hipogonadismo masculino.","breadcrumb":{"@id":"https:\/\/teammutantecuador.com\/?product=dianabol-metandrostenolona-10-mg-landerlan#breadcrumb"},"inLanguage":"es","potentialAction":[{"@type":"ReadAction","target":["https:\/\/teammutantecuador.com\/?product=dianabol-metandrostenolona-10-mg-landerlan"]}]},{"@type":"ImageObject","inLanguage":"es","@id":"https:\/\/teammutantecuador.com\/?product=dianabol-metandrostenolona-10-mg-landerlan#primaryimage","url":"https:\/\/teammutantecuador.com\/wp-content\/uploads\/2026\/01\/Diseno-sin-titulo-2026-01-17T002002.418.jpg","contentUrl":"https:\/\/teammutantecuador.com\/wp-content\/uploads\/2026\/01\/Diseno-sin-titulo-2026-01-17T002002.418.jpg","width":800,"height":800,"caption":"Dianabol Metandrostenolona 10 mg Landerlan"},{"@type":"BreadcrumbList","@id":"https:\/\/teammutantecuador.com\/?product=dianabol-metandrostenolona-10-mg-landerlan#breadcrumb","itemListElement":[{"@type":"ListItem","position":1,"name":"Portada","item":"https:\/\/teammutantecuador.com\/"},{"@type":"ListItem","position":2,"name":"Shop","item":"https:\/\/teammutantecuador.com\/?page_id=6"},{"@type":"ListItem","position":3,"name":"Dianabol Metandrostenolona 10 mg Landerlan"}]},{"@type":"WebSite","@id":"https:\/\/teammutantecuador.com\/#website","url":"https:\/\/teammutantecuador.com\/","name":"Team Mutan Ecuador","description":"Just another WordPress site","publisher":{"@id":"https:\/\/teammutantecuador.com\/#organization"},"potentialAction":[{"@type":"SearchAction","target":{"@type":"EntryPoint","urlTemplate":"https:\/\/teammutantecuador.com\/?s={search_term_string}"},"query-input":{"@type":"PropertyValueSpecification","valueRequired":true,"valueName":"search_term_string"}}],"inLanguage":"es"},{"@type":"Organization","@id":"https:\/\/teammutantecuador.com\/#organization","name":"Team Mutan Ecuador","url":"https:\/\/teammutantecuador.com\/","logo":{"@type":"ImageObject","inLanguage":"es","@id":"https:\/\/teammutantecuador.com\/#\/schema\/logo\/image\/","url":"https:\/\/teammutantecuador.com\/wp-content\/uploads\/2026\/01\/Diseno-sin-titulo-97.png","contentUrl":"https:\/\/teammutantecuador.com\/wp-content\/uploads\/2026\/01\/Diseno-sin-titulo-97.png","width":500,"height":300,"caption":"Team Mutan Ecuador"},"image":{"@id":"https:\/\/teammutantecuador.com\/#\/schema\/logo\/image\/"}}]}},"_links":{"self":[{"href":"https:\/\/teammutantecuador.com\/index.php?rest_route=\/wp\/v2\/product\/1631","targetHints":{"allow":["GET"]}}],"collection":[{"href":"https:\/\/teammutantecuador.com\/index.php?rest_route=\/wp\/v2\/product"}],"about":[{"href":"https:\/\/teammutantecuador.com\/index.php?rest_route=\/wp\/v2\/types\/product"}],"replies":[{"embeddable":true,"href":"https:\/\/teammutantecuador.com\/index.php?rest_route=%2Fwp%2Fv2%2Fcomments&post=1631"}],"wp:featuredmedia":[{"embeddable":true,"href":"https:\/\/teammutantecuador.com\/index.php?rest_route=\/wp\/v2\/media\/1776"}],"wp:attachment":[{"href":"https:\/\/teammutantecuador.com\/index.php?rest_route=%2Fwp%2Fv2%2Fmedia&parent=1631"}],"wp:term":[{"taxonomy":"product_brand","embeddable":true,"href":"https:\/\/teammutantecuador.com\/index.php?rest_route=%2Fwp%2Fv2%2Fproduct_brand&post=1631"},{"taxonomy":"product_cat","embeddable":true,"href":"https:\/\/teammutantecuador.com\/index.php?rest_route=%2Fwp%2Fv2%2Fproduct_cat&post=1631"},{"taxonomy":"product_tag","embeddable":true,"href":"https:\/\/teammutantecuador.com\/index.php?rest_route=%2Fwp%2Fv2%2Fproduct_tag&post=1631"}],"curies":[{"name":"wp","href":"https:\/\/api.w.org\/{rel}","templated":true}]}}