{"id":1559,"date":"2026-01-17T16:04:19","date_gmt":"2026-01-17T16:04:19","guid":{"rendered":"https:\/\/teammutantecuador.com\/?post_type=product&#038;p=1559"},"modified":"2026-01-17T16:04:22","modified_gmt":"2026-01-17T16:04:22","slug":"intenze-preworkout-30-ser-fruit-punch-pro-science","status":"publish","type":"product","link":"https:\/\/teammutantecuador.com\/?product=intenze-preworkout-30-ser-fruit-punch-pro-science","title":{"rendered":"Intenze Preworkout 30 Ser. Fruit Punch Pro Science"},"content":{"rendered":"<h2><strong>Caracteristicas Intenze Pre Entreno<\/strong><\/h2>\n<ul>\n<li>Aumento de\u00a0<strong>energia<\/strong><\/li>\n<li>Mayor\u00a0<strong>fuerza<\/strong>\u00a0y\u00a0potencia<\/li>\n<li>Mejora la\u00a0<strong>recuperaci\u00f3n<\/strong><\/li>\n<li>Mejores\u00a0resultados\u00a0con entrenamientos m\u00e1s\u00a0<strong>intensos<\/strong><\/li>\n<li>100%\u00a0<strong>seguro<\/strong><\/li>\n<\/ul>\n<h3><strong>Descripci\u00f3n<\/strong><\/h3>\n<p>Intenze Preworkout Proscience tiene todo lo que funciona en las dosis que funcionan. Aumenta tus niveles de energia, potencia, velocidad de recuperacion y fuerza. Contiene L Citrulina, Creatina HCL, Cafe\u00edna, BCAA, Beta Alanina y Arginina. Te invitamos entonces a consumir este delicioso c\u00f3ctel de ayudas ergog\u00e9nicas seguras, bien estudiadas y con mucha evidencia cient\u00edfica, para que tus entrenos sean mucho mejores.<\/p>\n<p>Te ofrecemos un pre entreno \u00fanico, con la capacidad de producir los verdaderos efectos que necesitas realmente antes de entrenar, como son: vasodilataci\u00f3n para un aporte \u00f3ptimo de ox\u00edgeno y nutrientes; y un aumento en tu nivel de energ\u00eda, podr\u00e1s exigirte al m\u00e1ximo.<\/p>\n<p>Contiene citrulina 6 gramos, que permite en tu cuerpo aumentar los niveles de \u00f3xido n\u00edtrico, el cual genera vasodilataci\u00f3n, para nutrir de manera adecuada al m\u00fasculo. Adem\u00e1s, los 3 gramos de Arginina y el polvo de ra\u00edz de remolacha con su aporte de nitratos; ayuda a potenciar la acci\u00f3n de la citrulina, haciendo m\u00e1s efectiva esa vasodilataci\u00f3n.<\/p>\n<p>Creatina, la ayuda ergog\u00e9nica con m\u00e1s evidencia cient\u00edfica, tambi\u00e9n hace parte de este pre entreno, y en su forma HCL, logra aumentar los niveles de energ\u00eda, potencia, velocidad de recuperaci\u00f3n.<\/p>\n<p>Colocamos un aporte extra de BCAA 4 gramos, que colaboraran en tu actividad f\u00edsica, evitando un catabolismo muscular. Adem\u00e1s Beta alanina que al consumir estos 3 gramos, aumenta tus niveles de carnosina a nivel del m\u00fasculo esquel\u00e9tico y con esto se logra una disminuci\u00f3n de la acidez dentro del m\u00fasculo. Tambi\u00e9n incluye beta\u00edna que es un osmolito compatible, que aumenta la retenci\u00f3n de agua dentro de las c\u00e9lulas.<\/p>\n<p>Y aceptamos el estimulante m\u00e1s estudiado que una dosis adecuada es segura y te aporta una carga extra de energ\u00eda, esta excelente ayuda ergog\u00e9nica nutricional es la cafe\u00edna, que en su forma anhidra aporta 200 mg que te activar\u00e1n.<\/p>\n<h2><strong>Intenze Ingredientes<\/strong><\/h2>\n<p>Polvo Deshidratado De Frutos Rojos, L-Citrulina,Beta-Alanina, Creatina Hcl, Polvo De Raiz DeRemolacha, L-Leucina, L-Arginina, Betaina, L-Isoleucina, L-Valina, Dioxido De Silicio (Anticompactante), Cafeina, Sucralosa (Edulcorante), Saborizante Identico Al Natural, Goma Xanthan (Espesante), Citrato De Zinc, AcidoMalico (Acidulante), Niacina (Vitamina B3), Benzoato De Sodio (Conservante), Colorante Rojo, Pimienta En Polvo, Piridoxina Clorhidrato,TiaminaClorhidrato, Vitamina D3, Selenito De Sodio.<\/p>\n<h2><strong>Intenze\u00a0Pro Science\u00a0Opiniones<\/strong><\/h2>\n<p>Camilo Delgado\u00a0(comprador verificado)\u00a0<time datetime=\"2019-12-29T22:18:45+00:00\">Febrero 27, 2020 5 Estrellas<\/time><\/p>\n<p>El mejor sin duda alguna, desde que lo empec\u00e9 a consumir mi desempe\u00f1o y cambio son muy notables lo recomiendo 100% gracias al producto y a los cambios que he visto me he sentido muy motivado los seguir\u00e9 usando por mucho tiempo!<\/p>\n<p>Jefferson Cardona\u00a0(comprador verificado) Marzo<time datetime=\"2019-12-29T22:18:45+00:00\">\u00a016, 2020 5 Estrellas<\/time><\/p>\n<p>Usualmente consum\u00eda C4 y ahora me doy cuenta que es un verdadero pre entreno. Sabe muy rico y es un excelente producto.<\/p>\n<p>Juan Fernando Bravo\u00a0(comprador verificado)\u00a0Mayo<time datetime=\"2019-12-29T22:18:45+00:00\">\u00a09, 2020 5 Estrellas<\/time><\/p>\n<p>El pre entreno m\u00e1s completo que he probado. Tengo entrenamientos a otro nivel<\/p>\n<h2><strong>Preguntas Frecuentes Intenze Preworkout ProScience<\/strong><\/h2>\n<h2><strong>\u00bfPara que sirve Intenze Preworkout ProScience?<\/strong><\/h2>\n<p>Intenze Preworkout Proscience tiene todo lo que funciona en las dosis que funcionan. Aumenta tus niveles de energ\u00eda, potencia, velocidad de recuperaci\u00f3n y fuerza. Contiene L Citrulina, Creatina HCL, Cafe\u00edna, BCAA, Beta Alanina y Arginina. Te invitamos entonces a consumir este delicioso c\u00f3ctel de ayudas ergog\u00e9nicas seguras, bien estudiadas y con mucha evidencia cient\u00edfica, para que tus entrenos sean mucho mejores.<\/p>\n<h2><strong>\u00bfComo tomar Intenze Preworkout ProScience?<\/strong><\/h2>\n<p>Tomar un servicio (scoop) de Intenze Preworkout ProScience 20 a 30 minutos antes de iniciar la actividad f\u00edsica.<\/p>\n<h2><strong>\u00bfCual es la tabla nutricional de Intenze Preworkout ProScience?<\/strong><\/h2>\n<p>Cada servicio de Intenze Preworkout est\u00e1 compuesto por 30 gramos de producto. 0 calor\u00edas (no rompe el ayuno) 6 gramos de L-Citrulina, 3 gramos de Beta Alanina, 3 gramos de Arginina, 3 gramos de Creatina HCL, 2.5 gramos de polvo de ra\u00edz de remolacha, 4 gramos de BCAA, 200 mg de cafe\u00edna y otros ingredientes. Consultar las im\u00e1genes del producto para ver tabla nutricional completa<\/p>\n<h2><strong>\u00bfCuanto tiempo me dura el Intenze Preworkout Pro Science?<\/strong><\/h2>\n<p>Cada envase contiene 30 servicios (scoops) de producto<\/p>\n<h2><strong>\u00bfCuales son los efectos secundarios del Intenze Preworkout ProScience?<\/strong><\/h2>\n<p>Al momento de tomar Intenze Preworkout puedes presentar algo de picaz\u00f3n pero es un efecto completamente normal y parte de lo que se quiere lograr con el producto, activar todos los sentidos para lograr un entreno a otro nivel. A largo plazo no genera ning\u00fan efecto secundario negativo ya que sus componentes han sido estudiados y est\u00e1n respaldados por numerosos estudios.<\/p>\n<p><script async src=\"https:\/\/pagead2.googlesyndication.com\/pagead\/js\/adsbygoogle.js?client=ca-pub-2081804850646632\"\n     crossorigin=\"anonymous\"><\/script><br \/>\n<!-- quitof1 --><br \/>\n<ins class=\"adsbygoogle\"\n     style=\"display:block\"\n     data-ad-client=\"ca-pub-2081804850646632\"\n     data-ad-slot=\"3022364569\"\n     data-ad-format=\"auto\"\n     data-full-width-responsive=\"true\"><\/ins><br \/>\n<script>\n     (adsbygoogle = window.adsbygoogle || []).push({});\n<\/script><\/p>\n","protected":false},"excerpt":{"rendered":"<ul>\n<li>Aumento de\u00a0<strong>energia<\/strong><\/li>\n<li>Mayor\u00a0<strong>fuerza<\/strong>\u00a0y\u00a0potencia<\/li>\n<li>Mejora la\u00a0<strong>recuperaci\u00f3n<\/strong><\/li>\n<li>Mejores\u00a0resultados\u00a0con entrenamientos m\u00e1s\u00a0<strong>intensos<\/strong><\/li>\n<li>100%\u00a0<strong>seguro<\/strong><\/li>\n<\/ul>\n","protected":false},"featured_media":0,"comment_status":"open","ping_status":"closed","template":"","meta":[],"product_brand":[],"product_cat":[365],"product_tag":[70,71,407],"class_list":{"0":"post-1559","1":"product","2":"type-product","3":"status-publish","5":"product_cat-pre-entreno","6":"product_tag-pre-entreno","7":"product_tag-pre-workour","8":"product_tag-proscience","10":"first","11":"instock","12":"shipping-taxable","13":"purchasable","14":"product-type-simple"},"yoast_head":"<!-- This site is optimized with the Yoast SEO plugin v26.8 - https:\/\/yoast.com\/product\/yoast-seo-wordpress\/ -->\n<title>Intenze Preworkout 30 Ser. Fruit Punch Pro Science - Team Mutan Ecuador<\/title>\n<meta name=\"description\" content=\"Aumento de\u00a0energia Mayor\u00a0fuerza\u00a0y\u00a0potencia Mejora la\u00a0recuperaci\u00f3n Mejores\u00a0resultados\u00a0con entrenamientos m\u00e1s\u00a0intensos100%\u00a0seguro\" \/>\n<meta name=\"robots\" content=\"index, follow, max-snippet:-1, max-image-preview:large, max-video-preview:-1\" \/>\n<link rel=\"canonical\" href=\"https:\/\/teammutantecuador.com\/?product=intenze-preworkout-30-ser-fruit-punch-pro-science\" \/>\n<meta property=\"og:locale\" content=\"es_ES\" \/>\n<meta property=\"og:type\" content=\"article\" \/>\n<meta property=\"og:title\" content=\"Intenze Preworkout 30 Ser. Fruit Punch Pro Science - Team Mutan Ecuador\" \/>\n<meta property=\"og:description\" content=\"Aumento de\u00a0energia Mayor\u00a0fuerza\u00a0y\u00a0potencia Mejora la\u00a0recuperaci\u00f3n Mejores\u00a0resultados\u00a0con entrenamientos m\u00e1s\u00a0intensos100%\u00a0seguro\" \/>\n<meta property=\"og:url\" content=\"https:\/\/teammutantecuador.com\/?product=intenze-preworkout-30-ser-fruit-punch-pro-science\" \/>\n<meta property=\"og:site_name\" content=\"Team Mutan Ecuador\" \/>\n<meta property=\"article:modified_time\" content=\"2026-01-17T16:04:22+00:00\" \/>\n<meta name=\"twitter:card\" content=\"summary_large_image\" \/>\n<meta name=\"twitter:label1\" content=\"Tiempo de lectura\" \/>\n\t<meta name=\"twitter:data1\" content=\"4 minutos\" \/>\n<script type=\"application\/ld+json\" class=\"yoast-schema-graph\">{\"@context\":\"https:\/\/schema.org\",\"@graph\":[{\"@type\":\"WebPage\",\"@id\":\"https:\/\/teammutantecuador.com\/?product=intenze-preworkout-30-ser-fruit-punch-pro-science\",\"url\":\"https:\/\/teammutantecuador.com\/?product=intenze-preworkout-30-ser-fruit-punch-pro-science\",\"name\":\"Intenze Preworkout 30 Ser. Fruit Punch Pro Science - Team Mutan Ecuador\",\"isPartOf\":{\"@id\":\"https:\/\/teammutantecuador.com\/#website\"},\"datePublished\":\"2026-01-17T16:04:19+00:00\",\"dateModified\":\"2026-01-17T16:04:22+00:00\",\"description\":\"Aumento de\u00a0energia Mayor\u00a0fuerza\u00a0y\u00a0potencia Mejora la\u00a0recuperaci\u00f3n Mejores\u00a0resultados\u00a0con entrenamientos m\u00e1s\u00a0intensos100%\u00a0seguro\",\"breadcrumb\":{\"@id\":\"https:\/\/teammutantecuador.com\/?product=intenze-preworkout-30-ser-fruit-punch-pro-science#breadcrumb\"},\"inLanguage\":\"es\",\"potentialAction\":[{\"@type\":\"ReadAction\",\"target\":[\"https:\/\/teammutantecuador.com\/?product=intenze-preworkout-30-ser-fruit-punch-pro-science\"]}]},{\"@type\":\"BreadcrumbList\",\"@id\":\"https:\/\/teammutantecuador.com\/?product=intenze-preworkout-30-ser-fruit-punch-pro-science#breadcrumb\",\"itemListElement\":[{\"@type\":\"ListItem\",\"position\":1,\"name\":\"Portada\",\"item\":\"https:\/\/teammutantecuador.com\/\"},{\"@type\":\"ListItem\",\"position\":2,\"name\":\"Shop\",\"item\":\"https:\/\/teammutantecuador.com\/?page_id=6\"},{\"@type\":\"ListItem\",\"position\":3,\"name\":\"Intenze Preworkout 30 Ser. Fruit Punch Pro Science\"}]},{\"@type\":\"WebSite\",\"@id\":\"https:\/\/teammutantecuador.com\/#website\",\"url\":\"https:\/\/teammutantecuador.com\/\",\"name\":\"Team Mutan Ecuador\",\"description\":\"Just another WordPress site\",\"publisher\":{\"@id\":\"https:\/\/teammutantecuador.com\/#organization\"},\"potentialAction\":[{\"@type\":\"SearchAction\",\"target\":{\"@type\":\"EntryPoint\",\"urlTemplate\":\"https:\/\/teammutantecuador.com\/?s={search_term_string}\"},\"query-input\":{\"@type\":\"PropertyValueSpecification\",\"valueRequired\":true,\"valueName\":\"search_term_string\"}}],\"inLanguage\":\"es\"},{\"@type\":\"Organization\",\"@id\":\"https:\/\/teammutantecuador.com\/#organization\",\"name\":\"Team Mutan Ecuador\",\"url\":\"https:\/\/teammutantecuador.com\/\",\"logo\":{\"@type\":\"ImageObject\",\"inLanguage\":\"es\",\"@id\":\"https:\/\/teammutantecuador.com\/#\/schema\/logo\/image\/\",\"url\":\"https:\/\/teammutantecuador.com\/wp-content\/uploads\/2026\/01\/Diseno-sin-titulo-97.png\",\"contentUrl\":\"https:\/\/teammutantecuador.com\/wp-content\/uploads\/2026\/01\/Diseno-sin-titulo-97.png\",\"width\":500,\"height\":300,\"caption\":\"Team Mutan Ecuador\"},\"image\":{\"@id\":\"https:\/\/teammutantecuador.com\/#\/schema\/logo\/image\/\"}}]}<\/script>\n<!-- \/ Yoast SEO plugin. -->","yoast_head_json":{"title":"Intenze Preworkout 30 Ser. Fruit Punch Pro Science - Team Mutan Ecuador","description":"Aumento de\u00a0energia Mayor\u00a0fuerza\u00a0y\u00a0potencia Mejora la\u00a0recuperaci\u00f3n Mejores\u00a0resultados\u00a0con entrenamientos m\u00e1s\u00a0intensos100%\u00a0seguro","robots":{"index":"index","follow":"follow","max-snippet":"max-snippet:-1","max-image-preview":"max-image-preview:large","max-video-preview":"max-video-preview:-1"},"canonical":"https:\/\/teammutantecuador.com\/?product=intenze-preworkout-30-ser-fruit-punch-pro-science","og_locale":"es_ES","og_type":"article","og_title":"Intenze Preworkout 30 Ser. Fruit Punch Pro Science - Team Mutan Ecuador","og_description":"Aumento de\u00a0energia Mayor\u00a0fuerza\u00a0y\u00a0potencia Mejora la\u00a0recuperaci\u00f3n Mejores\u00a0resultados\u00a0con entrenamientos m\u00e1s\u00a0intensos100%\u00a0seguro","og_url":"https:\/\/teammutantecuador.com\/?product=intenze-preworkout-30-ser-fruit-punch-pro-science","og_site_name":"Team Mutan Ecuador","article_modified_time":"2026-01-17T16:04:22+00:00","twitter_card":"summary_large_image","twitter_misc":{"Tiempo de lectura":"4 minutos"},"schema":{"@context":"https:\/\/schema.org","@graph":[{"@type":"WebPage","@id":"https:\/\/teammutantecuador.com\/?product=intenze-preworkout-30-ser-fruit-punch-pro-science","url":"https:\/\/teammutantecuador.com\/?product=intenze-preworkout-30-ser-fruit-punch-pro-science","name":"Intenze Preworkout 30 Ser. Fruit Punch Pro Science - Team Mutan Ecuador","isPartOf":{"@id":"https:\/\/teammutantecuador.com\/#website"},"datePublished":"2026-01-17T16:04:19+00:00","dateModified":"2026-01-17T16:04:22+00:00","description":"Aumento de\u00a0energia Mayor\u00a0fuerza\u00a0y\u00a0potencia Mejora la\u00a0recuperaci\u00f3n Mejores\u00a0resultados\u00a0con entrenamientos m\u00e1s\u00a0intensos100%\u00a0seguro","breadcrumb":{"@id":"https:\/\/teammutantecuador.com\/?product=intenze-preworkout-30-ser-fruit-punch-pro-science#breadcrumb"},"inLanguage":"es","potentialAction":[{"@type":"ReadAction","target":["https:\/\/teammutantecuador.com\/?product=intenze-preworkout-30-ser-fruit-punch-pro-science"]}]},{"@type":"BreadcrumbList","@id":"https:\/\/teammutantecuador.com\/?product=intenze-preworkout-30-ser-fruit-punch-pro-science#breadcrumb","itemListElement":[{"@type":"ListItem","position":1,"name":"Portada","item":"https:\/\/teammutantecuador.com\/"},{"@type":"ListItem","position":2,"name":"Shop","item":"https:\/\/teammutantecuador.com\/?page_id=6"},{"@type":"ListItem","position":3,"name":"Intenze Preworkout 30 Ser. Fruit Punch Pro Science"}]},{"@type":"WebSite","@id":"https:\/\/teammutantecuador.com\/#website","url":"https:\/\/teammutantecuador.com\/","name":"Team Mutan Ecuador","description":"Just another WordPress site","publisher":{"@id":"https:\/\/teammutantecuador.com\/#organization"},"potentialAction":[{"@type":"SearchAction","target":{"@type":"EntryPoint","urlTemplate":"https:\/\/teammutantecuador.com\/?s={search_term_string}"},"query-input":{"@type":"PropertyValueSpecification","valueRequired":true,"valueName":"search_term_string"}}],"inLanguage":"es"},{"@type":"Organization","@id":"https:\/\/teammutantecuador.com\/#organization","name":"Team Mutan Ecuador","url":"https:\/\/teammutantecuador.com\/","logo":{"@type":"ImageObject","inLanguage":"es","@id":"https:\/\/teammutantecuador.com\/#\/schema\/logo\/image\/","url":"https:\/\/teammutantecuador.com\/wp-content\/uploads\/2026\/01\/Diseno-sin-titulo-97.png","contentUrl":"https:\/\/teammutantecuador.com\/wp-content\/uploads\/2026\/01\/Diseno-sin-titulo-97.png","width":500,"height":300,"caption":"Team Mutan Ecuador"},"image":{"@id":"https:\/\/teammutantecuador.com\/#\/schema\/logo\/image\/"}}]}},"_links":{"self":[{"href":"https:\/\/teammutantecuador.com\/index.php?rest_route=\/wp\/v2\/product\/1559","targetHints":{"allow":["GET"]}}],"collection":[{"href":"https:\/\/teammutantecuador.com\/index.php?rest_route=\/wp\/v2\/product"}],"about":[{"href":"https:\/\/teammutantecuador.com\/index.php?rest_route=\/wp\/v2\/types\/product"}],"replies":[{"embeddable":true,"href":"https:\/\/teammutantecuador.com\/index.php?rest_route=%2Fwp%2Fv2%2Fcomments&post=1559"}],"wp:attachment":[{"href":"https:\/\/teammutantecuador.com\/index.php?rest_route=%2Fwp%2Fv2%2Fmedia&parent=1559"}],"wp:term":[{"taxonomy":"product_brand","embeddable":true,"href":"https:\/\/teammutantecuador.com\/index.php?rest_route=%2Fwp%2Fv2%2Fproduct_brand&post=1559"},{"taxonomy":"product_cat","embeddable":true,"href":"https:\/\/teammutantecuador.com\/index.php?rest_route=%2Fwp%2Fv2%2Fproduct_cat&post=1559"},{"taxonomy":"product_tag","embeddable":true,"href":"https:\/\/teammutantecuador.com\/index.php?rest_route=%2Fwp%2Fv2%2Fproduct_tag&post=1559"}],"curies":[{"name":"wp","href":"https:\/\/api.w.org\/{rel}","templated":true}]}}