{"id":1499,"date":"2026-01-17T16:04:08","date_gmt":"2026-01-17T16:04:08","guid":{"rendered":"https:\/\/teammutantecuador.com\/?post_type=product&#038;p=1499"},"modified":"2026-01-17T16:04:11","modified_gmt":"2026-01-17T16:04:11","slug":"bcaa-lean-energy","status":"publish","type":"product","link":"https:\/\/teammutantecuador.com\/?product=bcaa-lean-energy","title":{"rendered":"BCAA LEAN ENERGY"},"content":{"rendered":"<div class=\"highlight-title\">\u00bfPOR QU\u00c9 BCAA LEAN ENERGY?<\/div>\n<p><strong class=\"brand\">\u00a1BCAA LEAN ENERGY<\/strong>\u00a0es el combustible de rendimiento corporal magro m\u00e1s completo para usar en cualquier momento!\u00a0Con 5 g de BCAA de la m\u00e1s alta calidad por porci\u00f3n combinados con\u00a0<strong>CLA, Acetil-L-Carnitina<\/strong>\u00a0y\u00a0<strong>Maca en polvo<\/strong>\u00a0para quemar grasa y\u00a0<strong>Beta-Alanina, L-Alanina<\/strong>\u00a0y\u00a0<strong>Taurina<\/strong>\u00a0y para mejorar la resistencia, la recuperaci\u00f3n y el enfoque.<\/p>\n<hr \/>\n<p><strong class=\"brand\">BCAA LEAN ENERGY<\/strong>\u00a0utiliza energizantes naturales y antioxidantes del\u00a0<strong>caf\u00e9\u00a0<\/strong><strong>verde<\/strong>\u00a0y\u00a0<strong>el t\u00e9 verde<\/strong>\u00a0para energ\u00eda y concentraci\u00f3n.\u00a0Y si est\u00e1 siguiendo una dieta baja en carbohidratos o cetog\u00e9nica,\u00a0<strong class=\"brand\">BCAA LEAN ENERGY<\/strong>\u00a0puede ayudar a respaldar la utilizaci\u00f3n de grasas y ayudar a combatir la fatiga que a menudo se siente cuando tiene un d\u00e9ficit de calor\u00edas.<\/p>\n<hr \/>\n<p>\u00a1Haga de\u00a0<strong class=\"brand\">BCAA LEAN ENERGY<\/strong>\u00a0su combustible para obtener energ\u00eda, quemar grasa y rendimiento en cualquier momento!<\/p>\n<div class=\"highlight-title\">\u00bfQU\u00c9 HACE MEJOR A BCAA LEAN ENERGY?<\/div>\n<div>\n<ul class=\"no-design-bullets\">\n<li>\n<div class=\"highlight-title highlight-subtitle\">MAYOR RENDIMIENTO:<\/div>\n<p>gramos de\u00a0<strong>BCAA puros (leucina, isoleucina y valina) en una proporci\u00f3n de 2: 1: 1<\/strong>\u00a0, la\u00a0<strong>proporci\u00f3n<\/strong>\u00a0m\u00e1s investigada y probada para apoyar el desarrollo muscular y la recuperaci\u00f3n diaria.<\/li>\n<li>\n<div class=\"highlight-title highlight-subtitle\">ENERG\u00cdA Y ENFOQUE EN CUALQUIER MOMENTO:<\/div>\n<p><strong>El caf\u00e9 verde<\/strong>\u00a0y\u00a0<strong>el t\u00e9 verde<\/strong>\u00a0se utilizan como\u00a0fuentes\u00a0<strong>naturales de cafe\u00edna<\/strong>\u00a0para una energ\u00eda y concentraci\u00f3n m\u00e1s limpias.\u00a0Adem\u00e1s, la\u00a0<strong>vitamina B6 y B12<\/strong>\u00a0ayudan a mantener los niveles de energ\u00eda a trav\u00e9s de entrenamientos intensos.<\/li>\n<li>\n<div class=\"highlight-title highlight-subtitle\">APOYO A LA P\u00c9RDIDA DE GRASA:<\/div>\n<p>Potente complejo quemagrasas en una poderosa combinaci\u00f3n transparente de\u00a0<strong>CLA, acetil-L-carnitina, maca en polvo<\/strong>\u00a0y\u00a0granos de caf\u00e9\u00a0<strong>verde<\/strong>\u00a0que ayudan a quemar grasa como combustible durante el ejercicio o durante el d\u00eda cuando\u00a0se usa\u00a0<strong class=\"brand\">BCAA LEAN ENERGY<\/strong>\u00a0en lugar de caf\u00e9 o energ\u00eda. bebidas ..<\/li>\n<li>\n<div class=\"highlight-title highlight-subtitle\">RESISTENCIA:<\/div>\n<p>M\u00faltiples modos de acci\u00f3n ayudan a aumentar los niveles de resistencia, incluyendo\u00a0<strong>BETA-ALANINA que<\/strong>\u00a0respalda la amortiguaci\u00f3n del \u00e1cido l\u00e1ctico *,\u00a0<strong>L-ALANINA que<\/strong>\u00a0respalda la producci\u00f3n de glucosa para obtener energ\u00eda utilizable para alargar la resistencia y BCAA que se utilizan como combustible durante el entrenamiento intenso.<\/li>\n<li>\n<div class=\"highlight-title highlight-subtitle\">RECUPERACI\u00d3N:<\/div>\n<p>Aumentar su nivel de s\u00edntesis de prote\u00ednas m\u00e1s alto que su tasa de degradaci\u00f3n de prote\u00ednas permite que los m\u00fasculos se reconstruyan y se recuperen de manera efectiva.\u00a0Tomar\u00a0<strong class=\"brand\">BCAA LEAN ENERGY<\/strong>\u00a0despu\u00e9s del entrenamiento asegura que su cuerpo tenga suficientes BCAA para apoyar una mayor s\u00edntesis de prote\u00ednas y el proceso de reparaci\u00f3n, prepar\u00e1ndolo para trabajar m\u00e1s duro en su pr\u00f3ximo entrenamiento.<\/li>\n<li>\n<div class=\"highlight-title highlight-subtitle\">ANTIOXIDANTES:<\/div>\n<p><strong>El caf\u00e9 verde<\/strong>\u00a0y\u00a0<strong>el t\u00e9 verde<\/strong>\u00a0m\u00e1s\u00a0<strong>las<\/strong>\u00a0poderosas propiedades antioxidantes de la\u00a0<strong>vitamina C<\/strong>\u00a0ayudan a mantener un sistema inmunol\u00f3gico saludable.<\/li>\n<li>\n<div class=\"highlight-title highlight-subtitle\">HIDRATACI\u00d3N:<\/div>\n<p>Beber\u00a0<strong class=\"brand\">BCAA LEAN ENERGY<\/strong>\u00a0durante tus entrenamientos te mantendr\u00e1 hidratado, los BCAA reducen la degradaci\u00f3n muscular mientras que la taurina favorece la hidrataci\u00f3n celular.<\/li>\n<li>\n<div class=\"four columns\">\n<div class=\"highlight-title highlight-subtitle\">VITAMINA C<\/div>\n<p>Lo que significa que no pueden ser producidos por el cuerpo, sin embargo, constituyen m\u00e1s de un tercio de la prote\u00edna que se encuentra en el tejido muscular humano.\u00a0Dado que debe obtener BCAA a trav\u00e9s de alimentos o suplementos,\u00a0<strong class=\"brand\">BCAA LEAN ENERGY<\/strong>\u00a0es una manera f\u00e1cil de agregar BCAA a su dieta en cualquier momento.<\/p>\n<\/div>\n<div class=\"four columns\">\n<div class=\"highlight-title highlight-subtitle\">B VITAMINAS<\/div>\n<p>El\u00a0<strong>complejo de vitamina B de\u00a0<\/strong><strong class=\"brand\">BCAA LEAN ENERGY<\/strong>\u00a0respalda un sistema inmunol\u00f3gico saludable a trav\u00e9s de m\u00faltiples modos de acci\u00f3n, incluido un alto nivel de potencia de\u00a0<strong>vitamina B6<\/strong>\u00a0que ayuda a respaldar la producci\u00f3n de nuevos gl\u00f3bulos rojos, que transportan ox\u00edgeno por todo el cuerpo.\u00a0<strong>B6<\/strong>\u00a0tambi\u00e9n ayuda a mantener el funcionamiento del sistema inmunol\u00f3gico al respaldar las reacciones bioqu\u00edmicas en el sistema inmunol\u00f3gico.<\/p>\n<hr \/>\n<p><strong>El<\/strong>\u00a0cuerpo tambi\u00e9n usa la\u00a0<strong>vitamina B12<\/strong>\u00a0para apoyar la producci\u00f3n normal de gl\u00f3bulos rojos, gl\u00f3bulos blancos y c\u00e9lulas de reparaci\u00f3n.<\/p>\n<\/div>\n<div class=\"four columns\">\n<div class=\"highlight-title highlight-subtitle\">ANTIOXIDANTES<\/div>\n<p><strong class=\"brand\">BCAA ENERG\u00cdA LEAN<\/strong>\u00a0contiene antioxidantes de\u00a0<strong>verde del grano de caf\u00e9, el t\u00e9 verde<\/strong>\u00a0y\u00a0<strong>vitamina C<\/strong>\u00a0.\u00a0Los antioxidantes son mol\u00e9culas que apoyan y protegen el sistema inmunol\u00f3gico defendi\u00e9ndolo contra los radicales libres, que son mol\u00e9culas en su cuerpo que pueden crear estr\u00e9s oxidativo y da\u00f1ar el ADN, las prote\u00ednas y los tejidos grasos del cuerpo que pueden afectar negativamente al sistema inmunol\u00f3gico.<\/p>\n<\/div>\n<div class=\"four columns\">\n<div class=\"highlight-title highlight-subtitle\">AMINO\u00c1CIDOS DE CADENA RAMIFICADA<\/div>\n<p><strong>Los BCAA<\/strong>\u00a0tambi\u00e9n pueden ser utilizados por las c\u00e9lulas inmunes dentro del intestino como fuente de combustible, lo que permite que el sistema inmunol\u00f3gico se regenere a s\u00ed mismo de manera m\u00e1s eficiente para mantener un sistema inmunol\u00f3gico saludable.<\/p>\n<\/div>\n<\/li>\n<\/ul>\n<\/div>\n","protected":false},"excerpt":{"rendered":"<p><strong class=\"brand\">\u00a1BCAA LEAN ENERGY<\/strong>\u00a0es el combustible de rendimiento corporal magro m\u00e1s completo para usar en cualquier momento!\u00a0Con 5 g de BCAA de la m\u00e1s alta calidad por porci\u00f3n combinados con\u00a0<strong>CLA, Acetil-L-Carnitina<\/strong>\u00a0y\u00a0<strong>Maca en polvo<\/strong>\u00a0para quemar grasa y\u00a0<strong>Beta-Alanina, L-Alanina<\/strong>\u00a0y\u00a0<strong>Taurina<\/strong>\u00a0y para mejorar la resistencia, la recuperaci\u00f3n y el enfoque.<\/p>\n","protected":false},"featured_media":0,"comment_status":"open","ping_status":"closed","template":"","meta":[],"product_brand":[],"product_cat":[352],"product_tag":[169,165],"class_list":{"0":"post-1499","1":"product","2":"type-product","3":"status-publish","5":"product_cat-bcaas","6":"product_tag-bcaa","7":"product_tag-evl","9":"first","10":"instock","11":"shipping-taxable","12":"purchasable","13":"product-type-simple"},"yoast_head":"<!-- This site is optimized with the Yoast SEO plugin v26.8 - https:\/\/yoast.com\/product\/yoast-seo-wordpress\/ -->\n<title>BCAA LEAN ENERGY - Team Mutan Ecuador<\/title>\n<meta name=\"description\" content=\"es el combustible de rendimiento corporal magro m\u00e1s completo para usar en cualquier momento!\u00a0Con 5 g de BCAA de la m\u00e1s alta calidad por porci\u00f3n combinados con\u00a0CLA, Acetil-L-Carnitina\u00a0y\u00a0Maca en polvo\u00a0para quemar grasa y\u00a0Beta-Alanina, L-Alanina\u00a0y\u00a0Taurina\u00a0y para mejorar la resistencia, la recuperaci\u00f3n y el enfoque.\" \/>\n<meta name=\"robots\" content=\"index, follow, max-snippet:-1, max-image-preview:large, max-video-preview:-1\" \/>\n<link rel=\"canonical\" href=\"https:\/\/teammutantecuador.com\/?product=bcaa-lean-energy\" \/>\n<meta property=\"og:locale\" content=\"es_ES\" \/>\n<meta property=\"og:type\" content=\"article\" \/>\n<meta property=\"og:title\" content=\"BCAA LEAN ENERGY - Team Mutan Ecuador\" \/>\n<meta property=\"og:description\" content=\"es el combustible de rendimiento corporal magro m\u00e1s completo para usar en cualquier momento!\u00a0Con 5 g de BCAA de la m\u00e1s alta calidad por porci\u00f3n combinados con\u00a0CLA, Acetil-L-Carnitina\u00a0y\u00a0Maca en polvo\u00a0para quemar grasa y\u00a0Beta-Alanina, L-Alanina\u00a0y\u00a0Taurina\u00a0y para mejorar la resistencia, la recuperaci\u00f3n y el enfoque.\" \/>\n<meta property=\"og:url\" content=\"https:\/\/teammutantecuador.com\/?product=bcaa-lean-energy\" \/>\n<meta property=\"og:site_name\" content=\"Team Mutan Ecuador\" \/>\n<meta property=\"article:modified_time\" content=\"2026-01-17T16:04:11+00:00\" \/>\n<meta name=\"twitter:card\" content=\"summary_large_image\" \/>\n<meta name=\"twitter:label1\" content=\"Tiempo de lectura\" \/>\n\t<meta name=\"twitter:data1\" content=\"4 minutos\" \/>\n<script type=\"application\/ld+json\" class=\"yoast-schema-graph\">{\"@context\":\"https:\/\/schema.org\",\"@graph\":[{\"@type\":\"WebPage\",\"@id\":\"https:\/\/teammutantecuador.com\/?product=bcaa-lean-energy\",\"url\":\"https:\/\/teammutantecuador.com\/?product=bcaa-lean-energy\",\"name\":\"BCAA LEAN ENERGY - Team Mutan Ecuador\",\"isPartOf\":{\"@id\":\"https:\/\/teammutantecuador.com\/#website\"},\"datePublished\":\"2026-01-17T16:04:08+00:00\",\"dateModified\":\"2026-01-17T16:04:11+00:00\",\"description\":\"es el combustible de rendimiento corporal magro m\u00e1s completo para usar en cualquier momento!\u00a0Con 5 g de BCAA de la m\u00e1s alta calidad por porci\u00f3n combinados con\u00a0CLA, Acetil-L-Carnitina\u00a0y\u00a0Maca en polvo\u00a0para quemar grasa y\u00a0Beta-Alanina, L-Alanina\u00a0y\u00a0Taurina\u00a0y para mejorar la resistencia, la recuperaci\u00f3n y el enfoque.\",\"breadcrumb\":{\"@id\":\"https:\/\/teammutantecuador.com\/?product=bcaa-lean-energy#breadcrumb\"},\"inLanguage\":\"es\",\"potentialAction\":[{\"@type\":\"ReadAction\",\"target\":[\"https:\/\/teammutantecuador.com\/?product=bcaa-lean-energy\"]}]},{\"@type\":\"BreadcrumbList\",\"@id\":\"https:\/\/teammutantecuador.com\/?product=bcaa-lean-energy#breadcrumb\",\"itemListElement\":[{\"@type\":\"ListItem\",\"position\":1,\"name\":\"Portada\",\"item\":\"https:\/\/teammutantecuador.com\/\"},{\"@type\":\"ListItem\",\"position\":2,\"name\":\"Shop\",\"item\":\"https:\/\/teammutantecuador.com\/?page_id=6\"},{\"@type\":\"ListItem\",\"position\":3,\"name\":\"BCAA LEAN ENERGY\"}]},{\"@type\":\"WebSite\",\"@id\":\"https:\/\/teammutantecuador.com\/#website\",\"url\":\"https:\/\/teammutantecuador.com\/\",\"name\":\"Team Mutan Ecuador\",\"description\":\"Just another WordPress site\",\"publisher\":{\"@id\":\"https:\/\/teammutantecuador.com\/#organization\"},\"potentialAction\":[{\"@type\":\"SearchAction\",\"target\":{\"@type\":\"EntryPoint\",\"urlTemplate\":\"https:\/\/teammutantecuador.com\/?s={search_term_string}\"},\"query-input\":{\"@type\":\"PropertyValueSpecification\",\"valueRequired\":true,\"valueName\":\"search_term_string\"}}],\"inLanguage\":\"es\"},{\"@type\":\"Organization\",\"@id\":\"https:\/\/teammutantecuador.com\/#organization\",\"name\":\"Team Mutan Ecuador\",\"url\":\"https:\/\/teammutantecuador.com\/\",\"logo\":{\"@type\":\"ImageObject\",\"inLanguage\":\"es\",\"@id\":\"https:\/\/teammutantecuador.com\/#\/schema\/logo\/image\/\",\"url\":\"https:\/\/teammutantecuador.com\/wp-content\/uploads\/2026\/01\/Diseno-sin-titulo-97.png\",\"contentUrl\":\"https:\/\/teammutantecuador.com\/wp-content\/uploads\/2026\/01\/Diseno-sin-titulo-97.png\",\"width\":500,\"height\":300,\"caption\":\"Team Mutan Ecuador\"},\"image\":{\"@id\":\"https:\/\/teammutantecuador.com\/#\/schema\/logo\/image\/\"}}]}<\/script>\n<!-- \/ Yoast SEO plugin. -->","yoast_head_json":{"title":"BCAA LEAN ENERGY - Team Mutan Ecuador","description":"es el combustible de rendimiento corporal magro m\u00e1s completo para usar en cualquier momento!\u00a0Con 5 g de BCAA de la m\u00e1s alta calidad por porci\u00f3n combinados con\u00a0CLA, Acetil-L-Carnitina\u00a0y\u00a0Maca en polvo\u00a0para quemar grasa y\u00a0Beta-Alanina, L-Alanina\u00a0y\u00a0Taurina\u00a0y para mejorar la resistencia, la recuperaci\u00f3n y el enfoque.","robots":{"index":"index","follow":"follow","max-snippet":"max-snippet:-1","max-image-preview":"max-image-preview:large","max-video-preview":"max-video-preview:-1"},"canonical":"https:\/\/teammutantecuador.com\/?product=bcaa-lean-energy","og_locale":"es_ES","og_type":"article","og_title":"BCAA LEAN ENERGY - Team Mutan Ecuador","og_description":"es el combustible de rendimiento corporal magro m\u00e1s completo para usar en cualquier momento!\u00a0Con 5 g de BCAA de la m\u00e1s alta calidad por porci\u00f3n combinados con\u00a0CLA, Acetil-L-Carnitina\u00a0y\u00a0Maca en polvo\u00a0para quemar grasa y\u00a0Beta-Alanina, L-Alanina\u00a0y\u00a0Taurina\u00a0y para mejorar la resistencia, la recuperaci\u00f3n y el enfoque.","og_url":"https:\/\/teammutantecuador.com\/?product=bcaa-lean-energy","og_site_name":"Team Mutan Ecuador","article_modified_time":"2026-01-17T16:04:11+00:00","twitter_card":"summary_large_image","twitter_misc":{"Tiempo de lectura":"4 minutos"},"schema":{"@context":"https:\/\/schema.org","@graph":[{"@type":"WebPage","@id":"https:\/\/teammutantecuador.com\/?product=bcaa-lean-energy","url":"https:\/\/teammutantecuador.com\/?product=bcaa-lean-energy","name":"BCAA LEAN ENERGY - Team Mutan Ecuador","isPartOf":{"@id":"https:\/\/teammutantecuador.com\/#website"},"datePublished":"2026-01-17T16:04:08+00:00","dateModified":"2026-01-17T16:04:11+00:00","description":"es el combustible de rendimiento corporal magro m\u00e1s completo para usar en cualquier momento!\u00a0Con 5 g de BCAA de la m\u00e1s alta calidad por porci\u00f3n combinados con\u00a0CLA, Acetil-L-Carnitina\u00a0y\u00a0Maca en polvo\u00a0para quemar grasa y\u00a0Beta-Alanina, L-Alanina\u00a0y\u00a0Taurina\u00a0y para mejorar la resistencia, la recuperaci\u00f3n y el enfoque.","breadcrumb":{"@id":"https:\/\/teammutantecuador.com\/?product=bcaa-lean-energy#breadcrumb"},"inLanguage":"es","potentialAction":[{"@type":"ReadAction","target":["https:\/\/teammutantecuador.com\/?product=bcaa-lean-energy"]}]},{"@type":"BreadcrumbList","@id":"https:\/\/teammutantecuador.com\/?product=bcaa-lean-energy#breadcrumb","itemListElement":[{"@type":"ListItem","position":1,"name":"Portada","item":"https:\/\/teammutantecuador.com\/"},{"@type":"ListItem","position":2,"name":"Shop","item":"https:\/\/teammutantecuador.com\/?page_id=6"},{"@type":"ListItem","position":3,"name":"BCAA LEAN ENERGY"}]},{"@type":"WebSite","@id":"https:\/\/teammutantecuador.com\/#website","url":"https:\/\/teammutantecuador.com\/","name":"Team Mutan Ecuador","description":"Just another WordPress site","publisher":{"@id":"https:\/\/teammutantecuador.com\/#organization"},"potentialAction":[{"@type":"SearchAction","target":{"@type":"EntryPoint","urlTemplate":"https:\/\/teammutantecuador.com\/?s={search_term_string}"},"query-input":{"@type":"PropertyValueSpecification","valueRequired":true,"valueName":"search_term_string"}}],"inLanguage":"es"},{"@type":"Organization","@id":"https:\/\/teammutantecuador.com\/#organization","name":"Team Mutan Ecuador","url":"https:\/\/teammutantecuador.com\/","logo":{"@type":"ImageObject","inLanguage":"es","@id":"https:\/\/teammutantecuador.com\/#\/schema\/logo\/image\/","url":"https:\/\/teammutantecuador.com\/wp-content\/uploads\/2026\/01\/Diseno-sin-titulo-97.png","contentUrl":"https:\/\/teammutantecuador.com\/wp-content\/uploads\/2026\/01\/Diseno-sin-titulo-97.png","width":500,"height":300,"caption":"Team Mutan Ecuador"},"image":{"@id":"https:\/\/teammutantecuador.com\/#\/schema\/logo\/image\/"}}]}},"_links":{"self":[{"href":"https:\/\/teammutantecuador.com\/index.php?rest_route=\/wp\/v2\/product\/1499","targetHints":{"allow":["GET"]}}],"collection":[{"href":"https:\/\/teammutantecuador.com\/index.php?rest_route=\/wp\/v2\/product"}],"about":[{"href":"https:\/\/teammutantecuador.com\/index.php?rest_route=\/wp\/v2\/types\/product"}],"replies":[{"embeddable":true,"href":"https:\/\/teammutantecuador.com\/index.php?rest_route=%2Fwp%2Fv2%2Fcomments&post=1499"}],"wp:attachment":[{"href":"https:\/\/teammutantecuador.com\/index.php?rest_route=%2Fwp%2Fv2%2Fmedia&parent=1499"}],"wp:term":[{"taxonomy":"product_brand","embeddable":true,"href":"https:\/\/teammutantecuador.com\/index.php?rest_route=%2Fwp%2Fv2%2Fproduct_brand&post=1499"},{"taxonomy":"product_cat","embeddable":true,"href":"https:\/\/teammutantecuador.com\/index.php?rest_route=%2Fwp%2Fv2%2Fproduct_cat&post=1499"},{"taxonomy":"product_tag","embeddable":true,"href":"https:\/\/teammutantecuador.com\/index.php?rest_route=%2Fwp%2Fv2%2Fproduct_tag&post=1499"}],"curies":[{"name":"wp","href":"https:\/\/api.w.org\/{rel}","templated":true}]}}