{"id":1496,"date":"2026-01-17T16:04:08","date_gmt":"2026-01-17T16:04:08","guid":{"rendered":"https:\/\/teammutantecuador.com\/?post_type=product&#038;p=1496"},"modified":"2026-01-17T16:04:11","modified_gmt":"2026-01-17T16:04:11","slug":"reaction-vegan-proteina","status":"publish","type":"product","link":"https:\/\/teammutantecuador.com\/?product=reaction-vegan-proteina","title":{"rendered":"Reaction Vegan &#8211; Proteina"},"content":{"rendered":"<p>Reaction Vegan (720g) Atlhetica Nutrition<\/p>\n<p>Es un alimento formulado con prote\u00ednas de origen vegetal (prote\u00edna de guisantes y arroz) con un excelente perfil de amino\u00e1cidos y vitamina B12 en forma de metilcobalamina. Libre de sabores artificiales, colorantes y edulcorantes.<\/p>\n<p>&nbsp;<\/p>\n<p>Ingredientes: aislado de prote\u00edna de guisante, prote\u00edna concentrada de arroz, MCT (triglic\u00e9ridos de cadena media), vitamina B12 (metilcobalamina), cacao en polvo, saborizante natural de vainilla y cacao y edulcorantes naturales xilitol, Reb A (gluc\u00f3sidos de esteviol) y taumatina . \u00abNO CONTIENE GLUTEN.\u00bb<\/p>\n<p>Atlhetica Nutrition es una de las compa\u00f1\u00edas de suplementos deportivos m\u00e1s grandes del mercado nacional, propietaria de varios suplementos que venden \u00e9xitos como el poderoso Best Whey, que siempre invierte en innovaci\u00f3n para revolucionar cada vez m\u00e1s este mercado que crece cada a\u00f1o.<\/p>\n<p>Hoy trajimos un suplemento que desde su lanzamiento es un poderoso \u00e9xito de ventas porque es para un tipo muy espec\u00edfico de audiencia, estamos hablando del poderoso Reaction Vegan, el suplemento de s\u00faper prote\u00edna formulado para atletas y practicantes de actividad f\u00edsica que son veganos.<\/p>\n<p>Reaction Vegan es un suplemento bien diferenciado, aunque no est\u00e1 formulado con prote\u00edna de suero, sin embargo, proporciona una excelente concentraci\u00f3n de prote\u00edna por dosis y ayuda positivamente en el aumento de masa magra, la reconstrucci\u00f3n muscular, la recuperaci\u00f3n muscular, el aumento de la fuerza y \u200b\u200bla mejora Rendimiento gradual y potente acci\u00f3n aticatab\u00f3lica, los expertos de Atlhetica formularon el Reaction Vegan con 20 g de prote\u00edna vegetal por dosis, adem\u00e1s de una buena cantidad de amino\u00e1cidos, incluido BCAA.<\/p>\n<p>Lo que hace que Reaction Vegan sea diferente es que, debido a que es 100% vegetal, termina siendo rico en fibra y libre de al\u00e9rgenos como lactosa, soja y gluten. Los expertos de Atlhetica Nutrition tambi\u00e9n agregaron una buena carga de vitamina B12 en la formulaci\u00f3n de Reaction Vegan, que es una de las vitaminas que los veganos tienen dificultades para ingerir debido a la dieta restrictiva, debemos mencionar que Reaction Vegan es un suplemento exento de colorantes, sabores y edulcorantes artificiales, en su composici\u00f3n se agregaron los edulcorantes naturales xilitol y stevia.<\/p>\n<p>Si usted es un atleta vegano o tiene alg\u00fan tipo de restricci\u00f3n en comparaci\u00f3n con los suplementos de prote\u00ednas convencionales, Reaction Vegan de Atlhetica Nutrition es una excelente opci\u00f3n. Garantiza el tuyo ahora.<\/p>\n","protected":false},"excerpt":{"rendered":"<p>Beneficios de la proteina vegana<\/p>\n<p>Aumento de la masa magra<br \/>\nReconstrucci\u00f3n muscular mayo<br \/>\nMejor recuperaci\u00f3n muscular<br \/>\nPreviene el catabolismo muscular<br \/>\nLa vitamina B12 se agrega a la f\u00f3rmula<br \/>\nRico en fibras<br \/>\n100% de origen vegetal<br \/>\nLibre de al\u00e9rgenos<br \/>\nIdeal para veganos o personas con restricciones contra los suplementos,convencional<br \/>\nContiene triglic\u00e9ridos de cadena media<br \/>\nSin az\u00facares a\u00f1adidos<br \/>\nSin gluten<br \/>\nSin lactosa<\/p>\n","protected":false},"featured_media":0,"comment_status":"open","ping_status":"closed","template":"","meta":[],"product_brand":[],"product_cat":[357],"product_tag":[167,168],"class_list":{"0":"post-1496","1":"product","2":"type-product","3":"status-publish","5":"product_cat-proteinas-2","6":"product_tag-athletica","7":"product_tag-proteina-vegana","9":"first","10":"instock","11":"shipping-taxable","12":"purchasable","13":"product-type-simple"},"yoast_head":"<!-- This site is optimized with the Yoast SEO plugin v26.8 - https:\/\/yoast.com\/product\/yoast-seo-wordpress\/ -->\n<title>Reaction Vegan - Proteina - Team Mutan Ecuador<\/title>\n<meta name=\"description\" content=\"Es un alimento formulado con prote\u00ednas de origen vegetal (prote\u00edna de guisantes y arroz) con un excelente perfil de amino\u00e1cidos y vitamina B12 en forma de metilcobalamina. Libre de sabores artificiales, colorantes y edulcorantes.\" \/>\n<meta name=\"robots\" content=\"index, follow, max-snippet:-1, max-image-preview:large, max-video-preview:-1\" \/>\n<link rel=\"canonical\" href=\"https:\/\/teammutantecuador.com\/?product=reaction-vegan-proteina\" \/>\n<meta property=\"og:locale\" content=\"es_ES\" \/>\n<meta property=\"og:type\" content=\"article\" \/>\n<meta property=\"og:title\" content=\"Reaction Vegan - Proteina - Team Mutan Ecuador\" \/>\n<meta property=\"og:description\" content=\"Es un alimento formulado con prote\u00ednas de origen vegetal (prote\u00edna de guisantes y arroz) con un excelente perfil de amino\u00e1cidos y vitamina B12 en forma de metilcobalamina. Libre de sabores artificiales, colorantes y edulcorantes.\" \/>\n<meta property=\"og:url\" content=\"https:\/\/teammutantecuador.com\/?product=reaction-vegan-proteina\" \/>\n<meta property=\"og:site_name\" content=\"Team Mutan Ecuador\" \/>\n<meta property=\"article:modified_time\" content=\"2026-01-17T16:04:11+00:00\" \/>\n<meta name=\"twitter:card\" content=\"summary_large_image\" \/>\n<meta name=\"twitter:label1\" content=\"Tiempo de lectura\" \/>\n\t<meta name=\"twitter:data1\" content=\"2 minutos\" \/>\n<script type=\"application\/ld+json\" class=\"yoast-schema-graph\">{\"@context\":\"https:\/\/schema.org\",\"@graph\":[{\"@type\":\"WebPage\",\"@id\":\"https:\/\/teammutantecuador.com\/?product=reaction-vegan-proteina\",\"url\":\"https:\/\/teammutantecuador.com\/?product=reaction-vegan-proteina\",\"name\":\"Reaction Vegan - Proteina - Team Mutan Ecuador\",\"isPartOf\":{\"@id\":\"https:\/\/teammutantecuador.com\/#website\"},\"datePublished\":\"2026-01-17T16:04:08+00:00\",\"dateModified\":\"2026-01-17T16:04:11+00:00\",\"description\":\"Es un alimento formulado con prote\u00ednas de origen vegetal (prote\u00edna de guisantes y arroz) con un excelente perfil de amino\u00e1cidos y vitamina B12 en forma de metilcobalamina. Libre de sabores artificiales, colorantes y edulcorantes.\",\"breadcrumb\":{\"@id\":\"https:\/\/teammutantecuador.com\/?product=reaction-vegan-proteina#breadcrumb\"},\"inLanguage\":\"es\",\"potentialAction\":[{\"@type\":\"ReadAction\",\"target\":[\"https:\/\/teammutantecuador.com\/?product=reaction-vegan-proteina\"]}]},{\"@type\":\"BreadcrumbList\",\"@id\":\"https:\/\/teammutantecuador.com\/?product=reaction-vegan-proteina#breadcrumb\",\"itemListElement\":[{\"@type\":\"ListItem\",\"position\":1,\"name\":\"Portada\",\"item\":\"https:\/\/teammutantecuador.com\/\"},{\"@type\":\"ListItem\",\"position\":2,\"name\":\"Shop\",\"item\":\"https:\/\/teammutantecuador.com\/?page_id=6\"},{\"@type\":\"ListItem\",\"position\":3,\"name\":\"Reaction Vegan &#8211; Proteina\"}]},{\"@type\":\"WebSite\",\"@id\":\"https:\/\/teammutantecuador.com\/#website\",\"url\":\"https:\/\/teammutantecuador.com\/\",\"name\":\"Team Mutan Ecuador\",\"description\":\"Just another WordPress site\",\"publisher\":{\"@id\":\"https:\/\/teammutantecuador.com\/#organization\"},\"potentialAction\":[{\"@type\":\"SearchAction\",\"target\":{\"@type\":\"EntryPoint\",\"urlTemplate\":\"https:\/\/teammutantecuador.com\/?s={search_term_string}\"},\"query-input\":{\"@type\":\"PropertyValueSpecification\",\"valueRequired\":true,\"valueName\":\"search_term_string\"}}],\"inLanguage\":\"es\"},{\"@type\":\"Organization\",\"@id\":\"https:\/\/teammutantecuador.com\/#organization\",\"name\":\"Team Mutan Ecuador\",\"url\":\"https:\/\/teammutantecuador.com\/\",\"logo\":{\"@type\":\"ImageObject\",\"inLanguage\":\"es\",\"@id\":\"https:\/\/teammutantecuador.com\/#\/schema\/logo\/image\/\",\"url\":\"https:\/\/teammutantecuador.com\/wp-content\/uploads\/2026\/01\/Diseno-sin-titulo-97.png\",\"contentUrl\":\"https:\/\/teammutantecuador.com\/wp-content\/uploads\/2026\/01\/Diseno-sin-titulo-97.png\",\"width\":500,\"height\":300,\"caption\":\"Team Mutan Ecuador\"},\"image\":{\"@id\":\"https:\/\/teammutantecuador.com\/#\/schema\/logo\/image\/\"}}]}<\/script>\n<!-- \/ Yoast SEO plugin. -->","yoast_head_json":{"title":"Reaction Vegan - Proteina - Team Mutan Ecuador","description":"Es un alimento formulado con prote\u00ednas de origen vegetal (prote\u00edna de guisantes y arroz) con un excelente perfil de amino\u00e1cidos y vitamina B12 en forma de metilcobalamina. Libre de sabores artificiales, colorantes y edulcorantes.","robots":{"index":"index","follow":"follow","max-snippet":"max-snippet:-1","max-image-preview":"max-image-preview:large","max-video-preview":"max-video-preview:-1"},"canonical":"https:\/\/teammutantecuador.com\/?product=reaction-vegan-proteina","og_locale":"es_ES","og_type":"article","og_title":"Reaction Vegan - Proteina - Team Mutan Ecuador","og_description":"Es un alimento formulado con prote\u00ednas de origen vegetal (prote\u00edna de guisantes y arroz) con un excelente perfil de amino\u00e1cidos y vitamina B12 en forma de metilcobalamina. Libre de sabores artificiales, colorantes y edulcorantes.","og_url":"https:\/\/teammutantecuador.com\/?product=reaction-vegan-proteina","og_site_name":"Team Mutan Ecuador","article_modified_time":"2026-01-17T16:04:11+00:00","twitter_card":"summary_large_image","twitter_misc":{"Tiempo de lectura":"2 minutos"},"schema":{"@context":"https:\/\/schema.org","@graph":[{"@type":"WebPage","@id":"https:\/\/teammutantecuador.com\/?product=reaction-vegan-proteina","url":"https:\/\/teammutantecuador.com\/?product=reaction-vegan-proteina","name":"Reaction Vegan - Proteina - Team Mutan Ecuador","isPartOf":{"@id":"https:\/\/teammutantecuador.com\/#website"},"datePublished":"2026-01-17T16:04:08+00:00","dateModified":"2026-01-17T16:04:11+00:00","description":"Es un alimento formulado con prote\u00ednas de origen vegetal (prote\u00edna de guisantes y arroz) con un excelente perfil de amino\u00e1cidos y vitamina B12 en forma de metilcobalamina. Libre de sabores artificiales, colorantes y edulcorantes.","breadcrumb":{"@id":"https:\/\/teammutantecuador.com\/?product=reaction-vegan-proteina#breadcrumb"},"inLanguage":"es","potentialAction":[{"@type":"ReadAction","target":["https:\/\/teammutantecuador.com\/?product=reaction-vegan-proteina"]}]},{"@type":"BreadcrumbList","@id":"https:\/\/teammutantecuador.com\/?product=reaction-vegan-proteina#breadcrumb","itemListElement":[{"@type":"ListItem","position":1,"name":"Portada","item":"https:\/\/teammutantecuador.com\/"},{"@type":"ListItem","position":2,"name":"Shop","item":"https:\/\/teammutantecuador.com\/?page_id=6"},{"@type":"ListItem","position":3,"name":"Reaction Vegan &#8211; Proteina"}]},{"@type":"WebSite","@id":"https:\/\/teammutantecuador.com\/#website","url":"https:\/\/teammutantecuador.com\/","name":"Team Mutan Ecuador","description":"Just another WordPress site","publisher":{"@id":"https:\/\/teammutantecuador.com\/#organization"},"potentialAction":[{"@type":"SearchAction","target":{"@type":"EntryPoint","urlTemplate":"https:\/\/teammutantecuador.com\/?s={search_term_string}"},"query-input":{"@type":"PropertyValueSpecification","valueRequired":true,"valueName":"search_term_string"}}],"inLanguage":"es"},{"@type":"Organization","@id":"https:\/\/teammutantecuador.com\/#organization","name":"Team Mutan Ecuador","url":"https:\/\/teammutantecuador.com\/","logo":{"@type":"ImageObject","inLanguage":"es","@id":"https:\/\/teammutantecuador.com\/#\/schema\/logo\/image\/","url":"https:\/\/teammutantecuador.com\/wp-content\/uploads\/2026\/01\/Diseno-sin-titulo-97.png","contentUrl":"https:\/\/teammutantecuador.com\/wp-content\/uploads\/2026\/01\/Diseno-sin-titulo-97.png","width":500,"height":300,"caption":"Team Mutan Ecuador"},"image":{"@id":"https:\/\/teammutantecuador.com\/#\/schema\/logo\/image\/"}}]}},"_links":{"self":[{"href":"https:\/\/teammutantecuador.com\/index.php?rest_route=\/wp\/v2\/product\/1496","targetHints":{"allow":["GET"]}}],"collection":[{"href":"https:\/\/teammutantecuador.com\/index.php?rest_route=\/wp\/v2\/product"}],"about":[{"href":"https:\/\/teammutantecuador.com\/index.php?rest_route=\/wp\/v2\/types\/product"}],"replies":[{"embeddable":true,"href":"https:\/\/teammutantecuador.com\/index.php?rest_route=%2Fwp%2Fv2%2Fcomments&post=1496"}],"wp:attachment":[{"href":"https:\/\/teammutantecuador.com\/index.php?rest_route=%2Fwp%2Fv2%2Fmedia&parent=1496"}],"wp:term":[{"taxonomy":"product_brand","embeddable":true,"href":"https:\/\/teammutantecuador.com\/index.php?rest_route=%2Fwp%2Fv2%2Fproduct_brand&post=1496"},{"taxonomy":"product_cat","embeddable":true,"href":"https:\/\/teammutantecuador.com\/index.php?rest_route=%2Fwp%2Fv2%2Fproduct_cat&post=1496"},{"taxonomy":"product_tag","embeddable":true,"href":"https:\/\/teammutantecuador.com\/index.php?rest_route=%2Fwp%2Fv2%2Fproduct_tag&post=1496"}],"curies":[{"name":"wp","href":"https:\/\/api.w.org\/{rel}","templated":true}]}}