{"id":1492,"date":"2026-01-17T16:04:08","date_gmt":"2026-01-17T16:04:08","guid":{"rendered":"https:\/\/teammutantecuador.com\/?post_type=product&#038;p=1492"},"modified":"2026-01-17T16:04:10","modified_gmt":"2026-01-17T16:04:10","slug":"b-nox-androrush-35-servicios","status":"publish","type":"product","link":"https:\/\/teammutantecuador.com\/?product=b-nox-androrush-35-servicios","title":{"rendered":"B-NOX ANDRORUSH 35 Servicios"},"content":{"rendered":"<p><strong>BullNOX Androrush<\/strong>&#x2122;<span id=\"result_box\" lang=\"es\">\u00a0<\/span>de la marca americana\u00a0<strong>Betancourt Nutrition\u00a0<\/strong><span id=\"result_box\" lang=\"es\">es un poderoso pre-entreno potenciador del \u00f3xido n\u00edtrico y de la testosterona en polvo que contiene tres formas de creatina y beta alanina para aumentar la fuerza y la resistencia muscular.<\/span><\/p>\n<p><span lang=\"es\"><span id=\"result_box\" lang=\"es\"><strong>BullNOX Androrush<\/strong>&#x2122;\u00a0es el\u00a0primer pre-entreno de \u00f3xido\u00a0n\u00edtrico\u00a0que te proporciona\u00a0una\u00a0mezcla para potenciar la producci\u00f3n natural de\u00a0testosterona\u00a0impulsar\u00a0que te ofrece una intensa energ\u00eda y unos grandes bombeos musculares durante el entrenamiento.<\/span><\/span><\/p>\n<p><span lang=\"es\">Principales beneficios de\u00a0<strong>BullNOX Androrush<\/strong>&#x2122;:<\/span><\/p>\n<p>&#8211; Estimulaci\u00f3n instant\u00e1nea de andr\u00f3genos como la testosterona.<\/p>\n<p>&#8211; Proporciona una constante energ\u00eda \u201cneuromotiva\u201d.<\/p>\n<p>&#8211; Desarrolla el pleno potencial anab\u00f3lico de tus m\u00fasculos.<\/p>\n<p>&#8211; Desata tu fuerza y potencia.<\/p>\n<p>&#8211; Aumenta por m\u00e1s tiempo los niveles de arginina y de \u00d3xido N\u00edtrico.<\/p>\n<p>&#8211; Aumento de fibras cardiovasculares y musculares.<\/p>\n<p>&#8211; M\u00e1ximo crecimiento y reforzamiento de masa muscular.<\/p>\n<p>&#8211; 35 dosis por envase.<\/p>\n<p>&nbsp;<\/p>\n<p>Se trata de un producto que pertenece a una nueva categor\u00eda en el mundo de nutrici\u00f3n deportiva.<\/p>\n<p>Durante los entrenamientos intensos, los niveles de andr\u00f3genos, como la testosterona, bajan y el m\u00fasculo no es capaz de realizar los procesos anab\u00f3licos tan necesarios para mejorar el rendimiento y la masa muscular. Igual que un tornado levanta los granos de arena en el desierto,\u00a0<strong>BullNOX Androrush<\/strong>&#x2122; hace lo mismo con tus niveles de testosterona y de \u00f3xido n\u00edtrico gracias a su exclusiva y sin\u00e9rgica f\u00f3rmula. Su estudiada combinaci\u00f3n de ingredientes y el entrenamiento adecuado conseguir\u00e1n que tus m\u00fasculos y tu fuerza se desarrollen como nunca antes hab\u00edas logrado.<\/p>\n<p><strong>BullNOX Androrush<\/strong>&#x2122; estimula cada m\u00fasculo de tu cuerpo, lo despierta del cansancio, maximiza su volumen y lo prepara para la acci\u00f3n. No habr\u00e1 peso que no podr\u00e1s levantar, no habr\u00e1 obst\u00e1culo que no podr\u00e1s superar. Lo mismo que hace con tu cuerpo, lo hace con tu mente. La despejar\u00e1 y te prepara f\u00edsicamente y mentalmente para los brutales entrenamientos que ser\u00e1s capaces de realizar. Ya no tendr\u00e1s ninguna duda acerca de la efectividad de tus entrenamientos, ni ninguna duda sobre tus avances. Tus principales caracter\u00edsticas ser\u00e1n la fuerza, el crecimiento y el volumen.<\/p>\n<p><span lang=\"es\"><span id=\"result_box\" lang=\"es\"><strong>BullNOX Androrush<\/strong>&#x2122; combina\u00a0N-Acetil\u00a0Tirosina,\u00a0glucuronolactona,\u00a0cafe\u00edna anhidra,\u00a0y\u00a0teobromina\u00a0para proporcionarte la energ\u00eda m\u00e1s limpia del mercado, una energ\u00eda mantenida en el tiempo pero que no te producir\u00e1 bajones de energ\u00eda o un desagradable estado de\u00a0nerviosismo.<\/span><\/span><\/p>\n<p><span lang=\"es\">Veamos la ciencia que se esconde tras la f\u00f3rmula de\u00a0<span id=\"result_box\" lang=\"es\"><strong>BullNOX Androrush<\/strong>&#x2122;<\/span>.<\/span><\/p>\n<p><span lang=\"es\"><span id=\"result_box\" lang=\"es\">Contiene una primera matriz denominada \u00abBullNox&#x2122; Pre-Workout Formula Strength-Endurance\u00bb para mejorar la fuerza y la potencia muscular.\u00a0<span title=\"Also boosts endurance by reducing blood lactates to increase your ability to perform multiple repetitions.\">Tambi\u00e9n aumenta la resistencia a trav\u00e9s de la reducci\u00f3n del lactato en sangre aumentando la capacidad de realizar m\u00faltiples repeticiones.\u00a0<\/span><span title=\"The formula is designed to maximize power output while minimizing water retention. \">La f\u00f3rmula est\u00e1 dise\u00f1ada para maximizar la potencia muscular y reducir al m\u00ednimo la retenci\u00f3n de agua. Con<\/span>tiene\u00a0pol\u00edmeros\u00a0de glucosa, L-taurina,\u00a0beta-alanina,\u00a0Di-Creatina\u00a0Malato,\u00a0Creatina Etil\u00a0Ester\u00a0HCL,\u00a0monohidrato de creatina\u00a0\u00a0\u00a0y Co-enzima Q10.\u00a0<\/span><\/span><\/p>\n<p><span lang=\"es\">Otra matriz denominada \u00abNeural Energy\u00bb para optimizar\u00a0<span id=\"result_box\" lang=\"es\"><span title=\"Set 1 (\"><span title=\"Set 2 (\">el rendimiento neurol\u00f3gico general y la motivaci\u00f3n a trav\u00e9s de la mejora de la funci\u00f3n cognitiva y disminuir el dolor muscular asociado al ejercicio. T<\/span><span title=\"Will also enhance and sustain energy levels during exercise without overstimulation or a drop off in performance. \">ambi\u00e9n mejora y mantiene los niveles de energ\u00eda durante el ejercicio sin que se produzca una sobreestimulaci\u00f3n o una ca\u00edda del rendimiento. Contiene\u00a0<span title=\"Glucuronolactone, Anhydrous Caffeine, N-Acetyl-L-Tyrosine, Guarana (Paullinia Cupana) (Seed) (Std. To 22% Caffeine), Theobromine (Theobroma Cacauo) (Seed), Chocamine\u00ae (Theobroma Cacao) (Seed), Citrus\">Glucuronolactona, cafe\u00edna anhidra, N-acetil-L-tirosina, guaran\u00e1 (Paullinia Cupana) estandarizado para el 22 % de cafe\u00edna, teobromina (Theobroma Cacao), Chocamine\u00ae (Theobroma Cacao), extracto de Citrus\u00a0<\/span><span title=\"Aurantium Extract (Std. To 30% Synephrines) (Fruit) \">Aurantium (estandarizado para el 30% de sinefrina).\u00a0<\/span><\/span><\/span><\/span><\/span><\/p>\n<p><span lang=\"es\"><span title=\"Set 1 (\"><span title=\"Will also enhance and sustain energy levels during exercise without overstimulation or a drop off in performance. \"><span title=\"Aurantium Extract (Std. To 30% Synephrines) (Fruit) \">Otra matriz denominada \u00ab<span id=\"facts_span_22_1_1\">Nitric Oxide\u00bb dise\u00f1ada para a<span id=\"result_box\" lang=\"es\"><span title=\"Set 3 (\">umentar los niveles de \u00f3xido n\u00edtrico, el flujo sangu\u00edneo y la vasodilataci\u00f3n\/voluminizaci\u00f3n de los tejidos cardiovasculares y musculares; y al mismo tiempo\u00a0<\/span><span title=\"improve quality of pumps (faster onset, harder). \">mejorar la calidad de los bombeos musculares. Contiene ingredientes como\u00a0<span title=\"L-Citrulline, L-Tyrosine AKG***, L-Histidine, L-Arginine Alpha Ketogluterate (AAKG), L-Arginine HCL, Creatine AKG*** \">L-citrulina, L-Tirosina AKG, L-histidina, L-Arginina Alfa ceto glutarato (AAKG), L-Arginina HCL y Creatina AKG.\u00a0<\/span><\/span><\/span><\/span><\/span><\/span><\/span><\/span><\/p>\n<p><span lang=\"es\"><span title=\"Set 1 (\"><span title=\"Will also enhance and sustain energy levels during exercise without overstimulation or a drop off in performance. \"><span title=\"Aurantium Extract (Std. To 30% Synephrines) (Fruit) \">Otra matriz denominada \u00ab<span id=\"facts_span_25_1_1\">Anabolic Solidification\u00bb que\u00a0<span id=\"result_box\" lang=\"es\">aumenta\u00a0la s\u00edntesis de prote\u00ednas;\u00a0mejora\u00a0la hipertrofia muscular\u00a0inducida por el ejercicio\u00a0y\u00a0aumenta\u00a0el tama\u00f1o muscular y su dureza. Contiene\u00a0L-Glutamina,\u00a0Nitratos de amino\u00e1cidos de cadena ramificada (\u00a0BCAA: L-Valina\u00a0Nitrato, L-isoleucina\u00a0Nitrato, L-leucina\u00a0Nitrato),\u00a0citrato de potasio,\u00a0potasio\u00a0Glicerofosfato\u00a0y\u00a0astaxantina.\u00a0<\/span><\/span><\/span><\/span><\/span><\/span><\/p>\n<p><span lang=\"es\"><span title=\"Set 1 (\"><span title=\"Will also enhance and sustain energy levels during exercise without overstimulation or a drop off in performance. \"><span title=\"Aurantium Extract (Std. To 30% Synephrines) (Fruit) \">Finalmente, contiene una matriz denominada \u00ab<span id=\"facts_span_28_1_1\">Endocrine Ignition\u00bb que sirve para mejorar y amplificar\u00a0<span id=\"result_box\" lang=\"es\">la\u00a0respuesta de la testosterona\u00a0natural\u00a0al ejercicio f\u00edsico, proporcionando al atleta una mayor\u00a0respuesta\u00a0anab\u00f3lica.\u00a0Adem\u00e1s esta matriz mejora al mismo tiempo\u00a0la respuesta de los bombeos musculares al\u00a0ejercicio. Contiene\u00a0\u00d3xido de Zinc,\u00a0extracto de Maca\u00a04:1 (Lipidium\u00a0Meyenii)\u00a0(ra\u00edz),\u00a0extracto de Tribulus Terrestris\u00a0(Std.\u00a0Para\u00a040%\u00a0saponinas), Zinc aspartato de\u00a0Magnesio\u00a0(ZMA&#x2122;),\u00a0extracto de Xanthoparmelia\u00a0Scabrosa\u00a04:1, extracto de Horny\u00a0Goat\u00a0Weed<\/span><\/span><span id=\"facts_span_28_1_1\"><span id=\"result_box\" lang=\"es\">\u00a0\u00a0(Epimedium\u00a0sagittatum)\u00a0(estandarizado para el\u00a040%\u00a0de Icariins),\u00a0extracto de semilla de\u00a0cuscuta\u00a0(estandarizado para el\u00a04%\u00a0de flavonoides)\u00a0y\u00a0extracto de\u00a0Cnidium\u00a0monnieri\u00a04:1.<\/span><\/span><\/span><\/span><\/span><\/span><\/p>\n<p><span lang=\"es\"><span title=\"Set 1 (\"><span title=\"Will also enhance and sustain energy levels during exercise without overstimulation or a drop off in performance. \"><span title=\"Aurantium Extract (Std. To 30% Synephrines) (Fruit) \">Tambi\u00e9n contiene\u00a0<span id=\"result_box\" lang=\"es\">Bioperine\u00ae\u00a0(extracto\u00a0Negro\u00a0Pimienta) para mejorar la absorci\u00f3n y disponibilidad de todos los ingredientes de la f\u00f3rmula.<\/span><\/span><\/span><\/span><\/span><\/p>\n<p><strong>Informaci\u00f3n nutricional:<\/strong><\/p>\n<p><img loading=\"lazy\" decoding=\"async\" src=\"https:\/\/4.bp.blogspot.com\/-yzKV38gyR0g\/VlBCo7FD07I\/AAAAAAABDnI\/YnAwwjmR7j8\/s1600\/bnox_SF_7ff21185-fd66-47cb-a57b-4c98e2ed33e4_large.png\" alt=\"\" width=\"480\" height=\"473\" \/><\/p>\n<p><strong>Modo de empleo:<\/strong><span id=\"result_box\" lang=\"es\">\u00a0<\/span><\/p>\n<p>Los atletas principiantes que lleven menos de un a\u00f1o entrenando y entrenen unas 3 veces a la semana, se recomienda que mezclen 1 servicio de 18,2 gramos (1 cucharada rasa) en 200 ml de agua fr\u00eda y que lo tomen unos 30 minutos antes del entrenamiento preferiblemente con el est\u00f3mago vac\u00edo.<\/p>\n<p>Los atletas de nivel intermedio que lleven entre 1 y 3 a\u00f1os entrenando y entrenen por lo menos unas 3 veces a la semana, se recomienda que mezclen 1 servicio de 36,4 gramos (2 cucharadas rasas) en 400 ml de agua fr\u00eda y que lo tomen unos 30 minutos antes del entrenamiento preferiblemente con el est\u00f3mago vac\u00edo.<\/p>\n<p>Los atletas de nivel avanzado que lleven m\u00e1s de 3 a\u00f1os entrenando y entrenen por lo menos unas 3 veces a la semana, se recomienda que mezclen 1 servicio de 36,4 gramos (2 cucharadas rasas) en 400 ml de agua fr\u00eda y que lo tomen unos 30 minutos antes del entrenamiento preferiblemente con el est\u00f3mago vac\u00edo.<\/p>\n<p>Consumir otro servicio adicional de entre 9,1 y 18,2 gramos a mitad de los entrenamientos que tengan m\u00e1s de una hora de duraci\u00f3n.<\/p>\n<p><span id=\"result_box\" lang=\"es\">Suspender su uso despu\u00e9s de 12 semanas de uso continuado.<\/span><\/p>\n<p><span id=\"result_box\" lang=\"es\">No tomarlo\u00a0dentro de las 6 horas anteriores al sue\u00f1o.<\/span><\/p>\n<p><strong>Presentaci\u00f3n:<\/strong><\/p>\n<p>Envase de 633 gramos.<\/p>\n<p><img loading=\"lazy\" decoding=\"async\" src=\"https:\/\/2.bp.blogspot.com\/-0gcMTMUw1Ds\/VlBBkF-lKgI\/AAAAAAABDmg\/lgtTtEdkfTM\/s1600\/image_28987_original_X_450_white.jpg\" alt=\"\" width=\"348\" height=\"450\" \/><\/p>\n<p><strong>Atenci\u00f3n:<\/strong><\/p>\n<p>Los productos aqu\u00ed mostrados son suplementos nutricionales seg\u00fan lo establece la Directiva Europea 2002\/46\/CE sobre complementos alimenticios y todos ellos pueden ser vendidos legalmente en todos los pa\u00edses de la Comunidad Europea, por los art\u00edculos 28, 29 y 30 del tratado de la Comunidad Europea y por los art\u00edculos 1 a 4 de la Decisi\u00f3n del Parlamento Europeo n\u00famero 3052\/95\/CE.<\/p>\n<p>Los suplementos alimenticios no tratan de sustituir una dieta equilibrada y variada, \u00fanicamente se presentan con el fin de complementar la ingesta de nutrientes de una dieta normal.<\/p>\n<p>Tampoco tratan, previenen, diagnostican o curan ninguna enfermedad, hechos atribuibles a los medicamentos, seg\u00fan define la Directiva Europea 2004\/27\/CE, de 31 de marzo, del Consejo y del Parlamento Europeo sobre medicamentos.<\/p>\n<p>Se reserva el derecho de enviar productos a pa\u00edses donde el pa\u00eds de destino no permita.<\/p>\n<p>Los productos no deben utilizarse como sustituto de una dieta o medicaci\u00f3n y deben estar fuera del alcance de los ni\u00f1os.<\/p>\n<p>El consumo de los productos debe ser controlado por un profesional, ante cualquier duda, siempre consulte a su m\u00e9dico.<\/p>\n","protected":false},"excerpt":{"rendered":"<p><strong>BullNOX Androrush<\/strong>&#x2122;<span id=\"result_box\" lang=\"es\">\u00a0<\/span>de la marca americana\u00a0<strong>Betancourt Nutrition\u00a0<\/strong><span id=\"result_box\" lang=\"es\">es un poderoso pre-entreno potenciador del \u00f3xido n\u00edtrico y de la testosterona en polvo que contiene tres formas de creatina y beta alanina para aumentar la fuerza y la resistencia muscular.<\/span><\/p>\n","protected":false},"featured_media":0,"comment_status":"open","ping_status":"closed","template":"","meta":[],"product_brand":[],"product_cat":[365,375],"product_tag":[396,70,71],"class_list":{"0":"post-1492","1":"product","2":"type-product","3":"status-publish","5":"product_cat-pre-entreno","6":"product_cat-testosterona","7":"product_tag-betancourt","8":"product_tag-pre-entreno","9":"product_tag-pre-workour","11":"first","12":"instock","13":"shipping-taxable","14":"purchasable","15":"product-type-simple"},"yoast_head":"<!-- This site is optimized with the Yoast SEO plugin v26.8 - https:\/\/yoast.com\/product\/yoast-seo-wordpress\/ -->\n<title>B-NOX ANDRORUSH 35 Servicios - Team Mutan Ecuador<\/title>\n<meta name=\"description\" content=\"BullNOX Androrush\u2122\u00a0de la marca americana\u00a0Betancourt Nutrition\u00a0es un poderoso pre-entreno potenciador del \u00f3xido n\u00edtrico y de la testosterona en polvo que contiene tres formas de creatina y beta alanina para aumentar la fuerza y la resistencia muscular.\" \/>\n<meta name=\"robots\" content=\"index, follow, max-snippet:-1, max-image-preview:large, max-video-preview:-1\" \/>\n<link rel=\"canonical\" href=\"https:\/\/teammutantecuador.com\/?product=b-nox-androrush-35-servicios\" \/>\n<meta property=\"og:locale\" content=\"es_ES\" \/>\n<meta property=\"og:type\" content=\"article\" \/>\n<meta property=\"og:title\" content=\"B-NOX ANDRORUSH 35 Servicios - Team Mutan Ecuador\" \/>\n<meta property=\"og:description\" content=\"BullNOX Androrush\u2122\u00a0de la marca americana\u00a0Betancourt Nutrition\u00a0es un poderoso pre-entreno potenciador del \u00f3xido n\u00edtrico y de la testosterona en polvo que contiene tres formas de creatina y beta alanina para aumentar la fuerza y la resistencia muscular.\" \/>\n<meta property=\"og:url\" content=\"https:\/\/teammutantecuador.com\/?product=b-nox-androrush-35-servicios\" \/>\n<meta property=\"og:site_name\" content=\"Team Mutan Ecuador\" \/>\n<meta property=\"article:modified_time\" content=\"2026-01-17T16:04:10+00:00\" \/>\n<meta property=\"og:image\" content=\"https:\/\/4.bp.blogspot.com\/-yzKV38gyR0g\/VlBCo7FD07I\/AAAAAAABDnI\/YnAwwjmR7j8\/s1600\/bnox_SF_7ff21185-fd66-47cb-a57b-4c98e2ed33e4_large.png\" \/>\n<meta name=\"twitter:card\" content=\"summary_large_image\" \/>\n<meta name=\"twitter:label1\" content=\"Tiempo de lectura\" \/>\n\t<meta name=\"twitter:data1\" content=\"6 minutos\" \/>\n<script type=\"application\/ld+json\" class=\"yoast-schema-graph\">{\"@context\":\"https:\/\/schema.org\",\"@graph\":[{\"@type\":\"WebPage\",\"@id\":\"https:\/\/teammutantecuador.com\/?product=b-nox-androrush-35-servicios\",\"url\":\"https:\/\/teammutantecuador.com\/?product=b-nox-androrush-35-servicios\",\"name\":\"B-NOX ANDRORUSH 35 Servicios - Team Mutan Ecuador\",\"isPartOf\":{\"@id\":\"https:\/\/teammutantecuador.com\/#website\"},\"primaryImageOfPage\":{\"@id\":\"https:\/\/teammutantecuador.com\/?product=b-nox-androrush-35-servicios#primaryimage\"},\"image\":{\"@id\":\"https:\/\/teammutantecuador.com\/?product=b-nox-androrush-35-servicios#primaryimage\"},\"thumbnailUrl\":\"https:\/\/4.bp.blogspot.com\/-yzKV38gyR0g\/VlBCo7FD07I\/AAAAAAABDnI\/YnAwwjmR7j8\/s1600\/bnox_SF_7ff21185-fd66-47cb-a57b-4c98e2ed33e4_large.png\",\"datePublished\":\"2026-01-17T16:04:08+00:00\",\"dateModified\":\"2026-01-17T16:04:10+00:00\",\"description\":\"BullNOX Androrush\u2122\u00a0de la marca americana\u00a0Betancourt Nutrition\u00a0es un poderoso pre-entreno potenciador del \u00f3xido n\u00edtrico y de la testosterona en polvo que contiene tres formas de creatina y beta alanina para aumentar la fuerza y la resistencia muscular.\",\"breadcrumb\":{\"@id\":\"https:\/\/teammutantecuador.com\/?product=b-nox-androrush-35-servicios#breadcrumb\"},\"inLanguage\":\"es\",\"potentialAction\":[{\"@type\":\"ReadAction\",\"target\":[\"https:\/\/teammutantecuador.com\/?product=b-nox-androrush-35-servicios\"]}]},{\"@type\":\"ImageObject\",\"inLanguage\":\"es\",\"@id\":\"https:\/\/teammutantecuador.com\/?product=b-nox-androrush-35-servicios#primaryimage\",\"url\":\"https:\/\/4.bp.blogspot.com\/-yzKV38gyR0g\/VlBCo7FD07I\/AAAAAAABDnI\/YnAwwjmR7j8\/s1600\/bnox_SF_7ff21185-fd66-47cb-a57b-4c98e2ed33e4_large.png\",\"contentUrl\":\"https:\/\/4.bp.blogspot.com\/-yzKV38gyR0g\/VlBCo7FD07I\/AAAAAAABDnI\/YnAwwjmR7j8\/s1600\/bnox_SF_7ff21185-fd66-47cb-a57b-4c98e2ed33e4_large.png\"},{\"@type\":\"BreadcrumbList\",\"@id\":\"https:\/\/teammutantecuador.com\/?product=b-nox-androrush-35-servicios#breadcrumb\",\"itemListElement\":[{\"@type\":\"ListItem\",\"position\":1,\"name\":\"Portada\",\"item\":\"https:\/\/teammutantecuador.com\/\"},{\"@type\":\"ListItem\",\"position\":2,\"name\":\"Shop\",\"item\":\"https:\/\/teammutantecuador.com\/?page_id=6\"},{\"@type\":\"ListItem\",\"position\":3,\"name\":\"B-NOX ANDRORUSH 35 Servicios\"}]},{\"@type\":\"WebSite\",\"@id\":\"https:\/\/teammutantecuador.com\/#website\",\"url\":\"https:\/\/teammutantecuador.com\/\",\"name\":\"Team Mutan Ecuador\",\"description\":\"Just another WordPress site\",\"publisher\":{\"@id\":\"https:\/\/teammutantecuador.com\/#organization\"},\"potentialAction\":[{\"@type\":\"SearchAction\",\"target\":{\"@type\":\"EntryPoint\",\"urlTemplate\":\"https:\/\/teammutantecuador.com\/?s={search_term_string}\"},\"query-input\":{\"@type\":\"PropertyValueSpecification\",\"valueRequired\":true,\"valueName\":\"search_term_string\"}}],\"inLanguage\":\"es\"},{\"@type\":\"Organization\",\"@id\":\"https:\/\/teammutantecuador.com\/#organization\",\"name\":\"Team Mutan Ecuador\",\"url\":\"https:\/\/teammutantecuador.com\/\",\"logo\":{\"@type\":\"ImageObject\",\"inLanguage\":\"es\",\"@id\":\"https:\/\/teammutantecuador.com\/#\/schema\/logo\/image\/\",\"url\":\"https:\/\/teammutantecuador.com\/wp-content\/uploads\/2026\/01\/Diseno-sin-titulo-97.png\",\"contentUrl\":\"https:\/\/teammutantecuador.com\/wp-content\/uploads\/2026\/01\/Diseno-sin-titulo-97.png\",\"width\":500,\"height\":300,\"caption\":\"Team Mutan Ecuador\"},\"image\":{\"@id\":\"https:\/\/teammutantecuador.com\/#\/schema\/logo\/image\/\"}}]}<\/script>\n<!-- \/ Yoast SEO plugin. -->","yoast_head_json":{"title":"B-NOX ANDRORUSH 35 Servicios - Team Mutan Ecuador","description":"BullNOX Androrush\u2122\u00a0de la marca americana\u00a0Betancourt Nutrition\u00a0es un poderoso pre-entreno potenciador del \u00f3xido n\u00edtrico y de la testosterona en polvo que contiene tres formas de creatina y beta alanina para aumentar la fuerza y la resistencia muscular.","robots":{"index":"index","follow":"follow","max-snippet":"max-snippet:-1","max-image-preview":"max-image-preview:large","max-video-preview":"max-video-preview:-1"},"canonical":"https:\/\/teammutantecuador.com\/?product=b-nox-androrush-35-servicios","og_locale":"es_ES","og_type":"article","og_title":"B-NOX ANDRORUSH 35 Servicios - Team Mutan Ecuador","og_description":"BullNOX Androrush\u2122\u00a0de la marca americana\u00a0Betancourt Nutrition\u00a0es un poderoso pre-entreno potenciador del \u00f3xido n\u00edtrico y de la testosterona en polvo que contiene tres formas de creatina y beta alanina para aumentar la fuerza y la resistencia muscular.","og_url":"https:\/\/teammutantecuador.com\/?product=b-nox-androrush-35-servicios","og_site_name":"Team Mutan Ecuador","article_modified_time":"2026-01-17T16:04:10+00:00","og_image":[{"url":"https:\/\/4.bp.blogspot.com\/-yzKV38gyR0g\/VlBCo7FD07I\/AAAAAAABDnI\/YnAwwjmR7j8\/s1600\/bnox_SF_7ff21185-fd66-47cb-a57b-4c98e2ed33e4_large.png","type":"","width":"","height":""}],"twitter_card":"summary_large_image","twitter_misc":{"Tiempo de lectura":"6 minutos"},"schema":{"@context":"https:\/\/schema.org","@graph":[{"@type":"WebPage","@id":"https:\/\/teammutantecuador.com\/?product=b-nox-androrush-35-servicios","url":"https:\/\/teammutantecuador.com\/?product=b-nox-androrush-35-servicios","name":"B-NOX ANDRORUSH 35 Servicios - Team Mutan Ecuador","isPartOf":{"@id":"https:\/\/teammutantecuador.com\/#website"},"primaryImageOfPage":{"@id":"https:\/\/teammutantecuador.com\/?product=b-nox-androrush-35-servicios#primaryimage"},"image":{"@id":"https:\/\/teammutantecuador.com\/?product=b-nox-androrush-35-servicios#primaryimage"},"thumbnailUrl":"https:\/\/4.bp.blogspot.com\/-yzKV38gyR0g\/VlBCo7FD07I\/AAAAAAABDnI\/YnAwwjmR7j8\/s1600\/bnox_SF_7ff21185-fd66-47cb-a57b-4c98e2ed33e4_large.png","datePublished":"2026-01-17T16:04:08+00:00","dateModified":"2026-01-17T16:04:10+00:00","description":"BullNOX Androrush\u2122\u00a0de la marca americana\u00a0Betancourt Nutrition\u00a0es un poderoso pre-entreno potenciador del \u00f3xido n\u00edtrico y de la testosterona en polvo que contiene tres formas de creatina y beta alanina para aumentar la fuerza y la resistencia muscular.","breadcrumb":{"@id":"https:\/\/teammutantecuador.com\/?product=b-nox-androrush-35-servicios#breadcrumb"},"inLanguage":"es","potentialAction":[{"@type":"ReadAction","target":["https:\/\/teammutantecuador.com\/?product=b-nox-androrush-35-servicios"]}]},{"@type":"ImageObject","inLanguage":"es","@id":"https:\/\/teammutantecuador.com\/?product=b-nox-androrush-35-servicios#primaryimage","url":"https:\/\/4.bp.blogspot.com\/-yzKV38gyR0g\/VlBCo7FD07I\/AAAAAAABDnI\/YnAwwjmR7j8\/s1600\/bnox_SF_7ff21185-fd66-47cb-a57b-4c98e2ed33e4_large.png","contentUrl":"https:\/\/4.bp.blogspot.com\/-yzKV38gyR0g\/VlBCo7FD07I\/AAAAAAABDnI\/YnAwwjmR7j8\/s1600\/bnox_SF_7ff21185-fd66-47cb-a57b-4c98e2ed33e4_large.png"},{"@type":"BreadcrumbList","@id":"https:\/\/teammutantecuador.com\/?product=b-nox-androrush-35-servicios#breadcrumb","itemListElement":[{"@type":"ListItem","position":1,"name":"Portada","item":"https:\/\/teammutantecuador.com\/"},{"@type":"ListItem","position":2,"name":"Shop","item":"https:\/\/teammutantecuador.com\/?page_id=6"},{"@type":"ListItem","position":3,"name":"B-NOX ANDRORUSH 35 Servicios"}]},{"@type":"WebSite","@id":"https:\/\/teammutantecuador.com\/#website","url":"https:\/\/teammutantecuador.com\/","name":"Team Mutan Ecuador","description":"Just another WordPress site","publisher":{"@id":"https:\/\/teammutantecuador.com\/#organization"},"potentialAction":[{"@type":"SearchAction","target":{"@type":"EntryPoint","urlTemplate":"https:\/\/teammutantecuador.com\/?s={search_term_string}"},"query-input":{"@type":"PropertyValueSpecification","valueRequired":true,"valueName":"search_term_string"}}],"inLanguage":"es"},{"@type":"Organization","@id":"https:\/\/teammutantecuador.com\/#organization","name":"Team Mutan Ecuador","url":"https:\/\/teammutantecuador.com\/","logo":{"@type":"ImageObject","inLanguage":"es","@id":"https:\/\/teammutantecuador.com\/#\/schema\/logo\/image\/","url":"https:\/\/teammutantecuador.com\/wp-content\/uploads\/2026\/01\/Diseno-sin-titulo-97.png","contentUrl":"https:\/\/teammutantecuador.com\/wp-content\/uploads\/2026\/01\/Diseno-sin-titulo-97.png","width":500,"height":300,"caption":"Team Mutan Ecuador"},"image":{"@id":"https:\/\/teammutantecuador.com\/#\/schema\/logo\/image\/"}}]}},"_links":{"self":[{"href":"https:\/\/teammutantecuador.com\/index.php?rest_route=\/wp\/v2\/product\/1492","targetHints":{"allow":["GET"]}}],"collection":[{"href":"https:\/\/teammutantecuador.com\/index.php?rest_route=\/wp\/v2\/product"}],"about":[{"href":"https:\/\/teammutantecuador.com\/index.php?rest_route=\/wp\/v2\/types\/product"}],"replies":[{"embeddable":true,"href":"https:\/\/teammutantecuador.com\/index.php?rest_route=%2Fwp%2Fv2%2Fcomments&post=1492"}],"wp:attachment":[{"href":"https:\/\/teammutantecuador.com\/index.php?rest_route=%2Fwp%2Fv2%2Fmedia&parent=1492"}],"wp:term":[{"taxonomy":"product_brand","embeddable":true,"href":"https:\/\/teammutantecuador.com\/index.php?rest_route=%2Fwp%2Fv2%2Fproduct_brand&post=1492"},{"taxonomy":"product_cat","embeddable":true,"href":"https:\/\/teammutantecuador.com\/index.php?rest_route=%2Fwp%2Fv2%2Fproduct_cat&post=1492"},{"taxonomy":"product_tag","embeddable":true,"href":"https:\/\/teammutantecuador.com\/index.php?rest_route=%2Fwp%2Fv2%2Fproduct_tag&post=1492"}],"curies":[{"name":"wp","href":"https:\/\/api.w.org\/{rel}","templated":true}]}}