{"id":1489,"date":"2026-01-17T16:04:08","date_gmt":"2026-01-17T16:04:08","guid":{"rendered":"https:\/\/teammutantecuador.com\/?post_type=product&#038;p=1489"},"modified":"2026-01-17T16:04:10","modified_gmt":"2026-01-17T16:04:10","slug":"vitamina-c-500-mg-only-natural","status":"publish","type":"product","link":"https:\/\/teammutantecuador.com\/?product=vitamina-c-500-mg-only-natural","title":{"rendered":"Vitamina C 500 mg Only Natural"},"content":{"rendered":"<p>La vitamina C o \u00e1cido asc\u00f3rbico es una vitamina esencial, fundamental para la formaci\u00f3n de col\u00e1geno, reparaci\u00f3n de tejidos y para la s\u00edntesis de l\u00edpidos y prote\u00ednas. Act\u00faa tambi\u00e9n como reductor y antioxidante.<\/p>\n<p>&nbsp;<\/p>\n<p>Es necesaria para el metabolismo del hierro, carbohidratos, tirosina, y \u00e1cido f\u00f3lico. El calcio es esencial en la funci\u00f3n del sistema nervioso y muscular, funci\u00f3n card\u00edaca, permeabilidad celular y coagulaci\u00f3n sangu\u00ednea. Act\u00faa tambi\u00e9n como cofactor enzim\u00e1tico e interviene en la secreci\u00f3n ex\u00f3crina y end\u00f3crina. Una adecuada ingesta de calcio es importante en los per\u00edodos de crecimiento r\u00e1pido como en la ni\u00f1ez y la adolescencia, as\u00ed como tambi\u00e9n en el embarazo y la lactancia. El ascorbato de calcio es una forma no \u00e1cida de vitamina C que tambi\u00e9n proporciona una cantidad \u00fatil de calcio. La vitamina C administrada por v\u00eda oral se absorbe r\u00e1pidamente en el tracto gastrointestinal. Se distribuye ampliamente por los todos los tejidos corporales, se metaboliza en el h\u00edgado y se elimina por la orina de forma inalterada.<\/p>\n","protected":false},"excerpt":{"rendered":"<p>La vitamina C o \u00e1cido asc\u00f3rbico es una vitamina esencial, fundamental para la formaci\u00f3n de col\u00e1geno, reparaci\u00f3n de tejidos y para la s\u00edntesis de l\u00edpidos y prote\u00ednas. Act\u00faa tambi\u00e9n como reductor y antioxidante.<\/p>\n","protected":false},"featured_media":0,"comment_status":"open","ping_status":"closed","template":"","meta":[],"product_brand":[],"product_cat":[393,360],"product_tag":[],"class_list":{"0":"post-1489","1":"product","2":"type-product","3":"status-publish","5":"product_cat-naturistas","6":"product_cat-vitaminas","8":"first","9":"instock","10":"shipping-taxable","11":"purchasable","12":"product-type-simple"},"yoast_head":"<!-- This site is optimized with the Yoast SEO plugin v26.8 - https:\/\/yoast.com\/product\/yoast-seo-wordpress\/ -->\n<title>Vitamina C 500 mg Only Natural - Team Mutan Ecuador<\/title>\n<meta name=\"description\" content=\"La vitamina C o \u00e1cido asc\u00f3rbico es una vitamina esencial, fundamental para la formaci\u00f3n de col\u00e1geno, reparaci\u00f3n de tejidos y para la s\u00edntesis de l\u00edpidos y prote\u00ednas. Act\u00faa tambi\u00e9n como reductor y antioxidante.\" \/>\n<meta name=\"robots\" content=\"index, follow, max-snippet:-1, max-image-preview:large, max-video-preview:-1\" \/>\n<link rel=\"canonical\" href=\"https:\/\/teammutantecuador.com\/?product=vitamina-c-500-mg-only-natural\" \/>\n<meta property=\"og:locale\" content=\"es_ES\" \/>\n<meta property=\"og:type\" content=\"article\" \/>\n<meta property=\"og:title\" content=\"Vitamina C 500 mg Only Natural - Team Mutan Ecuador\" \/>\n<meta property=\"og:description\" content=\"La vitamina C o \u00e1cido asc\u00f3rbico es una vitamina esencial, fundamental para la formaci\u00f3n de col\u00e1geno, reparaci\u00f3n de tejidos y para la s\u00edntesis de l\u00edpidos y prote\u00ednas. Act\u00faa tambi\u00e9n como reductor y antioxidante.\" \/>\n<meta property=\"og:url\" content=\"https:\/\/teammutantecuador.com\/?product=vitamina-c-500-mg-only-natural\" \/>\n<meta property=\"og:site_name\" content=\"Team Mutan Ecuador\" \/>\n<meta property=\"article:modified_time\" content=\"2026-01-17T16:04:10+00:00\" \/>\n<meta name=\"twitter:card\" content=\"summary_large_image\" \/>\n<meta name=\"twitter:label1\" content=\"Tiempo de lectura\" \/>\n\t<meta name=\"twitter:data1\" content=\"1 minuto\" \/>\n<script type=\"application\/ld+json\" class=\"yoast-schema-graph\">{\"@context\":\"https:\/\/schema.org\",\"@graph\":[{\"@type\":\"WebPage\",\"@id\":\"https:\/\/teammutantecuador.com\/?product=vitamina-c-500-mg-only-natural\",\"url\":\"https:\/\/teammutantecuador.com\/?product=vitamina-c-500-mg-only-natural\",\"name\":\"Vitamina C 500 mg Only Natural - Team Mutan Ecuador\",\"isPartOf\":{\"@id\":\"https:\/\/teammutantecuador.com\/#website\"},\"datePublished\":\"2026-01-17T16:04:08+00:00\",\"dateModified\":\"2026-01-17T16:04:10+00:00\",\"description\":\"La vitamina C o \u00e1cido asc\u00f3rbico es una vitamina esencial, fundamental para la formaci\u00f3n de col\u00e1geno, reparaci\u00f3n de tejidos y para la s\u00edntesis de l\u00edpidos y prote\u00ednas. Act\u00faa tambi\u00e9n como reductor y antioxidante.\",\"breadcrumb\":{\"@id\":\"https:\/\/teammutantecuador.com\/?product=vitamina-c-500-mg-only-natural#breadcrumb\"},\"inLanguage\":\"es\",\"potentialAction\":[{\"@type\":\"ReadAction\",\"target\":[\"https:\/\/teammutantecuador.com\/?product=vitamina-c-500-mg-only-natural\"]}]},{\"@type\":\"BreadcrumbList\",\"@id\":\"https:\/\/teammutantecuador.com\/?product=vitamina-c-500-mg-only-natural#breadcrumb\",\"itemListElement\":[{\"@type\":\"ListItem\",\"position\":1,\"name\":\"Portada\",\"item\":\"https:\/\/teammutantecuador.com\/\"},{\"@type\":\"ListItem\",\"position\":2,\"name\":\"Shop\",\"item\":\"https:\/\/teammutantecuador.com\/?page_id=6\"},{\"@type\":\"ListItem\",\"position\":3,\"name\":\"Vitamina C 500 mg Only Natural\"}]},{\"@type\":\"WebSite\",\"@id\":\"https:\/\/teammutantecuador.com\/#website\",\"url\":\"https:\/\/teammutantecuador.com\/\",\"name\":\"Team Mutan Ecuador\",\"description\":\"Just another WordPress site\",\"publisher\":{\"@id\":\"https:\/\/teammutantecuador.com\/#organization\"},\"potentialAction\":[{\"@type\":\"SearchAction\",\"target\":{\"@type\":\"EntryPoint\",\"urlTemplate\":\"https:\/\/teammutantecuador.com\/?s={search_term_string}\"},\"query-input\":{\"@type\":\"PropertyValueSpecification\",\"valueRequired\":true,\"valueName\":\"search_term_string\"}}],\"inLanguage\":\"es\"},{\"@type\":\"Organization\",\"@id\":\"https:\/\/teammutantecuador.com\/#organization\",\"name\":\"Team Mutan Ecuador\",\"url\":\"https:\/\/teammutantecuador.com\/\",\"logo\":{\"@type\":\"ImageObject\",\"inLanguage\":\"es\",\"@id\":\"https:\/\/teammutantecuador.com\/#\/schema\/logo\/image\/\",\"url\":\"https:\/\/teammutantecuador.com\/wp-content\/uploads\/2026\/01\/Diseno-sin-titulo-97.png\",\"contentUrl\":\"https:\/\/teammutantecuador.com\/wp-content\/uploads\/2026\/01\/Diseno-sin-titulo-97.png\",\"width\":500,\"height\":300,\"caption\":\"Team Mutan Ecuador\"},\"image\":{\"@id\":\"https:\/\/teammutantecuador.com\/#\/schema\/logo\/image\/\"}}]}<\/script>\n<!-- \/ Yoast SEO plugin. -->","yoast_head_json":{"title":"Vitamina C 500 mg Only Natural - Team Mutan Ecuador","description":"La vitamina C o \u00e1cido asc\u00f3rbico es una vitamina esencial, fundamental para la formaci\u00f3n de col\u00e1geno, reparaci\u00f3n de tejidos y para la s\u00edntesis de l\u00edpidos y prote\u00ednas. Act\u00faa tambi\u00e9n como reductor y antioxidante.","robots":{"index":"index","follow":"follow","max-snippet":"max-snippet:-1","max-image-preview":"max-image-preview:large","max-video-preview":"max-video-preview:-1"},"canonical":"https:\/\/teammutantecuador.com\/?product=vitamina-c-500-mg-only-natural","og_locale":"es_ES","og_type":"article","og_title":"Vitamina C 500 mg Only Natural - Team Mutan Ecuador","og_description":"La vitamina C o \u00e1cido asc\u00f3rbico es una vitamina esencial, fundamental para la formaci\u00f3n de col\u00e1geno, reparaci\u00f3n de tejidos y para la s\u00edntesis de l\u00edpidos y prote\u00ednas. Act\u00faa tambi\u00e9n como reductor y antioxidante.","og_url":"https:\/\/teammutantecuador.com\/?product=vitamina-c-500-mg-only-natural","og_site_name":"Team Mutan Ecuador","article_modified_time":"2026-01-17T16:04:10+00:00","twitter_card":"summary_large_image","twitter_misc":{"Tiempo de lectura":"1 minuto"},"schema":{"@context":"https:\/\/schema.org","@graph":[{"@type":"WebPage","@id":"https:\/\/teammutantecuador.com\/?product=vitamina-c-500-mg-only-natural","url":"https:\/\/teammutantecuador.com\/?product=vitamina-c-500-mg-only-natural","name":"Vitamina C 500 mg Only Natural - Team Mutan Ecuador","isPartOf":{"@id":"https:\/\/teammutantecuador.com\/#website"},"datePublished":"2026-01-17T16:04:08+00:00","dateModified":"2026-01-17T16:04:10+00:00","description":"La vitamina C o \u00e1cido asc\u00f3rbico es una vitamina esencial, fundamental para la formaci\u00f3n de col\u00e1geno, reparaci\u00f3n de tejidos y para la s\u00edntesis de l\u00edpidos y prote\u00ednas. Act\u00faa tambi\u00e9n como reductor y antioxidante.","breadcrumb":{"@id":"https:\/\/teammutantecuador.com\/?product=vitamina-c-500-mg-only-natural#breadcrumb"},"inLanguage":"es","potentialAction":[{"@type":"ReadAction","target":["https:\/\/teammutantecuador.com\/?product=vitamina-c-500-mg-only-natural"]}]},{"@type":"BreadcrumbList","@id":"https:\/\/teammutantecuador.com\/?product=vitamina-c-500-mg-only-natural#breadcrumb","itemListElement":[{"@type":"ListItem","position":1,"name":"Portada","item":"https:\/\/teammutantecuador.com\/"},{"@type":"ListItem","position":2,"name":"Shop","item":"https:\/\/teammutantecuador.com\/?page_id=6"},{"@type":"ListItem","position":3,"name":"Vitamina C 500 mg Only Natural"}]},{"@type":"WebSite","@id":"https:\/\/teammutantecuador.com\/#website","url":"https:\/\/teammutantecuador.com\/","name":"Team Mutan Ecuador","description":"Just another WordPress site","publisher":{"@id":"https:\/\/teammutantecuador.com\/#organization"},"potentialAction":[{"@type":"SearchAction","target":{"@type":"EntryPoint","urlTemplate":"https:\/\/teammutantecuador.com\/?s={search_term_string}"},"query-input":{"@type":"PropertyValueSpecification","valueRequired":true,"valueName":"search_term_string"}}],"inLanguage":"es"},{"@type":"Organization","@id":"https:\/\/teammutantecuador.com\/#organization","name":"Team Mutan Ecuador","url":"https:\/\/teammutantecuador.com\/","logo":{"@type":"ImageObject","inLanguage":"es","@id":"https:\/\/teammutantecuador.com\/#\/schema\/logo\/image\/","url":"https:\/\/teammutantecuador.com\/wp-content\/uploads\/2026\/01\/Diseno-sin-titulo-97.png","contentUrl":"https:\/\/teammutantecuador.com\/wp-content\/uploads\/2026\/01\/Diseno-sin-titulo-97.png","width":500,"height":300,"caption":"Team Mutan Ecuador"},"image":{"@id":"https:\/\/teammutantecuador.com\/#\/schema\/logo\/image\/"}}]}},"_links":{"self":[{"href":"https:\/\/teammutantecuador.com\/index.php?rest_route=\/wp\/v2\/product\/1489","targetHints":{"allow":["GET"]}}],"collection":[{"href":"https:\/\/teammutantecuador.com\/index.php?rest_route=\/wp\/v2\/product"}],"about":[{"href":"https:\/\/teammutantecuador.com\/index.php?rest_route=\/wp\/v2\/types\/product"}],"replies":[{"embeddable":true,"href":"https:\/\/teammutantecuador.com\/index.php?rest_route=%2Fwp%2Fv2%2Fcomments&post=1489"}],"wp:attachment":[{"href":"https:\/\/teammutantecuador.com\/index.php?rest_route=%2Fwp%2Fv2%2Fmedia&parent=1489"}],"wp:term":[{"taxonomy":"product_brand","embeddable":true,"href":"https:\/\/teammutantecuador.com\/index.php?rest_route=%2Fwp%2Fv2%2Fproduct_brand&post=1489"},{"taxonomy":"product_cat","embeddable":true,"href":"https:\/\/teammutantecuador.com\/index.php?rest_route=%2Fwp%2Fv2%2Fproduct_cat&post=1489"},{"taxonomy":"product_tag","embeddable":true,"href":"https:\/\/teammutantecuador.com\/index.php?rest_route=%2Fwp%2Fv2%2Fproduct_tag&post=1489"}],"curies":[{"name":"wp","href":"https:\/\/api.w.org\/{rel}","templated":true}]}}