{"id":1482,"date":"2026-01-17T16:04:08","date_gmt":"2026-01-17T16:04:08","guid":{"rendered":"https:\/\/teammutantecuador.com\/?post_type=product&#038;p=1482"},"modified":"2026-01-17T16:04:09","modified_gmt":"2026-01-17T16:04:09","slug":"testrol-original-60-tabs","status":"publish","type":"product","link":"https:\/\/teammutantecuador.com\/?product=testrol-original-60-tabs","title":{"rendered":"Testrol Original 60 Tabs"},"content":{"rendered":"<h6>TESTROL ORIGINAL<\/h6>\n<p>Potenciador de Testosterona de Doble Desempe\u00f1o<\/p>\n<ul>\n<li>Extracto de Tribulus terrestris m\u00e1s Epimedium (Hierba de cabra en celo), usado desde hace mucho tiempo para mejorar el rendimiento masculino.<\/li>\n<li>L-Arginina HCl, un amino\u00e1cido que es un precursor inmediato del \u00f3xido de n\u00edtrico, la Arginina juega un papel importante en la vasodilataci\u00f3n.<\/li>\n<li>Potenciador de fuerza y desempe\u00f1o masculino<\/li>\n<\/ul>\n<h6>INGREDIENTES DE S\u00d3LIDO DESEMPE\u00d1O PARA AUMENTAR<\/h6>\n<h5>TU RENDIMIENTO<\/h5>\n<hr class=\"gat_hr\" \/>\n<p>Testrol es el producto definitivo para rendimiento masculino de doble prop\u00f3sito que contiene algunos de los ingredientes m\u00e1s avanzados para aumentar la testosterona. Testrol es una forma natural y efectiva de ayudar a desarrollar m\u00fasculo y apoyar al desempe\u00f1o masculino. Las caracter\u00edsticas principales incluyen: refuerzos de \u00f3xido n\u00edtrico, apoyo en producci\u00f3n de la hormona masculina (dentro del rango normal). Esta f\u00f3rmula se puede tomar a diario para el mantenimiento continuo de la salud sexual o como un refuerzo de testosterona.<\/p>\n<p>Toma de 2-3 Tabletas cada dia en un estomago ligero o vacio. T\u00f3malo 8 semanas y descansa de tomarlo 2 semanas (2 botes completos)<\/p>\n<p>Bebe 2 vasos enteros de uva roja o jugo de fruta dentro de 1 hora despu\u00e9s de cada entrenamiento para optimizar la actividad de insulina.<\/p>\n<p>Consume de 1-2 Gr (1000-2000 Mg) de Amino\u00e1cidos ramificados en cadena despu\u00e9s de cada entrenamiento.<\/p>\n<p>Toma de 10-20 Gr de Creatina diario.<\/p>\n<p>Toma L-Glutamina despu\u00e9s de entrenar.<\/p>\n<p><strong>Advertencias:<\/strong><\/p>\n<p>La edad m\u00ednima para usar este producto es de 18 a\u00f1os. La gente con alta presi\u00f3n sangu\u00ednea, alto colesterol o gente que est\u00e9 tomando medicamentos o padezcan de condiciones m\u00e9dicas no deben usar Pre-Hormonales.<\/p>\n","protected":false},"excerpt":{"rendered":"<p>Potenciador de Testosterona de Doble Desempe\u00f1o<\/p>\n<ul>\n<li>Extracto de Tribulus terrestris m\u00e1s Epimedium (Hierba de cabra en celo), usado desde hace mucho tiempo para mejorar el rendimiento masculino.<\/li>\n<li>L-Arginina HCl, un amino\u00e1cido que es un precursor inmediato del \u00f3xido de n\u00edtrico, la Arginina juega un papel importante en la vasodilataci\u00f3n.<\/li>\n<li>Potenciador de fuerza y desempe\u00f1o masculino<\/li>\n<\/ul>\n","protected":false},"featured_media":0,"comment_status":"open","ping_status":"closed","template":"","meta":[],"product_brand":[],"product_cat":[375],"product_tag":[98,85,100,162,163],"class_list":{"0":"post-1482","1":"product","2":"type-product","3":"status-publish","5":"product_cat-testosterona","6":"product_tag-gat","7":"product_tag-gatsport","8":"product_tag-testosterona","9":"product_tag-testoteron","10":"product_tag-testrol","12":"first","13":"instock","14":"shipping-taxable","15":"purchasable","16":"product-type-simple"},"yoast_head":"<!-- This site is optimized with the Yoast SEO plugin v26.8 - https:\/\/yoast.com\/product\/yoast-seo-wordpress\/ -->\n<title>Testrol Original 60 Tabs - Team Mutan Ecuador<\/title>\n<meta name=\"description\" content=\"Potenciador de Testosterona de Doble Desempe\u00f1o Extracto de Tribulus terrestris m\u00e1s Epimedium (Hierba de cabra en celo), usado desde hace mucho tiempo para mejorar el rendimiento masculino.L-Arginina HCl, un amino\u00e1cido que es un precursor inmediato del \u00f3xido de n\u00edtrico, la Arginina juega un papel importante en la vasodilataci\u00f3n.Potenciador de fuerza y desempe\u00f1o masculino\" \/>\n<meta name=\"robots\" content=\"index, follow, max-snippet:-1, max-image-preview:large, max-video-preview:-1\" \/>\n<link rel=\"canonical\" href=\"https:\/\/teammutantecuador.com\/?product=testrol-original-60-tabs\" \/>\n<meta property=\"og:locale\" content=\"es_ES\" \/>\n<meta property=\"og:type\" content=\"article\" \/>\n<meta property=\"og:title\" content=\"Testrol Original 60 Tabs - Team Mutan Ecuador\" \/>\n<meta property=\"og:description\" content=\"Potenciador de Testosterona de Doble Desempe\u00f1o Extracto de Tribulus terrestris m\u00e1s Epimedium (Hierba de cabra en celo), usado desde hace mucho tiempo para mejorar el rendimiento masculino.L-Arginina HCl, un amino\u00e1cido que es un precursor inmediato del \u00f3xido de n\u00edtrico, la Arginina juega un papel importante en la vasodilataci\u00f3n.Potenciador de fuerza y desempe\u00f1o masculino\" \/>\n<meta property=\"og:url\" content=\"https:\/\/teammutantecuador.com\/?product=testrol-original-60-tabs\" \/>\n<meta property=\"og:site_name\" content=\"Team Mutan Ecuador\" \/>\n<meta property=\"article:modified_time\" content=\"2026-01-17T16:04:09+00:00\" \/>\n<meta name=\"twitter:card\" content=\"summary_large_image\" \/>\n<meta name=\"twitter:label1\" content=\"Tiempo de lectura\" \/>\n\t<meta name=\"twitter:data1\" content=\"1 minuto\" \/>\n<script type=\"application\/ld+json\" class=\"yoast-schema-graph\">{\"@context\":\"https:\/\/schema.org\",\"@graph\":[{\"@type\":\"WebPage\",\"@id\":\"https:\/\/teammutantecuador.com\/?product=testrol-original-60-tabs\",\"url\":\"https:\/\/teammutantecuador.com\/?product=testrol-original-60-tabs\",\"name\":\"Testrol Original 60 Tabs - Team Mutan Ecuador\",\"isPartOf\":{\"@id\":\"https:\/\/teammutantecuador.com\/#website\"},\"datePublished\":\"2026-01-17T16:04:08+00:00\",\"dateModified\":\"2026-01-17T16:04:09+00:00\",\"description\":\"Potenciador de Testosterona de Doble Desempe\u00f1o Extracto de Tribulus terrestris m\u00e1s Epimedium (Hierba de cabra en celo), usado desde hace mucho tiempo para mejorar el rendimiento masculino.L-Arginina HCl, un amino\u00e1cido que es un precursor inmediato del \u00f3xido de n\u00edtrico, la Arginina juega un papel importante en la vasodilataci\u00f3n.Potenciador de fuerza y desempe\u00f1o masculino\",\"breadcrumb\":{\"@id\":\"https:\/\/teammutantecuador.com\/?product=testrol-original-60-tabs#breadcrumb\"},\"inLanguage\":\"es\",\"potentialAction\":[{\"@type\":\"ReadAction\",\"target\":[\"https:\/\/teammutantecuador.com\/?product=testrol-original-60-tabs\"]}]},{\"@type\":\"BreadcrumbList\",\"@id\":\"https:\/\/teammutantecuador.com\/?product=testrol-original-60-tabs#breadcrumb\",\"itemListElement\":[{\"@type\":\"ListItem\",\"position\":1,\"name\":\"Portada\",\"item\":\"https:\/\/teammutantecuador.com\/\"},{\"@type\":\"ListItem\",\"position\":2,\"name\":\"Shop\",\"item\":\"https:\/\/teammutantecuador.com\/?page_id=6\"},{\"@type\":\"ListItem\",\"position\":3,\"name\":\"Testrol Original 60 Tabs\"}]},{\"@type\":\"WebSite\",\"@id\":\"https:\/\/teammutantecuador.com\/#website\",\"url\":\"https:\/\/teammutantecuador.com\/\",\"name\":\"Team Mutan Ecuador\",\"description\":\"Just another WordPress site\",\"publisher\":{\"@id\":\"https:\/\/teammutantecuador.com\/#organization\"},\"potentialAction\":[{\"@type\":\"SearchAction\",\"target\":{\"@type\":\"EntryPoint\",\"urlTemplate\":\"https:\/\/teammutantecuador.com\/?s={search_term_string}\"},\"query-input\":{\"@type\":\"PropertyValueSpecification\",\"valueRequired\":true,\"valueName\":\"search_term_string\"}}],\"inLanguage\":\"es\"},{\"@type\":\"Organization\",\"@id\":\"https:\/\/teammutantecuador.com\/#organization\",\"name\":\"Team Mutan Ecuador\",\"url\":\"https:\/\/teammutantecuador.com\/\",\"logo\":{\"@type\":\"ImageObject\",\"inLanguage\":\"es\",\"@id\":\"https:\/\/teammutantecuador.com\/#\/schema\/logo\/image\/\",\"url\":\"https:\/\/teammutantecuador.com\/wp-content\/uploads\/2026\/01\/Diseno-sin-titulo-97.png\",\"contentUrl\":\"https:\/\/teammutantecuador.com\/wp-content\/uploads\/2026\/01\/Diseno-sin-titulo-97.png\",\"width\":500,\"height\":300,\"caption\":\"Team Mutan Ecuador\"},\"image\":{\"@id\":\"https:\/\/teammutantecuador.com\/#\/schema\/logo\/image\/\"}}]}<\/script>\n<!-- \/ Yoast SEO plugin. -->","yoast_head_json":{"title":"Testrol Original 60 Tabs - Team Mutan Ecuador","description":"Potenciador de Testosterona de Doble Desempe\u00f1o Extracto de Tribulus terrestris m\u00e1s Epimedium (Hierba de cabra en celo), usado desde hace mucho tiempo para mejorar el rendimiento masculino.L-Arginina HCl, un amino\u00e1cido que es un precursor inmediato del \u00f3xido de n\u00edtrico, la Arginina juega un papel importante en la vasodilataci\u00f3n.Potenciador de fuerza y desempe\u00f1o masculino","robots":{"index":"index","follow":"follow","max-snippet":"max-snippet:-1","max-image-preview":"max-image-preview:large","max-video-preview":"max-video-preview:-1"},"canonical":"https:\/\/teammutantecuador.com\/?product=testrol-original-60-tabs","og_locale":"es_ES","og_type":"article","og_title":"Testrol Original 60 Tabs - Team Mutan Ecuador","og_description":"Potenciador de Testosterona de Doble Desempe\u00f1o Extracto de Tribulus terrestris m\u00e1s Epimedium (Hierba de cabra en celo), usado desde hace mucho tiempo para mejorar el rendimiento masculino.L-Arginina HCl, un amino\u00e1cido que es un precursor inmediato del \u00f3xido de n\u00edtrico, la Arginina juega un papel importante en la vasodilataci\u00f3n.Potenciador de fuerza y desempe\u00f1o masculino","og_url":"https:\/\/teammutantecuador.com\/?product=testrol-original-60-tabs","og_site_name":"Team Mutan Ecuador","article_modified_time":"2026-01-17T16:04:09+00:00","twitter_card":"summary_large_image","twitter_misc":{"Tiempo de lectura":"1 minuto"},"schema":{"@context":"https:\/\/schema.org","@graph":[{"@type":"WebPage","@id":"https:\/\/teammutantecuador.com\/?product=testrol-original-60-tabs","url":"https:\/\/teammutantecuador.com\/?product=testrol-original-60-tabs","name":"Testrol Original 60 Tabs - Team Mutan Ecuador","isPartOf":{"@id":"https:\/\/teammutantecuador.com\/#website"},"datePublished":"2026-01-17T16:04:08+00:00","dateModified":"2026-01-17T16:04:09+00:00","description":"Potenciador de Testosterona de Doble Desempe\u00f1o Extracto de Tribulus terrestris m\u00e1s Epimedium (Hierba de cabra en celo), usado desde hace mucho tiempo para mejorar el rendimiento masculino.L-Arginina HCl, un amino\u00e1cido que es un precursor inmediato del \u00f3xido de n\u00edtrico, la Arginina juega un papel importante en la vasodilataci\u00f3n.Potenciador de fuerza y desempe\u00f1o masculino","breadcrumb":{"@id":"https:\/\/teammutantecuador.com\/?product=testrol-original-60-tabs#breadcrumb"},"inLanguage":"es","potentialAction":[{"@type":"ReadAction","target":["https:\/\/teammutantecuador.com\/?product=testrol-original-60-tabs"]}]},{"@type":"BreadcrumbList","@id":"https:\/\/teammutantecuador.com\/?product=testrol-original-60-tabs#breadcrumb","itemListElement":[{"@type":"ListItem","position":1,"name":"Portada","item":"https:\/\/teammutantecuador.com\/"},{"@type":"ListItem","position":2,"name":"Shop","item":"https:\/\/teammutantecuador.com\/?page_id=6"},{"@type":"ListItem","position":3,"name":"Testrol Original 60 Tabs"}]},{"@type":"WebSite","@id":"https:\/\/teammutantecuador.com\/#website","url":"https:\/\/teammutantecuador.com\/","name":"Team Mutan Ecuador","description":"Just another WordPress site","publisher":{"@id":"https:\/\/teammutantecuador.com\/#organization"},"potentialAction":[{"@type":"SearchAction","target":{"@type":"EntryPoint","urlTemplate":"https:\/\/teammutantecuador.com\/?s={search_term_string}"},"query-input":{"@type":"PropertyValueSpecification","valueRequired":true,"valueName":"search_term_string"}}],"inLanguage":"es"},{"@type":"Organization","@id":"https:\/\/teammutantecuador.com\/#organization","name":"Team Mutan Ecuador","url":"https:\/\/teammutantecuador.com\/","logo":{"@type":"ImageObject","inLanguage":"es","@id":"https:\/\/teammutantecuador.com\/#\/schema\/logo\/image\/","url":"https:\/\/teammutantecuador.com\/wp-content\/uploads\/2026\/01\/Diseno-sin-titulo-97.png","contentUrl":"https:\/\/teammutantecuador.com\/wp-content\/uploads\/2026\/01\/Diseno-sin-titulo-97.png","width":500,"height":300,"caption":"Team Mutan Ecuador"},"image":{"@id":"https:\/\/teammutantecuador.com\/#\/schema\/logo\/image\/"}}]}},"_links":{"self":[{"href":"https:\/\/teammutantecuador.com\/index.php?rest_route=\/wp\/v2\/product\/1482","targetHints":{"allow":["GET"]}}],"collection":[{"href":"https:\/\/teammutantecuador.com\/index.php?rest_route=\/wp\/v2\/product"}],"about":[{"href":"https:\/\/teammutantecuador.com\/index.php?rest_route=\/wp\/v2\/types\/product"}],"replies":[{"embeddable":true,"href":"https:\/\/teammutantecuador.com\/index.php?rest_route=%2Fwp%2Fv2%2Fcomments&post=1482"}],"wp:attachment":[{"href":"https:\/\/teammutantecuador.com\/index.php?rest_route=%2Fwp%2Fv2%2Fmedia&parent=1482"}],"wp:term":[{"taxonomy":"product_brand","embeddable":true,"href":"https:\/\/teammutantecuador.com\/index.php?rest_route=%2Fwp%2Fv2%2Fproduct_brand&post=1482"},{"taxonomy":"product_cat","embeddable":true,"href":"https:\/\/teammutantecuador.com\/index.php?rest_route=%2Fwp%2Fv2%2Fproduct_cat&post=1482"},{"taxonomy":"product_tag","embeddable":true,"href":"https:\/\/teammutantecuador.com\/index.php?rest_route=%2Fwp%2Fv2%2Fproduct_tag&post=1482"}],"curies":[{"name":"wp","href":"https:\/\/api.w.org\/{rel}","templated":true}]}}