{"id":1470,"date":"2026-01-17T16:04:03","date_gmt":"2026-01-17T16:04:03","guid":{"rendered":"https:\/\/teammutantecuador.com\/?post_type=product&#038;p=1470"},"modified":"2026-01-20T16:33:38","modified_gmt":"2026-01-20T16:33:38","slug":"testo-propionato-100-mg-mutant-pharma","status":"publish","type":"product","link":"https:\/\/teammutantecuador.com\/?product=testo-propionato-100-mg-mutant-pharma","title":{"rendered":"Testo Propionato 100 Mg Mutant Pharma"},"content":{"rendered":"<p>Testo Propionato 100 Mg Mutant Pharma, es la conocida <strong>testosterona propionato<\/strong>. Es el \u00e9ster de testosterona m\u00e1s suave y la forma preferida de esta hormona para las fases de entrenamiento \/ dieta. Algunos llegar\u00e1n a decir que la testosterona propionato endurece el f\u00edsico, mientras le da al usuario menos retenci\u00f3n de agua y grasa de lo que normalmente se espera ver con una testosterona.<\/p>\n<p>Los usuarios sensibles a la ginecomastia pueden necesitar agregar un antiestr\u00f3geno. Aquellos particularmente preocupados pueden encontrar que una combinaci\u00f3n de <a href=\"https:\/\/quitofitness.com\/producto\/nolvadex-20-mg\/\">Nolvadex<\/a> y <a href=\"https:\/\/quitofitness.com\/producto\/proviron-25-mg\/\">Proviron o Anastrozol<\/a> funciona especialmente bien para prevenir \/ detener esta ocurrencia.<\/p>\n<p>Como con todos los productos de testosterona, el propionato tambi\u00e9n suprimir\u00e1 la producci\u00f3n end\u00f3gena de <strong>testosterona<\/strong>. El uso de un medicamento estimulante de testosterona como<a href=\"https:\/\/quitofitness.com\/producto\/hcg-pregnyl-5000ui\/\"> HCG<\/a> y \/ o <a href=\"https:\/\/quitofitness.com\/producto\/clomifeno-25-mg-mutant-pharma\/\">Clomid<\/a> es, por lo tanto, casi un requisito para evitar sufrir un colapso posterior al ciclo.<\/p>\n<p>Las reservas populares incluyen una dosis moderada de propionato con un anab\u00f3lico oral como Winstrol u Oxandrolona<\/p>\n<p>Adem\u00e1s, podemos agregar una <a href=\"https:\/\/quitofitness.com\/producto\/trenbolone-e-200\/\">Trembolona<\/a> o Halotestin, que deber\u00eda tener un efecto a\u00fan m\u00e1s extremo sobre la grasa corporal subcut\u00e1nea y la dureza muscular.<\/p>\n<p>MODO DE USO DE LA TESTOPLEX-P 100<br \/>\nLa testosterona propionato es comunmente usada en dosis entre 200 &#8211; 400 mg por semana. Esta dosis es dividida en inyecciones de 100 mg cada dos d\u00edas a tres d\u00edas.<\/p>\n<p>PRESENTACI\u00d3N<br \/>\nAmpolla de 10 mL\/100 mg.<\/p>\n","protected":false},"excerpt":{"rendered":"<p>Testoplex-P 100 de Laboratorios Xt Labs, es la conocida testosterona propionato. Es el \u00e9ster de testosterona m\u00e1s suave y la forma preferida de esta hormona para las fases de entrenamiento \/ dieta.<\/p>\n","protected":false},"featured_media":1807,"comment_status":"open","ping_status":"closed","template":"","meta":[],"product_brand":[151],"product_cat":[392],"product_tag":[105,154,130,100],"class_list":{"0":"post-1470","1":"product","2":"type-product","3":"status-publish","4":"has-post-thumbnail","6":"product_brand-mutant-pharma","7":"product_cat-anabolicos","8":"product_tag-anabolico","9":"product_tag-mutant-pharma","10":"product_tag-propionato","11":"product_tag-testosterona","13":"first","14":"instock","15":"shipping-taxable","16":"purchasable","17":"product-type-simple"},"yoast_head":"<!-- This site is optimized with the Yoast SEO plugin v26.8 - https:\/\/yoast.com\/product\/yoast-seo-wordpress\/ -->\n<title>Testo Propionato 100 Mg Mutant Pharma - Team Mutan Ecuador<\/title>\n<meta name=\"description\" content=\"Testoplex-P 100 de Laboratorios Xt Labs, es la conocida testosterona propionato. Es el \u00e9ster de testosterona m\u00e1s suave y la forma preferida de esta hormona para las fases de entrenamiento \/ dieta.\" \/>\n<meta name=\"robots\" content=\"index, follow, max-snippet:-1, max-image-preview:large, max-video-preview:-1\" \/>\n<link rel=\"canonical\" href=\"https:\/\/teammutantecuador.com\/?product=testo-propionato-100-mg-mutant-pharma\" \/>\n<meta property=\"og:locale\" content=\"es_ES\" \/>\n<meta property=\"og:type\" content=\"article\" \/>\n<meta property=\"og:title\" content=\"Testo Propionato 100 Mg Mutant Pharma - Team Mutan Ecuador\" \/>\n<meta property=\"og:description\" content=\"Testoplex-P 100 de Laboratorios Xt Labs, es la conocida testosterona propionato. Es el \u00e9ster de testosterona m\u00e1s suave y la forma preferida de esta hormona para las fases de entrenamiento \/ dieta.\" \/>\n<meta property=\"og:url\" content=\"https:\/\/teammutantecuador.com\/?product=testo-propionato-100-mg-mutant-pharma\" \/>\n<meta property=\"og:site_name\" content=\"Team Mutan Ecuador\" \/>\n<meta property=\"article:modified_time\" content=\"2026-01-20T16:33:38+00:00\" \/>\n<meta property=\"og:image\" content=\"https:\/\/teammutantecuador.com\/wp-content\/uploads\/2026\/01\/Primobolan-100-Mg-Mutant-Pharma-12.jpg\" \/>\n\t<meta property=\"og:image:width\" content=\"800\" \/>\n\t<meta property=\"og:image:height\" content=\"800\" \/>\n\t<meta property=\"og:image:type\" content=\"image\/jpeg\" \/>\n<meta name=\"twitter:card\" content=\"summary_large_image\" \/>\n<meta name=\"twitter:label1\" content=\"Tiempo de lectura\" \/>\n\t<meta name=\"twitter:data1\" content=\"2 minutos\" \/>\n<script type=\"application\/ld+json\" class=\"yoast-schema-graph\">{\"@context\":\"https:\/\/schema.org\",\"@graph\":[{\"@type\":\"WebPage\",\"@id\":\"https:\/\/teammutantecuador.com\/?product=testo-propionato-100-mg-mutant-pharma\",\"url\":\"https:\/\/teammutantecuador.com\/?product=testo-propionato-100-mg-mutant-pharma\",\"name\":\"Testo Propionato 100 Mg Mutant Pharma - Team Mutan Ecuador\",\"isPartOf\":{\"@id\":\"https:\/\/teammutantecuador.com\/#website\"},\"primaryImageOfPage\":{\"@id\":\"https:\/\/teammutantecuador.com\/?product=testo-propionato-100-mg-mutant-pharma#primaryimage\"},\"image\":{\"@id\":\"https:\/\/teammutantecuador.com\/?product=testo-propionato-100-mg-mutant-pharma#primaryimage\"},\"thumbnailUrl\":\"https:\/\/teammutantecuador.com\/wp-content\/uploads\/2026\/01\/Primobolan-100-Mg-Mutant-Pharma-12.jpg\",\"datePublished\":\"2026-01-17T16:04:03+00:00\",\"dateModified\":\"2026-01-20T16:33:38+00:00\",\"description\":\"Testoplex-P 100 de Laboratorios Xt Labs, es la conocida testosterona propionato. Es el \u00e9ster de testosterona m\u00e1s suave y la forma preferida de esta hormona para las fases de entrenamiento \/ dieta.\",\"breadcrumb\":{\"@id\":\"https:\/\/teammutantecuador.com\/?product=testo-propionato-100-mg-mutant-pharma#breadcrumb\"},\"inLanguage\":\"es\",\"potentialAction\":[{\"@type\":\"ReadAction\",\"target\":[\"https:\/\/teammutantecuador.com\/?product=testo-propionato-100-mg-mutant-pharma\"]}]},{\"@type\":\"ImageObject\",\"inLanguage\":\"es\",\"@id\":\"https:\/\/teammutantecuador.com\/?product=testo-propionato-100-mg-mutant-pharma#primaryimage\",\"url\":\"https:\/\/teammutantecuador.com\/wp-content\/uploads\/2026\/01\/Primobolan-100-Mg-Mutant-Pharma-12.jpg\",\"contentUrl\":\"https:\/\/teammutantecuador.com\/wp-content\/uploads\/2026\/01\/Primobolan-100-Mg-Mutant-Pharma-12.jpg\",\"width\":800,\"height\":800,\"caption\":\"Testo Propionato 100 Mg Mutant Pharma\"},{\"@type\":\"BreadcrumbList\",\"@id\":\"https:\/\/teammutantecuador.com\/?product=testo-propionato-100-mg-mutant-pharma#breadcrumb\",\"itemListElement\":[{\"@type\":\"ListItem\",\"position\":1,\"name\":\"Portada\",\"item\":\"https:\/\/teammutantecuador.com\/\"},{\"@type\":\"ListItem\",\"position\":2,\"name\":\"Shop\",\"item\":\"https:\/\/teammutantecuador.com\/?page_id=6\"},{\"@type\":\"ListItem\",\"position\":3,\"name\":\"Testo Propionato 100 Mg Mutant Pharma\"}]},{\"@type\":\"WebSite\",\"@id\":\"https:\/\/teammutantecuador.com\/#website\",\"url\":\"https:\/\/teammutantecuador.com\/\",\"name\":\"Team Mutan Ecuador\",\"description\":\"Just another WordPress site\",\"publisher\":{\"@id\":\"https:\/\/teammutantecuador.com\/#organization\"},\"potentialAction\":[{\"@type\":\"SearchAction\",\"target\":{\"@type\":\"EntryPoint\",\"urlTemplate\":\"https:\/\/teammutantecuador.com\/?s={search_term_string}\"},\"query-input\":{\"@type\":\"PropertyValueSpecification\",\"valueRequired\":true,\"valueName\":\"search_term_string\"}}],\"inLanguage\":\"es\"},{\"@type\":\"Organization\",\"@id\":\"https:\/\/teammutantecuador.com\/#organization\",\"name\":\"Team Mutan Ecuador\",\"url\":\"https:\/\/teammutantecuador.com\/\",\"logo\":{\"@type\":\"ImageObject\",\"inLanguage\":\"es\",\"@id\":\"https:\/\/teammutantecuador.com\/#\/schema\/logo\/image\/\",\"url\":\"https:\/\/teammutantecuador.com\/wp-content\/uploads\/2026\/01\/Diseno-sin-titulo-97.png\",\"contentUrl\":\"https:\/\/teammutantecuador.com\/wp-content\/uploads\/2026\/01\/Diseno-sin-titulo-97.png\",\"width\":500,\"height\":300,\"caption\":\"Team Mutan Ecuador\"},\"image\":{\"@id\":\"https:\/\/teammutantecuador.com\/#\/schema\/logo\/image\/\"}}]}<\/script>\n<!-- \/ Yoast SEO plugin. -->","yoast_head_json":{"title":"Testo Propionato 100 Mg Mutant Pharma - Team Mutan Ecuador","description":"Testoplex-P 100 de Laboratorios Xt Labs, es la conocida testosterona propionato. Es el \u00e9ster de testosterona m\u00e1s suave y la forma preferida de esta hormona para las fases de entrenamiento \/ dieta.","robots":{"index":"index","follow":"follow","max-snippet":"max-snippet:-1","max-image-preview":"max-image-preview:large","max-video-preview":"max-video-preview:-1"},"canonical":"https:\/\/teammutantecuador.com\/?product=testo-propionato-100-mg-mutant-pharma","og_locale":"es_ES","og_type":"article","og_title":"Testo Propionato 100 Mg Mutant Pharma - Team Mutan Ecuador","og_description":"Testoplex-P 100 de Laboratorios Xt Labs, es la conocida testosterona propionato. Es el \u00e9ster de testosterona m\u00e1s suave y la forma preferida de esta hormona para las fases de entrenamiento \/ dieta.","og_url":"https:\/\/teammutantecuador.com\/?product=testo-propionato-100-mg-mutant-pharma","og_site_name":"Team Mutan Ecuador","article_modified_time":"2026-01-20T16:33:38+00:00","og_image":[{"width":800,"height":800,"url":"https:\/\/teammutantecuador.com\/wp-content\/uploads\/2026\/01\/Primobolan-100-Mg-Mutant-Pharma-12.jpg","type":"image\/jpeg"}],"twitter_card":"summary_large_image","twitter_misc":{"Tiempo de lectura":"2 minutos"},"schema":{"@context":"https:\/\/schema.org","@graph":[{"@type":"WebPage","@id":"https:\/\/teammutantecuador.com\/?product=testo-propionato-100-mg-mutant-pharma","url":"https:\/\/teammutantecuador.com\/?product=testo-propionato-100-mg-mutant-pharma","name":"Testo Propionato 100 Mg Mutant Pharma - Team Mutan Ecuador","isPartOf":{"@id":"https:\/\/teammutantecuador.com\/#website"},"primaryImageOfPage":{"@id":"https:\/\/teammutantecuador.com\/?product=testo-propionato-100-mg-mutant-pharma#primaryimage"},"image":{"@id":"https:\/\/teammutantecuador.com\/?product=testo-propionato-100-mg-mutant-pharma#primaryimage"},"thumbnailUrl":"https:\/\/teammutantecuador.com\/wp-content\/uploads\/2026\/01\/Primobolan-100-Mg-Mutant-Pharma-12.jpg","datePublished":"2026-01-17T16:04:03+00:00","dateModified":"2026-01-20T16:33:38+00:00","description":"Testoplex-P 100 de Laboratorios Xt Labs, es la conocida testosterona propionato. Es el \u00e9ster de testosterona m\u00e1s suave y la forma preferida de esta hormona para las fases de entrenamiento \/ dieta.","breadcrumb":{"@id":"https:\/\/teammutantecuador.com\/?product=testo-propionato-100-mg-mutant-pharma#breadcrumb"},"inLanguage":"es","potentialAction":[{"@type":"ReadAction","target":["https:\/\/teammutantecuador.com\/?product=testo-propionato-100-mg-mutant-pharma"]}]},{"@type":"ImageObject","inLanguage":"es","@id":"https:\/\/teammutantecuador.com\/?product=testo-propionato-100-mg-mutant-pharma#primaryimage","url":"https:\/\/teammutantecuador.com\/wp-content\/uploads\/2026\/01\/Primobolan-100-Mg-Mutant-Pharma-12.jpg","contentUrl":"https:\/\/teammutantecuador.com\/wp-content\/uploads\/2026\/01\/Primobolan-100-Mg-Mutant-Pharma-12.jpg","width":800,"height":800,"caption":"Testo Propionato 100 Mg Mutant Pharma"},{"@type":"BreadcrumbList","@id":"https:\/\/teammutantecuador.com\/?product=testo-propionato-100-mg-mutant-pharma#breadcrumb","itemListElement":[{"@type":"ListItem","position":1,"name":"Portada","item":"https:\/\/teammutantecuador.com\/"},{"@type":"ListItem","position":2,"name":"Shop","item":"https:\/\/teammutantecuador.com\/?page_id=6"},{"@type":"ListItem","position":3,"name":"Testo Propionato 100 Mg Mutant Pharma"}]},{"@type":"WebSite","@id":"https:\/\/teammutantecuador.com\/#website","url":"https:\/\/teammutantecuador.com\/","name":"Team Mutan Ecuador","description":"Just another WordPress site","publisher":{"@id":"https:\/\/teammutantecuador.com\/#organization"},"potentialAction":[{"@type":"SearchAction","target":{"@type":"EntryPoint","urlTemplate":"https:\/\/teammutantecuador.com\/?s={search_term_string}"},"query-input":{"@type":"PropertyValueSpecification","valueRequired":true,"valueName":"search_term_string"}}],"inLanguage":"es"},{"@type":"Organization","@id":"https:\/\/teammutantecuador.com\/#organization","name":"Team Mutan Ecuador","url":"https:\/\/teammutantecuador.com\/","logo":{"@type":"ImageObject","inLanguage":"es","@id":"https:\/\/teammutantecuador.com\/#\/schema\/logo\/image\/","url":"https:\/\/teammutantecuador.com\/wp-content\/uploads\/2026\/01\/Diseno-sin-titulo-97.png","contentUrl":"https:\/\/teammutantecuador.com\/wp-content\/uploads\/2026\/01\/Diseno-sin-titulo-97.png","width":500,"height":300,"caption":"Team Mutan Ecuador"},"image":{"@id":"https:\/\/teammutantecuador.com\/#\/schema\/logo\/image\/"}}]}},"_links":{"self":[{"href":"https:\/\/teammutantecuador.com\/index.php?rest_route=\/wp\/v2\/product\/1470","targetHints":{"allow":["GET"]}}],"collection":[{"href":"https:\/\/teammutantecuador.com\/index.php?rest_route=\/wp\/v2\/product"}],"about":[{"href":"https:\/\/teammutantecuador.com\/index.php?rest_route=\/wp\/v2\/types\/product"}],"replies":[{"embeddable":true,"href":"https:\/\/teammutantecuador.com\/index.php?rest_route=%2Fwp%2Fv2%2Fcomments&post=1470"}],"wp:featuredmedia":[{"embeddable":true,"href":"https:\/\/teammutantecuador.com\/index.php?rest_route=\/wp\/v2\/media\/1807"}],"wp:attachment":[{"href":"https:\/\/teammutantecuador.com\/index.php?rest_route=%2Fwp%2Fv2%2Fmedia&parent=1470"}],"wp:term":[{"taxonomy":"product_brand","embeddable":true,"href":"https:\/\/teammutantecuador.com\/index.php?rest_route=%2Fwp%2Fv2%2Fproduct_brand&post=1470"},{"taxonomy":"product_cat","embeddable":true,"href":"https:\/\/teammutantecuador.com\/index.php?rest_route=%2Fwp%2Fv2%2Fproduct_cat&post=1470"},{"taxonomy":"product_tag","embeddable":true,"href":"https:\/\/teammutantecuador.com\/index.php?rest_route=%2Fwp%2Fv2%2Fproduct_tag&post=1470"}],"curies":[{"name":"wp","href":"https:\/\/api.w.org\/{rel}","templated":true}]}}