{"id":1467,"date":"2026-01-17T16:04:03","date_gmt":"2026-01-17T16:04:03","guid":{"rendered":"https:\/\/teammutantecuador.com\/?post_type=product&#038;p=1467"},"modified":"2026-01-20T16:44:28","modified_gmt":"2026-01-20T16:44:28","slug":"winstrol-100-mg-x-10-ml-mutant-pharma","status":"publish","type":"product","link":"https:\/\/teammutantecuador.com\/?product=winstrol-100-mg-x-10-ml-mutant-pharma","title":{"rendered":"Winstrol 100 Mg X 10 ML Mutant Pharma"},"content":{"rendered":"<p><strong>Winstrol<\/strong> 100 mg x 10 mL es favorecido por su habilidad para promover el crecimiento muscular sin retenci\u00f3n de agua, haciendolo altamente valioso para fisiculturistas y atletas de competencia que est\u00e1n en dietas.<\/p>\n<p>CARACTER\u00cdSTICAS DEL WINSTROL<br \/>\nEl <strong>winstrol<\/strong> no es aromatizado por el cuerpo ni es mesurablemente androg\u00e9nico<\/p>\n<p>No es necesario el uso de un anti-estrog\u00e9nico cuando se administra solo.<\/p>\n<p>La ginecomastia tampoco debe ser un problema ni se necesita el uso del<a href=\"https:\/\/quitofitness.com\/producto\/clomifeno-25-mg-mutant-pharma\/\"><strong> clomifeno<\/strong><\/a>.<\/p>\n<p>El <strong>winstrol<\/strong> es preferido durante ciclos de corte y definici\u00f3n, cuando no se desea agua ni grasa.<\/p>\n<p>Esta sustancia es la predilecta por los atletas que requieren combinar velocidad y fuerza, en deportes tales como de pista y campo de juego.<\/p>\n<p>MODO DE USO<br \/>\nLa dosis para atletas y fisiculturistas es m\u00e1s com\u00fanmente de 50 mg d\u00eda por medio en un ciclo de 8 &#8211; 10 semanas.<\/p>\n<p>PRESENTACI\u00d3N<br \/>\nAmpolla de 10 mL x 100 mg de concentraci\u00f3n.<\/p>\n","protected":false},"excerpt":{"rendered":"<p>Winstrol 100 mg x 10 mL es favorecido por su habilidad para promover el crecimiento muscular sin retenci\u00f3n de agua, haciendolo altamente valioso para fisiculturistas y atletas de competencia que est\u00e1n en dietas.<\/p>\n","protected":false},"featured_media":1823,"comment_status":"open","ping_status":"closed","template":"","meta":[],"product_brand":[151],"product_cat":[392],"product_tag":[153,154,126,155],"class_list":{"0":"post-1467","1":"product","2":"type-product","3":"status-publish","4":"has-post-thumbnail","6":"product_brand-mutant-pharma","7":"product_cat-anabolicos","8":"product_tag-anabolicos","9":"product_tag-mutant-pharma","10":"product_tag-winstrol","11":"product_tag-winstrol-inyectable","13":"first","14":"instock","15":"sale","16":"shipping-taxable","17":"purchasable","18":"product-type-simple"},"yoast_head":"<!-- This site is optimized with the Yoast SEO plugin v26.8 - https:\/\/yoast.com\/product\/yoast-seo-wordpress\/ -->\n<title>Winstrol 100 Mg X 10 ML Mutant Pharma - Team Mutan Ecuador<\/title>\n<meta name=\"description\" content=\"Winstrol 100 mg x 10 mL es favorecido por su habilidad para promover el crecimiento muscular sin retenci\u00f3n de agua, haciendolo altamente valioso para fisiculturistas y atletas de competencia que est\u00e1n en dietas.\" \/>\n<meta name=\"robots\" content=\"index, follow, max-snippet:-1, max-image-preview:large, max-video-preview:-1\" \/>\n<link rel=\"canonical\" href=\"https:\/\/teammutantecuador.com\/?product=winstrol-100-mg-x-10-ml-mutant-pharma\" \/>\n<meta property=\"og:locale\" content=\"es_ES\" \/>\n<meta property=\"og:type\" content=\"article\" \/>\n<meta property=\"og:title\" content=\"Winstrol 100 Mg X 10 ML Mutant Pharma - Team Mutan Ecuador\" \/>\n<meta property=\"og:description\" content=\"Winstrol 100 mg x 10 mL es favorecido por su habilidad para promover el crecimiento muscular sin retenci\u00f3n de agua, haciendolo altamente valioso para fisiculturistas y atletas de competencia que est\u00e1n en dietas.\" \/>\n<meta property=\"og:url\" content=\"https:\/\/teammutantecuador.com\/?product=winstrol-100-mg-x-10-ml-mutant-pharma\" \/>\n<meta property=\"og:site_name\" content=\"Team Mutan Ecuador\" \/>\n<meta property=\"article:modified_time\" content=\"2026-01-20T16:44:28+00:00\" \/>\n<meta property=\"og:image\" content=\"https:\/\/teammutantecuador.com\/wp-content\/uploads\/2026\/01\/Primobolan-100-Mg-Mutant-Pharma-24.jpg\" \/>\n\t<meta property=\"og:image:width\" content=\"800\" \/>\n\t<meta property=\"og:image:height\" content=\"800\" \/>\n\t<meta property=\"og:image:type\" content=\"image\/jpeg\" \/>\n<meta name=\"twitter:card\" content=\"summary_large_image\" \/>\n<meta name=\"twitter:label1\" content=\"Tiempo de lectura\" \/>\n\t<meta name=\"twitter:data1\" content=\"1 minuto\" \/>\n<script type=\"application\/ld+json\" class=\"yoast-schema-graph\">{\"@context\":\"https:\/\/schema.org\",\"@graph\":[{\"@type\":\"WebPage\",\"@id\":\"https:\/\/teammutantecuador.com\/?product=winstrol-100-mg-x-10-ml-mutant-pharma\",\"url\":\"https:\/\/teammutantecuador.com\/?product=winstrol-100-mg-x-10-ml-mutant-pharma\",\"name\":\"Winstrol 100 Mg X 10 ML Mutant Pharma - Team Mutan Ecuador\",\"isPartOf\":{\"@id\":\"https:\/\/teammutantecuador.com\/#website\"},\"primaryImageOfPage\":{\"@id\":\"https:\/\/teammutantecuador.com\/?product=winstrol-100-mg-x-10-ml-mutant-pharma#primaryimage\"},\"image\":{\"@id\":\"https:\/\/teammutantecuador.com\/?product=winstrol-100-mg-x-10-ml-mutant-pharma#primaryimage\"},\"thumbnailUrl\":\"https:\/\/teammutantecuador.com\/wp-content\/uploads\/2026\/01\/Primobolan-100-Mg-Mutant-Pharma-24.jpg\",\"datePublished\":\"2026-01-17T16:04:03+00:00\",\"dateModified\":\"2026-01-20T16:44:28+00:00\",\"description\":\"Winstrol 100 mg x 10 mL es favorecido por su habilidad para promover el crecimiento muscular sin retenci\u00f3n de agua, haciendolo altamente valioso para fisiculturistas y atletas de competencia que est\u00e1n en dietas.\",\"breadcrumb\":{\"@id\":\"https:\/\/teammutantecuador.com\/?product=winstrol-100-mg-x-10-ml-mutant-pharma#breadcrumb\"},\"inLanguage\":\"es\",\"potentialAction\":[{\"@type\":\"ReadAction\",\"target\":[\"https:\/\/teammutantecuador.com\/?product=winstrol-100-mg-x-10-ml-mutant-pharma\"]}]},{\"@type\":\"ImageObject\",\"inLanguage\":\"es\",\"@id\":\"https:\/\/teammutantecuador.com\/?product=winstrol-100-mg-x-10-ml-mutant-pharma#primaryimage\",\"url\":\"https:\/\/teammutantecuador.com\/wp-content\/uploads\/2026\/01\/Primobolan-100-Mg-Mutant-Pharma-24.jpg\",\"contentUrl\":\"https:\/\/teammutantecuador.com\/wp-content\/uploads\/2026\/01\/Primobolan-100-Mg-Mutant-Pharma-24.jpg\",\"width\":800,\"height\":800,\"caption\":\"Winstrol 100 Mg X 10 ML Mutant Pharma\"},{\"@type\":\"BreadcrumbList\",\"@id\":\"https:\/\/teammutantecuador.com\/?product=winstrol-100-mg-x-10-ml-mutant-pharma#breadcrumb\",\"itemListElement\":[{\"@type\":\"ListItem\",\"position\":1,\"name\":\"Portada\",\"item\":\"https:\/\/teammutantecuador.com\/\"},{\"@type\":\"ListItem\",\"position\":2,\"name\":\"Shop\",\"item\":\"https:\/\/teammutantecuador.com\/?page_id=6\"},{\"@type\":\"ListItem\",\"position\":3,\"name\":\"Winstrol 100 Mg X 10 ML Mutant Pharma\"}]},{\"@type\":\"WebSite\",\"@id\":\"https:\/\/teammutantecuador.com\/#website\",\"url\":\"https:\/\/teammutantecuador.com\/\",\"name\":\"Team Mutan Ecuador\",\"description\":\"Just another WordPress site\",\"publisher\":{\"@id\":\"https:\/\/teammutantecuador.com\/#organization\"},\"potentialAction\":[{\"@type\":\"SearchAction\",\"target\":{\"@type\":\"EntryPoint\",\"urlTemplate\":\"https:\/\/teammutantecuador.com\/?s={search_term_string}\"},\"query-input\":{\"@type\":\"PropertyValueSpecification\",\"valueRequired\":true,\"valueName\":\"search_term_string\"}}],\"inLanguage\":\"es\"},{\"@type\":\"Organization\",\"@id\":\"https:\/\/teammutantecuador.com\/#organization\",\"name\":\"Team Mutan Ecuador\",\"url\":\"https:\/\/teammutantecuador.com\/\",\"logo\":{\"@type\":\"ImageObject\",\"inLanguage\":\"es\",\"@id\":\"https:\/\/teammutantecuador.com\/#\/schema\/logo\/image\/\",\"url\":\"https:\/\/teammutantecuador.com\/wp-content\/uploads\/2026\/01\/Diseno-sin-titulo-97.png\",\"contentUrl\":\"https:\/\/teammutantecuador.com\/wp-content\/uploads\/2026\/01\/Diseno-sin-titulo-97.png\",\"width\":500,\"height\":300,\"caption\":\"Team Mutan Ecuador\"},\"image\":{\"@id\":\"https:\/\/teammutantecuador.com\/#\/schema\/logo\/image\/\"}}]}<\/script>\n<!-- \/ Yoast SEO plugin. -->","yoast_head_json":{"title":"Winstrol 100 Mg X 10 ML Mutant Pharma - Team Mutan Ecuador","description":"Winstrol 100 mg x 10 mL es favorecido por su habilidad para promover el crecimiento muscular sin retenci\u00f3n de agua, haciendolo altamente valioso para fisiculturistas y atletas de competencia que est\u00e1n en dietas.","robots":{"index":"index","follow":"follow","max-snippet":"max-snippet:-1","max-image-preview":"max-image-preview:large","max-video-preview":"max-video-preview:-1"},"canonical":"https:\/\/teammutantecuador.com\/?product=winstrol-100-mg-x-10-ml-mutant-pharma","og_locale":"es_ES","og_type":"article","og_title":"Winstrol 100 Mg X 10 ML Mutant Pharma - Team Mutan Ecuador","og_description":"Winstrol 100 mg x 10 mL es favorecido por su habilidad para promover el crecimiento muscular sin retenci\u00f3n de agua, haciendolo altamente valioso para fisiculturistas y atletas de competencia que est\u00e1n en dietas.","og_url":"https:\/\/teammutantecuador.com\/?product=winstrol-100-mg-x-10-ml-mutant-pharma","og_site_name":"Team Mutan Ecuador","article_modified_time":"2026-01-20T16:44:28+00:00","og_image":[{"width":800,"height":800,"url":"https:\/\/teammutantecuador.com\/wp-content\/uploads\/2026\/01\/Primobolan-100-Mg-Mutant-Pharma-24.jpg","type":"image\/jpeg"}],"twitter_card":"summary_large_image","twitter_misc":{"Tiempo de lectura":"1 minuto"},"schema":{"@context":"https:\/\/schema.org","@graph":[{"@type":"WebPage","@id":"https:\/\/teammutantecuador.com\/?product=winstrol-100-mg-x-10-ml-mutant-pharma","url":"https:\/\/teammutantecuador.com\/?product=winstrol-100-mg-x-10-ml-mutant-pharma","name":"Winstrol 100 Mg X 10 ML Mutant Pharma - Team Mutan Ecuador","isPartOf":{"@id":"https:\/\/teammutantecuador.com\/#website"},"primaryImageOfPage":{"@id":"https:\/\/teammutantecuador.com\/?product=winstrol-100-mg-x-10-ml-mutant-pharma#primaryimage"},"image":{"@id":"https:\/\/teammutantecuador.com\/?product=winstrol-100-mg-x-10-ml-mutant-pharma#primaryimage"},"thumbnailUrl":"https:\/\/teammutantecuador.com\/wp-content\/uploads\/2026\/01\/Primobolan-100-Mg-Mutant-Pharma-24.jpg","datePublished":"2026-01-17T16:04:03+00:00","dateModified":"2026-01-20T16:44:28+00:00","description":"Winstrol 100 mg x 10 mL es favorecido por su habilidad para promover el crecimiento muscular sin retenci\u00f3n de agua, haciendolo altamente valioso para fisiculturistas y atletas de competencia que est\u00e1n en dietas.","breadcrumb":{"@id":"https:\/\/teammutantecuador.com\/?product=winstrol-100-mg-x-10-ml-mutant-pharma#breadcrumb"},"inLanguage":"es","potentialAction":[{"@type":"ReadAction","target":["https:\/\/teammutantecuador.com\/?product=winstrol-100-mg-x-10-ml-mutant-pharma"]}]},{"@type":"ImageObject","inLanguage":"es","@id":"https:\/\/teammutantecuador.com\/?product=winstrol-100-mg-x-10-ml-mutant-pharma#primaryimage","url":"https:\/\/teammutantecuador.com\/wp-content\/uploads\/2026\/01\/Primobolan-100-Mg-Mutant-Pharma-24.jpg","contentUrl":"https:\/\/teammutantecuador.com\/wp-content\/uploads\/2026\/01\/Primobolan-100-Mg-Mutant-Pharma-24.jpg","width":800,"height":800,"caption":"Winstrol 100 Mg X 10 ML Mutant Pharma"},{"@type":"BreadcrumbList","@id":"https:\/\/teammutantecuador.com\/?product=winstrol-100-mg-x-10-ml-mutant-pharma#breadcrumb","itemListElement":[{"@type":"ListItem","position":1,"name":"Portada","item":"https:\/\/teammutantecuador.com\/"},{"@type":"ListItem","position":2,"name":"Shop","item":"https:\/\/teammutantecuador.com\/?page_id=6"},{"@type":"ListItem","position":3,"name":"Winstrol 100 Mg X 10 ML Mutant Pharma"}]},{"@type":"WebSite","@id":"https:\/\/teammutantecuador.com\/#website","url":"https:\/\/teammutantecuador.com\/","name":"Team Mutan Ecuador","description":"Just another WordPress site","publisher":{"@id":"https:\/\/teammutantecuador.com\/#organization"},"potentialAction":[{"@type":"SearchAction","target":{"@type":"EntryPoint","urlTemplate":"https:\/\/teammutantecuador.com\/?s={search_term_string}"},"query-input":{"@type":"PropertyValueSpecification","valueRequired":true,"valueName":"search_term_string"}}],"inLanguage":"es"},{"@type":"Organization","@id":"https:\/\/teammutantecuador.com\/#organization","name":"Team Mutan Ecuador","url":"https:\/\/teammutantecuador.com\/","logo":{"@type":"ImageObject","inLanguage":"es","@id":"https:\/\/teammutantecuador.com\/#\/schema\/logo\/image\/","url":"https:\/\/teammutantecuador.com\/wp-content\/uploads\/2026\/01\/Diseno-sin-titulo-97.png","contentUrl":"https:\/\/teammutantecuador.com\/wp-content\/uploads\/2026\/01\/Diseno-sin-titulo-97.png","width":500,"height":300,"caption":"Team Mutan Ecuador"},"image":{"@id":"https:\/\/teammutantecuador.com\/#\/schema\/logo\/image\/"}}]}},"_links":{"self":[{"href":"https:\/\/teammutantecuador.com\/index.php?rest_route=\/wp\/v2\/product\/1467","targetHints":{"allow":["GET"]}}],"collection":[{"href":"https:\/\/teammutantecuador.com\/index.php?rest_route=\/wp\/v2\/product"}],"about":[{"href":"https:\/\/teammutantecuador.com\/index.php?rest_route=\/wp\/v2\/types\/product"}],"replies":[{"embeddable":true,"href":"https:\/\/teammutantecuador.com\/index.php?rest_route=%2Fwp%2Fv2%2Fcomments&post=1467"}],"wp:featuredmedia":[{"embeddable":true,"href":"https:\/\/teammutantecuador.com\/index.php?rest_route=\/wp\/v2\/media\/1823"}],"wp:attachment":[{"href":"https:\/\/teammutantecuador.com\/index.php?rest_route=%2Fwp%2Fv2%2Fmedia&parent=1467"}],"wp:term":[{"taxonomy":"product_brand","embeddable":true,"href":"https:\/\/teammutantecuador.com\/index.php?rest_route=%2Fwp%2Fv2%2Fproduct_brand&post=1467"},{"taxonomy":"product_cat","embeddable":true,"href":"https:\/\/teammutantecuador.com\/index.php?rest_route=%2Fwp%2Fv2%2Fproduct_cat&post=1467"},{"taxonomy":"product_tag","embeddable":true,"href":"https:\/\/teammutantecuador.com\/index.php?rest_route=%2Fwp%2Fv2%2Fproduct_tag&post=1467"}],"curies":[{"name":"wp","href":"https:\/\/api.w.org\/{rel}","templated":true}]}}