{"id":1458,"date":"2026-01-17T16:04:02","date_gmt":"2026-01-17T16:04:02","guid":{"rendered":"https:\/\/teammutantecuador.com\/?post_type=product&#038;p=1458"},"modified":"2026-01-21T11:30:28","modified_gmt":"2026-01-21T11:30:28","slug":"propionato-probolic-100mg-10ml-cooper-pharma","status":"publish","type":"product","link":"https:\/\/teammutantecuador.com\/?product=propionato-probolic-100mg-10ml-cooper-pharma","title":{"rendered":"Propionato Probolic 100mg 10ml Cooper Pharma"},"content":{"rendered":"<p>Propionato Probolic Cooper Pharma<br \/>\nForma farmaceutica de Probolic Propionato Cooper Pharma<\/p>\n<p>Clase de medicamento: anab\u00f3licos esteroides (por inyecci\u00f3n intramuscular)<br \/>\nVida activa: 2 a 3 dias<br \/>\nDosis media: Hombres 200 \u2013 1000 mg \/ semana<br \/>\nLa toxicidad del h\u00edgado: Baja (de todas formas recomendamos la utilizaci\u00f3n de protectores hep\u00e1ticos)<br \/>\nTasa de aromatizaci\u00f3n: Media \u2013 Alta (se deben usar protectores antiestrogenicos)<br \/>\nConversi\u00f3n DHT: alta<br \/>\nDisminuci\u00f3n de la funci\u00f3n ATAR: Alta (se debe usar Post Ciclo)<br \/>\nSubstancia activa: Propinato de Testosterona 100mg\/ml<br \/>\nProbolic es un esteroide inyectable fabricado por Cooper Pharma , su principio activo es el propionato de testosterona.<\/p>\n<p>La testosterona propionato es similar al enantato, cipionato, y Sustanon. Sin embargo, en comparaci\u00f3n con estos es un \u00e9ster mucho m\u00e1s corto y dar\u00e1 un efecto m\u00e1s r\u00e1pido en el torrente sangu\u00edneo. Como resultado de su corta acci\u00f3n, se requieren mayor frecuencia de aplicaci\u00f3n (d\u00eda por medio) para as\u00ed evitar que los niveles en sangre bajen. Los niveles m\u00e1ximos de Propionato de testosterona en sangre tienen lugar despu\u00e9s de 24-36 horas y empiezan a descender desde all\u00ed. Si Testoxyl Propionato de testosterona 100 es el esteroide de elecci\u00f3n, se aconseja los productos auxiliares antiestrogenicos como Nolvadex, Proviron y Arimidex para tener a mano durante el ciclo. Todas las testosteronas aromatizan, aunque algunas tienen menor probabilidad de causar ese efecto. Propionato de testosterona 100 es una de esas testosteronas, aunque siempre se deben tomar las medidas preventivas correspondientes.<\/p>\n<p>Probolic tiene una corta vida en sangre de 2-3 d\u00edas. Tiene los mismos beneficios que otra testosterona con la ventaja de ser de acci\u00f3n r\u00e1pida. Otra ventaja del propionato en comparaci\u00f3n a otras testosteronas es que genera una menor retenci\u00f3n h\u00eddrica, lo que lo hace especial para ciclos de ganancia muscular magra y definici\u00f3n. Los beneficios de la testosterona, como el bombeo muscular mejora se pueden sentir muy poco despu\u00e9s se administrar propionato, debido a su corta vida media y la duraci\u00f3n correspondiente de activaci\u00f3n.<\/p>\n<p>DOSIFICACI\u00d3N TENTATIVA DE PROPIONATO PROBOLIC<br \/>\nComo un esteroide inyectable de corta duraci\u00f3n a base de aceite, la dosis recomendada es de 50 a 100mg d\u00eda por medio, conjuntamente se debe a\u00f1adir Proviron como medida de precauci\u00f3n de 25 a 50mg diario basta en la mayor\u00eda de los casos. Se recomienda rotar las zonas de inyecci\u00f3n, para no tener problemas.<\/p>\n<p>Para fines de aumento de volumen muscular es recomendable combinar con base como Decanoato de nandrolona o Boldenona, y adem\u00e1s a\u00f1adir Dianabol u Oximetolona durante las primeras 4 semanas de ciclo, para producir\u00e1 mayores ganancias de fuerza y volumen. Para un ciclo de corte y definici\u00f3n lo mejor es a\u00f1adir Proviron, lo que reducir\u00e1 la acumulaci\u00f3n de estr\u00f3genos, aumentar\u00e1 la dureza y la fuerza muscular, adem\u00e1s permitir\u00e1 un nivel m\u00e1s alto de testosterona libre.<\/p>\n<p>Tambi\u00e9n otros compuestos son muy buenos para ser utilizados junto a propionato, compuestos b\u00e1sicos tales como Boldenona o Primobolan hacen un buen partido para ciclos mas largos y para ciclos mas cercanos a la competici\u00f3n o llegada del verano se recomienda Oxandrolona, Trembolona o Estanozolol ya que estos tambi\u00e9n ayudar\u00e1n a incrementar la dureza del m\u00fasculo y reducir la grasa corporal, mientras se mantiene la masa muscular magra. Con la testosterona, cualquier combinaci\u00f3n es posible. La testosterona es siempre el compuesto base en un ciclo de esteroides.<\/p>\n<p>PROTECTORES<br \/>\nEn cuanto a los protectores, se aconseja el uso de anti-estr\u00f3genos. Para el corte y definici\u00f3n se utiliza Proviron o Anastrozol durante gran parte del ciclo. La testosterona, es un compuesto aromatizante, tambi\u00e9n muy supresor de la testosterona natural, por lo que una terapia post-ciclo con Anastrozol, Clomid y HCG siempre necesario. Se comienza a administrar el post ciclo 4 dias despu\u00e9s de haber terminado el ciclo. Para los \u00e9steres m\u00e1s largos como enantato o cipionato el post ciclo se empieza a utilizar 1,5 a 2 semanas terminada la ultima aplicaci\u00f3n de estos compuestos. Obviamente, ese plazo debe reducirse a 1 semana o incluso 4 dias despu\u00e9s de la ultima aplicaci\u00f3n de propionato. La terapia post ciclo facilitara el retorno de la testosterona natural y ayudara a que el usuario retenga la mayor parte de la masa muscular ganada.<\/p>\n<p>Efectos secundarios:<\/p>\n<p>Probolic es de hecho simplemente otra forma de testosterona inyectable, los efectos asociados son en su mayor parte los com\u00fanmente encontrado con cualquier tipo de compuesto testosterona.<\/p>\n<p>Como ya sabemos el propionato, suprime la producci\u00f3n end\u00f3gena de testosterona que ocurrir\u00e1 muy pronto despu\u00e9s de la administraci\u00f3n del farmaco. Es por eso muy importante realizar el post ciclo adecuado.<\/p>\n","protected":false},"excerpt":{"rendered":"<p>Propionato Probolic Cooper Pharma<br \/>\nForma farmaceutica de Probolic Propionato Cooper Pharma<\/p>\n<p>Clase de medicamento: anab\u00f3licos esteroides (por inyecci\u00f3n intramuscular)<br \/>\nVida activa: 2 a 3 dias<br \/>\nDosis media: Hombres 200 \u2013 1000 mg \/ semana<br \/>\nLa toxicidad del h\u00edgado: Baja (de todas formas recomendamos la utilizaci\u00f3n de protectores hep\u00e1ticos)<br \/>\nTasa de aromatizaci\u00f3n: Media \u2013 Alta (se deben usar protectores antiestrogenicos)<br \/>\nConversi\u00f3n DHT: alta<br \/>\nDisminuci\u00f3n de la funci\u00f3n ATAR: Alta (se debe usar Post Ciclo)<br \/>\nSubstancia activa: Propinato de Testosterona 100mg\/ml<\/p>\n","protected":false},"featured_media":1796,"comment_status":"open","ping_status":"closed","template":"","meta":[],"product_brand":[112],"product_cat":[392],"product_tag":[105,106,107,129,130,87],"class_list":{"0":"post-1458","1":"product","2":"type-product","3":"status-publish","4":"has-post-thumbnail","6":"product_brand-cooper-pharma","7":"product_cat-anabolicos","8":"product_tag-anabolico","9":"product_tag-cooper","10":"product_tag-cooper-pharma","11":"product_tag-probolic","12":"product_tag-propionato","13":"product_tag-tetosterona","15":"first","16":"instock","17":"sale","18":"shipping-taxable","19":"purchasable","20":"product-type-simple"},"yoast_head":"<!-- This site is optimized with the Yoast SEO plugin v26.8 - https:\/\/yoast.com\/product\/yoast-seo-wordpress\/ -->\n<title>Propionato Probolic 100mg 10ml Cooper Pharma - Team Mutan Ecuador<\/title>\n<meta name=\"description\" content=\"Propionato Probolic Cooper Pharma Forma farmaceutica de Probolic Propionato Cooper PharmaClase de medicamento: anab\u00f3licos esteroides (por inyecci\u00f3n intramuscular)Vida activa: 2 a 3 diasDosis media: Hombres 200 \u2013 1000 mg \/ semanaLa toxicidad del h\u00edgado: Baja (de todas formas recomendamos la utilizaci\u00f3n de protectores hep\u00e1ticos)Tasa de aromatizaci\u00f3n: Media \u2013 Alta (se deben usar protectores antiestrogenicos)Conversi\u00f3n DHT: altaDisminuci\u00f3n de la funci\u00f3n ATAR: Alta (se debe usar Post Ciclo)Substancia activa: Propinato de Testosterona 100mg\/ml\" \/>\n<meta name=\"robots\" content=\"index, follow, max-snippet:-1, max-image-preview:large, max-video-preview:-1\" \/>\n<link rel=\"canonical\" href=\"https:\/\/teammutantecuador.com\/?product=propionato-probolic-100mg-10ml-cooper-pharma\" \/>\n<meta property=\"og:locale\" content=\"es_ES\" \/>\n<meta property=\"og:type\" content=\"article\" \/>\n<meta property=\"og:title\" content=\"Propionato Probolic 100mg 10ml Cooper Pharma - Team Mutan Ecuador\" \/>\n<meta property=\"og:description\" content=\"Propionato Probolic Cooper Pharma Forma farmaceutica de Probolic Propionato Cooper PharmaClase de medicamento: anab\u00f3licos esteroides (por inyecci\u00f3n intramuscular)Vida activa: 2 a 3 diasDosis media: Hombres 200 \u2013 1000 mg \/ semanaLa toxicidad del h\u00edgado: Baja (de todas formas recomendamos la utilizaci\u00f3n de protectores hep\u00e1ticos)Tasa de aromatizaci\u00f3n: Media \u2013 Alta (se deben usar protectores antiestrogenicos)Conversi\u00f3n DHT: altaDisminuci\u00f3n de la funci\u00f3n ATAR: Alta (se debe usar Post Ciclo)Substancia activa: Propinato de Testosterona 100mg\/ml\" \/>\n<meta property=\"og:url\" content=\"https:\/\/teammutantecuador.com\/?product=propionato-probolic-100mg-10ml-cooper-pharma\" \/>\n<meta property=\"og:site_name\" content=\"Team Mutan Ecuador\" \/>\n<meta property=\"article:modified_time\" content=\"2026-01-21T11:30:28+00:00\" \/>\n<meta property=\"og:image\" content=\"https:\/\/teammutantecuador.com\/wp-content\/uploads\/2026\/01\/Primobolan-100-Mg-Mutant-Pharma-3.jpg\" \/>\n\t<meta property=\"og:image:width\" content=\"800\" \/>\n\t<meta property=\"og:image:height\" content=\"800\" \/>\n\t<meta property=\"og:image:type\" content=\"image\/jpeg\" \/>\n<meta name=\"twitter:card\" content=\"summary_large_image\" \/>\n<meta name=\"twitter:label1\" content=\"Tiempo de lectura\" \/>\n\t<meta name=\"twitter:data1\" content=\"4 minutos\" \/>\n<script type=\"application\/ld+json\" class=\"yoast-schema-graph\">{\"@context\":\"https:\/\/schema.org\",\"@graph\":[{\"@type\":\"WebPage\",\"@id\":\"https:\/\/teammutantecuador.com\/?product=propionato-probolic-100mg-10ml-cooper-pharma\",\"url\":\"https:\/\/teammutantecuador.com\/?product=propionato-probolic-100mg-10ml-cooper-pharma\",\"name\":\"Propionato Probolic 100mg 10ml Cooper Pharma - Team Mutan Ecuador\",\"isPartOf\":{\"@id\":\"https:\/\/teammutantecuador.com\/#website\"},\"primaryImageOfPage\":{\"@id\":\"https:\/\/teammutantecuador.com\/?product=propionato-probolic-100mg-10ml-cooper-pharma#primaryimage\"},\"image\":{\"@id\":\"https:\/\/teammutantecuador.com\/?product=propionato-probolic-100mg-10ml-cooper-pharma#primaryimage\"},\"thumbnailUrl\":\"https:\/\/teammutantecuador.com\/wp-content\/uploads\/2026\/01\/Primobolan-100-Mg-Mutant-Pharma-3.jpg\",\"datePublished\":\"2026-01-17T16:04:02+00:00\",\"dateModified\":\"2026-01-21T11:30:28+00:00\",\"description\":\"Propionato Probolic Cooper Pharma Forma farmaceutica de Probolic Propionato Cooper PharmaClase de medicamento: anab\u00f3licos esteroides (por inyecci\u00f3n intramuscular)Vida activa: 2 a 3 diasDosis media: Hombres 200 \u2013 1000 mg \/ semanaLa toxicidad del h\u00edgado: Baja (de todas formas recomendamos la utilizaci\u00f3n de protectores hep\u00e1ticos)Tasa de aromatizaci\u00f3n: Media \u2013 Alta (se deben usar protectores antiestrogenicos)Conversi\u00f3n DHT: altaDisminuci\u00f3n de la funci\u00f3n ATAR: Alta (se debe usar Post Ciclo)Substancia activa: Propinato de Testosterona 100mg\/ml\",\"breadcrumb\":{\"@id\":\"https:\/\/teammutantecuador.com\/?product=propionato-probolic-100mg-10ml-cooper-pharma#breadcrumb\"},\"inLanguage\":\"es\",\"potentialAction\":[{\"@type\":\"ReadAction\",\"target\":[\"https:\/\/teammutantecuador.com\/?product=propionato-probolic-100mg-10ml-cooper-pharma\"]}]},{\"@type\":\"ImageObject\",\"inLanguage\":\"es\",\"@id\":\"https:\/\/teammutantecuador.com\/?product=propionato-probolic-100mg-10ml-cooper-pharma#primaryimage\",\"url\":\"https:\/\/teammutantecuador.com\/wp-content\/uploads\/2026\/01\/Primobolan-100-Mg-Mutant-Pharma-3.jpg\",\"contentUrl\":\"https:\/\/teammutantecuador.com\/wp-content\/uploads\/2026\/01\/Primobolan-100-Mg-Mutant-Pharma-3.jpg\",\"width\":800,\"height\":800,\"caption\":\"Propionato Probolic 100mg 10ml Cooper Pharma\"},{\"@type\":\"BreadcrumbList\",\"@id\":\"https:\/\/teammutantecuador.com\/?product=propionato-probolic-100mg-10ml-cooper-pharma#breadcrumb\",\"itemListElement\":[{\"@type\":\"ListItem\",\"position\":1,\"name\":\"Portada\",\"item\":\"https:\/\/teammutantecuador.com\/\"},{\"@type\":\"ListItem\",\"position\":2,\"name\":\"Shop\",\"item\":\"https:\/\/teammutantecuador.com\/?page_id=6\"},{\"@type\":\"ListItem\",\"position\":3,\"name\":\"Propionato Probolic 100mg 10ml Cooper Pharma\"}]},{\"@type\":\"WebSite\",\"@id\":\"https:\/\/teammutantecuador.com\/#website\",\"url\":\"https:\/\/teammutantecuador.com\/\",\"name\":\"Team Mutan Ecuador\",\"description\":\"Just another WordPress site\",\"publisher\":{\"@id\":\"https:\/\/teammutantecuador.com\/#organization\"},\"potentialAction\":[{\"@type\":\"SearchAction\",\"target\":{\"@type\":\"EntryPoint\",\"urlTemplate\":\"https:\/\/teammutantecuador.com\/?s={search_term_string}\"},\"query-input\":{\"@type\":\"PropertyValueSpecification\",\"valueRequired\":true,\"valueName\":\"search_term_string\"}}],\"inLanguage\":\"es\"},{\"@type\":\"Organization\",\"@id\":\"https:\/\/teammutantecuador.com\/#organization\",\"name\":\"Team Mutan Ecuador\",\"url\":\"https:\/\/teammutantecuador.com\/\",\"logo\":{\"@type\":\"ImageObject\",\"inLanguage\":\"es\",\"@id\":\"https:\/\/teammutantecuador.com\/#\/schema\/logo\/image\/\",\"url\":\"https:\/\/teammutantecuador.com\/wp-content\/uploads\/2026\/01\/Diseno-sin-titulo-97.png\",\"contentUrl\":\"https:\/\/teammutantecuador.com\/wp-content\/uploads\/2026\/01\/Diseno-sin-titulo-97.png\",\"width\":500,\"height\":300,\"caption\":\"Team Mutan Ecuador\"},\"image\":{\"@id\":\"https:\/\/teammutantecuador.com\/#\/schema\/logo\/image\/\"}}]}<\/script>\n<!-- \/ Yoast SEO plugin. -->","yoast_head_json":{"title":"Propionato Probolic 100mg 10ml Cooper Pharma - Team Mutan Ecuador","description":"Propionato Probolic Cooper Pharma Forma farmaceutica de Probolic Propionato Cooper PharmaClase de medicamento: anab\u00f3licos esteroides (por inyecci\u00f3n intramuscular)Vida activa: 2 a 3 diasDosis media: Hombres 200 \u2013 1000 mg \/ semanaLa toxicidad del h\u00edgado: Baja (de todas formas recomendamos la utilizaci\u00f3n de protectores hep\u00e1ticos)Tasa de aromatizaci\u00f3n: Media \u2013 Alta (se deben usar protectores antiestrogenicos)Conversi\u00f3n DHT: altaDisminuci\u00f3n de la funci\u00f3n ATAR: Alta (se debe usar Post Ciclo)Substancia activa: Propinato de Testosterona 100mg\/ml","robots":{"index":"index","follow":"follow","max-snippet":"max-snippet:-1","max-image-preview":"max-image-preview:large","max-video-preview":"max-video-preview:-1"},"canonical":"https:\/\/teammutantecuador.com\/?product=propionato-probolic-100mg-10ml-cooper-pharma","og_locale":"es_ES","og_type":"article","og_title":"Propionato Probolic 100mg 10ml Cooper Pharma - Team Mutan Ecuador","og_description":"Propionato Probolic Cooper Pharma Forma farmaceutica de Probolic Propionato Cooper PharmaClase de medicamento: anab\u00f3licos esteroides (por inyecci\u00f3n intramuscular)Vida activa: 2 a 3 diasDosis media: Hombres 200 \u2013 1000 mg \/ semanaLa toxicidad del h\u00edgado: Baja (de todas formas recomendamos la utilizaci\u00f3n de protectores hep\u00e1ticos)Tasa de aromatizaci\u00f3n: Media \u2013 Alta (se deben usar protectores antiestrogenicos)Conversi\u00f3n DHT: altaDisminuci\u00f3n de la funci\u00f3n ATAR: Alta (se debe usar Post Ciclo)Substancia activa: Propinato de Testosterona 100mg\/ml","og_url":"https:\/\/teammutantecuador.com\/?product=propionato-probolic-100mg-10ml-cooper-pharma","og_site_name":"Team Mutan Ecuador","article_modified_time":"2026-01-21T11:30:28+00:00","og_image":[{"width":800,"height":800,"url":"https:\/\/teammutantecuador.com\/wp-content\/uploads\/2026\/01\/Primobolan-100-Mg-Mutant-Pharma-3.jpg","type":"image\/jpeg"}],"twitter_card":"summary_large_image","twitter_misc":{"Tiempo de lectura":"4 minutos"},"schema":{"@context":"https:\/\/schema.org","@graph":[{"@type":"WebPage","@id":"https:\/\/teammutantecuador.com\/?product=propionato-probolic-100mg-10ml-cooper-pharma","url":"https:\/\/teammutantecuador.com\/?product=propionato-probolic-100mg-10ml-cooper-pharma","name":"Propionato Probolic 100mg 10ml Cooper Pharma - Team Mutan Ecuador","isPartOf":{"@id":"https:\/\/teammutantecuador.com\/#website"},"primaryImageOfPage":{"@id":"https:\/\/teammutantecuador.com\/?product=propionato-probolic-100mg-10ml-cooper-pharma#primaryimage"},"image":{"@id":"https:\/\/teammutantecuador.com\/?product=propionato-probolic-100mg-10ml-cooper-pharma#primaryimage"},"thumbnailUrl":"https:\/\/teammutantecuador.com\/wp-content\/uploads\/2026\/01\/Primobolan-100-Mg-Mutant-Pharma-3.jpg","datePublished":"2026-01-17T16:04:02+00:00","dateModified":"2026-01-21T11:30:28+00:00","description":"Propionato Probolic Cooper Pharma Forma farmaceutica de Probolic Propionato Cooper PharmaClase de medicamento: anab\u00f3licos esteroides (por inyecci\u00f3n intramuscular)Vida activa: 2 a 3 diasDosis media: Hombres 200 \u2013 1000 mg \/ semanaLa toxicidad del h\u00edgado: Baja (de todas formas recomendamos la utilizaci\u00f3n de protectores hep\u00e1ticos)Tasa de aromatizaci\u00f3n: Media \u2013 Alta (se deben usar protectores antiestrogenicos)Conversi\u00f3n DHT: altaDisminuci\u00f3n de la funci\u00f3n ATAR: Alta (se debe usar Post Ciclo)Substancia activa: Propinato de Testosterona 100mg\/ml","breadcrumb":{"@id":"https:\/\/teammutantecuador.com\/?product=propionato-probolic-100mg-10ml-cooper-pharma#breadcrumb"},"inLanguage":"es","potentialAction":[{"@type":"ReadAction","target":["https:\/\/teammutantecuador.com\/?product=propionato-probolic-100mg-10ml-cooper-pharma"]}]},{"@type":"ImageObject","inLanguage":"es","@id":"https:\/\/teammutantecuador.com\/?product=propionato-probolic-100mg-10ml-cooper-pharma#primaryimage","url":"https:\/\/teammutantecuador.com\/wp-content\/uploads\/2026\/01\/Primobolan-100-Mg-Mutant-Pharma-3.jpg","contentUrl":"https:\/\/teammutantecuador.com\/wp-content\/uploads\/2026\/01\/Primobolan-100-Mg-Mutant-Pharma-3.jpg","width":800,"height":800,"caption":"Propionato Probolic 100mg 10ml Cooper Pharma"},{"@type":"BreadcrumbList","@id":"https:\/\/teammutantecuador.com\/?product=propionato-probolic-100mg-10ml-cooper-pharma#breadcrumb","itemListElement":[{"@type":"ListItem","position":1,"name":"Portada","item":"https:\/\/teammutantecuador.com\/"},{"@type":"ListItem","position":2,"name":"Shop","item":"https:\/\/teammutantecuador.com\/?page_id=6"},{"@type":"ListItem","position":3,"name":"Propionato Probolic 100mg 10ml Cooper Pharma"}]},{"@type":"WebSite","@id":"https:\/\/teammutantecuador.com\/#website","url":"https:\/\/teammutantecuador.com\/","name":"Team Mutan Ecuador","description":"Just another WordPress site","publisher":{"@id":"https:\/\/teammutantecuador.com\/#organization"},"potentialAction":[{"@type":"SearchAction","target":{"@type":"EntryPoint","urlTemplate":"https:\/\/teammutantecuador.com\/?s={search_term_string}"},"query-input":{"@type":"PropertyValueSpecification","valueRequired":true,"valueName":"search_term_string"}}],"inLanguage":"es"},{"@type":"Organization","@id":"https:\/\/teammutantecuador.com\/#organization","name":"Team Mutan Ecuador","url":"https:\/\/teammutantecuador.com\/","logo":{"@type":"ImageObject","inLanguage":"es","@id":"https:\/\/teammutantecuador.com\/#\/schema\/logo\/image\/","url":"https:\/\/teammutantecuador.com\/wp-content\/uploads\/2026\/01\/Diseno-sin-titulo-97.png","contentUrl":"https:\/\/teammutantecuador.com\/wp-content\/uploads\/2026\/01\/Diseno-sin-titulo-97.png","width":500,"height":300,"caption":"Team Mutan Ecuador"},"image":{"@id":"https:\/\/teammutantecuador.com\/#\/schema\/logo\/image\/"}}]}},"_links":{"self":[{"href":"https:\/\/teammutantecuador.com\/index.php?rest_route=\/wp\/v2\/product\/1458","targetHints":{"allow":["GET"]}}],"collection":[{"href":"https:\/\/teammutantecuador.com\/index.php?rest_route=\/wp\/v2\/product"}],"about":[{"href":"https:\/\/teammutantecuador.com\/index.php?rest_route=\/wp\/v2\/types\/product"}],"replies":[{"embeddable":true,"href":"https:\/\/teammutantecuador.com\/index.php?rest_route=%2Fwp%2Fv2%2Fcomments&post=1458"}],"wp:featuredmedia":[{"embeddable":true,"href":"https:\/\/teammutantecuador.com\/index.php?rest_route=\/wp\/v2\/media\/1796"}],"wp:attachment":[{"href":"https:\/\/teammutantecuador.com\/index.php?rest_route=%2Fwp%2Fv2%2Fmedia&parent=1458"}],"wp:term":[{"taxonomy":"product_brand","embeddable":true,"href":"https:\/\/teammutantecuador.com\/index.php?rest_route=%2Fwp%2Fv2%2Fproduct_brand&post=1458"},{"taxonomy":"product_cat","embeddable":true,"href":"https:\/\/teammutantecuador.com\/index.php?rest_route=%2Fwp%2Fv2%2Fproduct_cat&post=1458"},{"taxonomy":"product_tag","embeddable":true,"href":"https:\/\/teammutantecuador.com\/index.php?rest_route=%2Fwp%2Fv2%2Fproduct_tag&post=1458"}],"curies":[{"name":"wp","href":"https:\/\/api.w.org\/{rel}","templated":true}]}}