{"id":1419,"date":"2026-01-17T16:03:51","date_gmt":"2026-01-17T16:03:51","guid":{"rendered":"https:\/\/teammutantecuador.com\/?post_type=product&#038;p=1419"},"modified":"2026-01-17T16:03:55","modified_gmt":"2026-01-17T16:03:55","slug":"fit-9-sascha-fitness","status":"publish","type":"product","link":"https:\/\/teammutantecuador.com\/?product=fit-9-sascha-fitness","title":{"rendered":"FIT 9 Sascha Fitness"},"content":{"rendered":"<ul class=\"list-bullet-poins bullets-points-nro-1\">\n<li class=\"showHiddenFeatureBullets\">Fit 9 es un suplemento compuesto por nueve ingredientes Super que te ayudar\u00e1n a lograr una mejor versi\u00f3n de ti mismo.<\/li>\n<li class=\"showHiddenFeatureBullets\">Ayuda con la p\u00e9rdida de grasa de una manera segura y natural: uno de sus principales beneficios es que mejora el equilibrio hormonal, ayuda a acelerar el metabolismo y ayuda al cuerpo a usar m\u00e1s grasa como combustible.<\/li>\n<li class=\"showHiddenFeatureBullets\">Aumenta la s\u00edntesis de col\u00e1geno: nuestra f\u00f3rmula contiene hierbas naturales que estimulan la producci\u00f3n de col\u00e1geno en nuestro cuerpo.<\/li>\n<li class=\"showHiddenFeatureBullets\"><span class=\"a-list-item\">Disminuye la retenci\u00f3n de l\u00edquidos: la combinaci\u00f3n de ra\u00edz de diente de le\u00f3n, potasio y Uva Ursi ayudar\u00e1 a su cuerpo a eliminar el exceso de agua de una manera segura y eficaz.<br \/>\n<\/span><\/li>\n<li class=\"showHiddenFeatureBullets\"><span class=\"a-list-item\">Ayuda a reducir la celulitis: la celulitis es causada por m\u00faltiples factores. Nuestra f\u00f3rmula est\u00e1 dise\u00f1ada para combatir la mayor\u00eda de estos aspectos influyentes: el exceso de grasa, el col\u00e1geno, la retenci\u00f3n de l\u00edquidos y la circulaci\u00f3n.<\/span><\/li>\n<li class=\"showHiddenFeatureBullets\"><span class=\"a-list-item\">Puede tener un efecto positivo sobre el estado de \u00e1nimo y el estr\u00e9s.<\/span><\/li>\n<\/ul>\n","protected":false},"excerpt":{"rendered":"<p>Fit 9 es un suplemento compuesto por nueve ingredientes Super que te ayudar\u00e1n a lograr una mejor versi\u00f3n de ti mismo.<br \/>\nAyuda con la p\u00e9rdida de grasa de una manera segura y natural: uno de sus principales beneficios es que mejora el equilibrio hormonal, ayuda a acelerar el metabolismo y ayuda al cuerpo a usar m\u00e1s grasa como combustible.<br \/>\nAumenta la s\u00edntesis de col\u00e1geno: nuestra f\u00f3rmula contiene hierbas naturales que estimulan la producci\u00f3n de col\u00e1geno en nuestro cuerpo.<\/p>\n","protected":false},"featured_media":0,"comment_status":"open","ping_status":"closed","template":"","meta":[],"product_brand":[],"product_cat":[63],"product_tag":[97,64,95],"class_list":{"0":"post-1419","1":"product","2":"type-product","3":"status-publish","5":"product_cat-quemadores-de-grasa","6":"product_tag-fit9","7":"product_tag-quemador-de-garsa","8":"product_tag-sascha-fitness","10":"first","11":"instock","12":"shipping-taxable","13":"purchasable","14":"product-type-simple"},"yoast_head":"<!-- This site is optimized with the Yoast SEO plugin v26.8 - https:\/\/yoast.com\/product\/yoast-seo-wordpress\/ -->\n<title>FIT 9 Sascha Fitness - Team Mutan Ecuador<\/title>\n<meta name=\"description\" content=\"Fit 9 es un suplemento compuesto por nueve ingredientes Super que te ayudar\u00e1n a lograr una mejor versi\u00f3n de ti mismo.Ayuda con la p\u00e9rdida de grasa de una manera segura y natural: uno de sus principales beneficios es que mejora el equilibrio hormonal, ayuda a acelerar el metabolismo y ayuda al cuerpo a usar m\u00e1s grasa como combustible.Aumenta la s\u00edntesis de col\u00e1geno: nuestra f\u00f3rmula contiene hierbas naturales que estimulan la producci\u00f3n de col\u00e1geno en nuestro cuerpo.\" \/>\n<meta name=\"robots\" content=\"index, follow, max-snippet:-1, max-image-preview:large, max-video-preview:-1\" \/>\n<link rel=\"canonical\" href=\"https:\/\/teammutantecuador.com\/?product=fit-9-sascha-fitness\" \/>\n<meta property=\"og:locale\" content=\"es_ES\" \/>\n<meta property=\"og:type\" content=\"article\" \/>\n<meta property=\"og:title\" content=\"FIT 9 Sascha Fitness - Team Mutan Ecuador\" \/>\n<meta property=\"og:description\" content=\"Fit 9 es un suplemento compuesto por nueve ingredientes Super que te ayudar\u00e1n a lograr una mejor versi\u00f3n de ti mismo.Ayuda con la p\u00e9rdida de grasa de una manera segura y natural: uno de sus principales beneficios es que mejora el equilibrio hormonal, ayuda a acelerar el metabolismo y ayuda al cuerpo a usar m\u00e1s grasa como combustible.Aumenta la s\u00edntesis de col\u00e1geno: nuestra f\u00f3rmula contiene hierbas naturales que estimulan la producci\u00f3n de col\u00e1geno en nuestro cuerpo.\" \/>\n<meta property=\"og:url\" content=\"https:\/\/teammutantecuador.com\/?product=fit-9-sascha-fitness\" \/>\n<meta property=\"og:site_name\" content=\"Team Mutan Ecuador\" \/>\n<meta property=\"article:modified_time\" content=\"2026-01-17T16:03:55+00:00\" \/>\n<meta name=\"twitter:card\" content=\"summary_large_image\" \/>\n<meta name=\"twitter:label1\" content=\"Tiempo de lectura\" \/>\n\t<meta name=\"twitter:data1\" content=\"1 minuto\" \/>\n<script type=\"application\/ld+json\" class=\"yoast-schema-graph\">{\"@context\":\"https:\/\/schema.org\",\"@graph\":[{\"@type\":\"WebPage\",\"@id\":\"https:\/\/teammutantecuador.com\/?product=fit-9-sascha-fitness\",\"url\":\"https:\/\/teammutantecuador.com\/?product=fit-9-sascha-fitness\",\"name\":\"FIT 9 Sascha Fitness - Team Mutan Ecuador\",\"isPartOf\":{\"@id\":\"https:\/\/teammutantecuador.com\/#website\"},\"datePublished\":\"2026-01-17T16:03:51+00:00\",\"dateModified\":\"2026-01-17T16:03:55+00:00\",\"description\":\"Fit 9 es un suplemento compuesto por nueve ingredientes Super que te ayudar\u00e1n a lograr una mejor versi\u00f3n de ti mismo.Ayuda con la p\u00e9rdida de grasa de una manera segura y natural: uno de sus principales beneficios es que mejora el equilibrio hormonal, ayuda a acelerar el metabolismo y ayuda al cuerpo a usar m\u00e1s grasa como combustible.Aumenta la s\u00edntesis de col\u00e1geno: nuestra f\u00f3rmula contiene hierbas naturales que estimulan la producci\u00f3n de col\u00e1geno en nuestro cuerpo.\",\"breadcrumb\":{\"@id\":\"https:\/\/teammutantecuador.com\/?product=fit-9-sascha-fitness#breadcrumb\"},\"inLanguage\":\"es\",\"potentialAction\":[{\"@type\":\"ReadAction\",\"target\":[\"https:\/\/teammutantecuador.com\/?product=fit-9-sascha-fitness\"]}]},{\"@type\":\"BreadcrumbList\",\"@id\":\"https:\/\/teammutantecuador.com\/?product=fit-9-sascha-fitness#breadcrumb\",\"itemListElement\":[{\"@type\":\"ListItem\",\"position\":1,\"name\":\"Portada\",\"item\":\"https:\/\/teammutantecuador.com\/\"},{\"@type\":\"ListItem\",\"position\":2,\"name\":\"Shop\",\"item\":\"https:\/\/teammutantecuador.com\/?page_id=6\"},{\"@type\":\"ListItem\",\"position\":3,\"name\":\"FIT 9 Sascha Fitness\"}]},{\"@type\":\"WebSite\",\"@id\":\"https:\/\/teammutantecuador.com\/#website\",\"url\":\"https:\/\/teammutantecuador.com\/\",\"name\":\"Team Mutan Ecuador\",\"description\":\"Just another WordPress site\",\"publisher\":{\"@id\":\"https:\/\/teammutantecuador.com\/#organization\"},\"potentialAction\":[{\"@type\":\"SearchAction\",\"target\":{\"@type\":\"EntryPoint\",\"urlTemplate\":\"https:\/\/teammutantecuador.com\/?s={search_term_string}\"},\"query-input\":{\"@type\":\"PropertyValueSpecification\",\"valueRequired\":true,\"valueName\":\"search_term_string\"}}],\"inLanguage\":\"es\"},{\"@type\":\"Organization\",\"@id\":\"https:\/\/teammutantecuador.com\/#organization\",\"name\":\"Team Mutan Ecuador\",\"url\":\"https:\/\/teammutantecuador.com\/\",\"logo\":{\"@type\":\"ImageObject\",\"inLanguage\":\"es\",\"@id\":\"https:\/\/teammutantecuador.com\/#\/schema\/logo\/image\/\",\"url\":\"https:\/\/teammutantecuador.com\/wp-content\/uploads\/2026\/01\/Diseno-sin-titulo-97.png\",\"contentUrl\":\"https:\/\/teammutantecuador.com\/wp-content\/uploads\/2026\/01\/Diseno-sin-titulo-97.png\",\"width\":500,\"height\":300,\"caption\":\"Team Mutan Ecuador\"},\"image\":{\"@id\":\"https:\/\/teammutantecuador.com\/#\/schema\/logo\/image\/\"}}]}<\/script>\n<!-- \/ Yoast SEO plugin. -->","yoast_head_json":{"title":"FIT 9 Sascha Fitness - Team Mutan Ecuador","description":"Fit 9 es un suplemento compuesto por nueve ingredientes Super que te ayudar\u00e1n a lograr una mejor versi\u00f3n de ti mismo.Ayuda con la p\u00e9rdida de grasa de una manera segura y natural: uno de sus principales beneficios es que mejora el equilibrio hormonal, ayuda a acelerar el metabolismo y ayuda al cuerpo a usar m\u00e1s grasa como combustible.Aumenta la s\u00edntesis de col\u00e1geno: nuestra f\u00f3rmula contiene hierbas naturales que estimulan la producci\u00f3n de col\u00e1geno en nuestro cuerpo.","robots":{"index":"index","follow":"follow","max-snippet":"max-snippet:-1","max-image-preview":"max-image-preview:large","max-video-preview":"max-video-preview:-1"},"canonical":"https:\/\/teammutantecuador.com\/?product=fit-9-sascha-fitness","og_locale":"es_ES","og_type":"article","og_title":"FIT 9 Sascha Fitness - Team Mutan Ecuador","og_description":"Fit 9 es un suplemento compuesto por nueve ingredientes Super que te ayudar\u00e1n a lograr una mejor versi\u00f3n de ti mismo.Ayuda con la p\u00e9rdida de grasa de una manera segura y natural: uno de sus principales beneficios es que mejora el equilibrio hormonal, ayuda a acelerar el metabolismo y ayuda al cuerpo a usar m\u00e1s grasa como combustible.Aumenta la s\u00edntesis de col\u00e1geno: nuestra f\u00f3rmula contiene hierbas naturales que estimulan la producci\u00f3n de col\u00e1geno en nuestro cuerpo.","og_url":"https:\/\/teammutantecuador.com\/?product=fit-9-sascha-fitness","og_site_name":"Team Mutan Ecuador","article_modified_time":"2026-01-17T16:03:55+00:00","twitter_card":"summary_large_image","twitter_misc":{"Tiempo de lectura":"1 minuto"},"schema":{"@context":"https:\/\/schema.org","@graph":[{"@type":"WebPage","@id":"https:\/\/teammutantecuador.com\/?product=fit-9-sascha-fitness","url":"https:\/\/teammutantecuador.com\/?product=fit-9-sascha-fitness","name":"FIT 9 Sascha Fitness - Team Mutan Ecuador","isPartOf":{"@id":"https:\/\/teammutantecuador.com\/#website"},"datePublished":"2026-01-17T16:03:51+00:00","dateModified":"2026-01-17T16:03:55+00:00","description":"Fit 9 es un suplemento compuesto por nueve ingredientes Super que te ayudar\u00e1n a lograr una mejor versi\u00f3n de ti mismo.Ayuda con la p\u00e9rdida de grasa de una manera segura y natural: uno de sus principales beneficios es que mejora el equilibrio hormonal, ayuda a acelerar el metabolismo y ayuda al cuerpo a usar m\u00e1s grasa como combustible.Aumenta la s\u00edntesis de col\u00e1geno: nuestra f\u00f3rmula contiene hierbas naturales que estimulan la producci\u00f3n de col\u00e1geno en nuestro cuerpo.","breadcrumb":{"@id":"https:\/\/teammutantecuador.com\/?product=fit-9-sascha-fitness#breadcrumb"},"inLanguage":"es","potentialAction":[{"@type":"ReadAction","target":["https:\/\/teammutantecuador.com\/?product=fit-9-sascha-fitness"]}]},{"@type":"BreadcrumbList","@id":"https:\/\/teammutantecuador.com\/?product=fit-9-sascha-fitness#breadcrumb","itemListElement":[{"@type":"ListItem","position":1,"name":"Portada","item":"https:\/\/teammutantecuador.com\/"},{"@type":"ListItem","position":2,"name":"Shop","item":"https:\/\/teammutantecuador.com\/?page_id=6"},{"@type":"ListItem","position":3,"name":"FIT 9 Sascha Fitness"}]},{"@type":"WebSite","@id":"https:\/\/teammutantecuador.com\/#website","url":"https:\/\/teammutantecuador.com\/","name":"Team Mutan Ecuador","description":"Just another WordPress site","publisher":{"@id":"https:\/\/teammutantecuador.com\/#organization"},"potentialAction":[{"@type":"SearchAction","target":{"@type":"EntryPoint","urlTemplate":"https:\/\/teammutantecuador.com\/?s={search_term_string}"},"query-input":{"@type":"PropertyValueSpecification","valueRequired":true,"valueName":"search_term_string"}}],"inLanguage":"es"},{"@type":"Organization","@id":"https:\/\/teammutantecuador.com\/#organization","name":"Team Mutan Ecuador","url":"https:\/\/teammutantecuador.com\/","logo":{"@type":"ImageObject","inLanguage":"es","@id":"https:\/\/teammutantecuador.com\/#\/schema\/logo\/image\/","url":"https:\/\/teammutantecuador.com\/wp-content\/uploads\/2026\/01\/Diseno-sin-titulo-97.png","contentUrl":"https:\/\/teammutantecuador.com\/wp-content\/uploads\/2026\/01\/Diseno-sin-titulo-97.png","width":500,"height":300,"caption":"Team Mutan Ecuador"},"image":{"@id":"https:\/\/teammutantecuador.com\/#\/schema\/logo\/image\/"}}]}},"_links":{"self":[{"href":"https:\/\/teammutantecuador.com\/index.php?rest_route=\/wp\/v2\/product\/1419","targetHints":{"allow":["GET"]}}],"collection":[{"href":"https:\/\/teammutantecuador.com\/index.php?rest_route=\/wp\/v2\/product"}],"about":[{"href":"https:\/\/teammutantecuador.com\/index.php?rest_route=\/wp\/v2\/types\/product"}],"replies":[{"embeddable":true,"href":"https:\/\/teammutantecuador.com\/index.php?rest_route=%2Fwp%2Fv2%2Fcomments&post=1419"}],"wp:attachment":[{"href":"https:\/\/teammutantecuador.com\/index.php?rest_route=%2Fwp%2Fv2%2Fmedia&parent=1419"}],"wp:term":[{"taxonomy":"product_brand","embeddable":true,"href":"https:\/\/teammutantecuador.com\/index.php?rest_route=%2Fwp%2Fv2%2Fproduct_brand&post=1419"},{"taxonomy":"product_cat","embeddable":true,"href":"https:\/\/teammutantecuador.com\/index.php?rest_route=%2Fwp%2Fv2%2Fproduct_cat&post=1419"},{"taxonomy":"product_tag","embeddable":true,"href":"https:\/\/teammutantecuador.com\/index.php?rest_route=%2Fwp%2Fv2%2Fproduct_tag&post=1419"}],"curies":[{"name":"wp","href":"https:\/\/api.w.org\/{rel}","templated":true}]}}