{"id":1417,"date":"2026-01-17T16:03:51","date_gmt":"2026-01-17T16:03:51","guid":{"rendered":"https:\/\/teammutantecuador.com\/?post_type=product&#038;p=1417"},"modified":"2026-01-17T16:03:55","modified_gmt":"2026-01-17T16:03:55","slug":"hydrolizado-whey-protein-sascha-fitness-2lb","status":"publish","type":"product","link":"https:\/\/teammutantecuador.com\/?product=hydrolizado-whey-protein-sascha-fitness-2lb","title":{"rendered":"Hydrolizado Whey Protein Sascha Fitness 2LB"},"content":{"rendered":"<ul class=\"a-unordered-list a-vertical a-spacing-none\">\n<li><span class=\"a-list-item\">PROTE\u00cdNA DE MEJOR CALIDAD: 100% hidrolizada, los m\u00fasculos absorben la prote\u00edna muy r\u00e1pido, es el mejor tipo de prote\u00ednas en polvo si quiere mejorar la composici\u00f3n corporal. Tiene 25 g de prote\u00edna por raci\u00f3n, ideal para la s\u00edntesis de prote\u00ednas y la construcci\u00f3n muscular. Es alta en BCAA y EAAS, ayuda a proteger los m\u00fasculos, aumenta la masa muscular, la resistencia y ayuda con tu ambiente hormonales en general. Y tiene enzimas digestivas que mejoran la digesti\u00f3n y evitan el gas y la hinchaz\u00f3n.<\/span><\/li>\n<li><span class=\"a-list-item\">CERO CARBOHIDRATOS, AZ\u00daCAR, GRASAS Y BAJA EN SODIO, ideal si est\u00e1s tratando de perder grasa y es muy ligero.<\/span><\/li>\n<li><span class=\"a-list-item\">GRAN SABOR Y ENDULZADO CON 100% STEVIA: El sabor de estas prote\u00ednas son lo mejor, son cremosas y vas a creer que es un licuado, son muy sabrosas. La mejor parte, sin edulcorantes artificiales, s\u00f3lo tiene Stevia, un edulcorante natural que no da\u00f1a tu salud.<\/span><\/li>\n<li><span class=\"a-list-item\">LIBRE DE ALERGENOS: Sin Gluten y libre de lactosa.<\/span><\/li>\n<li><span class=\"a-list-item\">UN NOMBRE DESTR\u00c1S DE LA MARCA: Sascha Fitness, una entrenadora de fitness famosa y buscadora de salud, autora de dos libros m\u00e1s vendido, da conferencias sobre fitness y motivaci\u00f3n en todo el mundo, ella es alguien que realmente se preocupa por el bienestar de las personas, ella es la cofundadora y desarrolladora de estas prote\u00ednas y siente gran responsabilidad hacia los consumidores.<\/span><\/li>\n<\/ul>\n","protected":false},"excerpt":{"rendered":"<p><span class=\"a-list-item\">PROTE\u00cdNA DE MEJOR CALIDAD: 100% hidrolizada, los m\u00fasculos absorben la prote\u00edna muy r\u00e1pido, es el mejor tipo de prote\u00ednas en polvo si quiere mejorar la composici\u00f3n corporal. Tiene 25 g de prote\u00edna por raci\u00f3n, ideal para la s\u00edntesis de prote\u00ednas y la construcci\u00f3n muscular. Es alta en BCAA y EAAS, ayuda a proteger los m\u00fasculos, aumenta la masa muscular, la resistencia y ayuda con tu ambiente hormonales en general. Y tiene enzimas digestivas que mejoran la digesti\u00f3n y evitan el gas y la hinchaz\u00f3n.<\/span><\/p>\n","protected":false},"featured_media":0,"comment_status":"open","ping_status":"closed","template":"","meta":[],"product_brand":[],"product_cat":[357],"product_tag":[94,56,95,92],"class_list":{"0":"post-1417","1":"product","2":"type-product","3":"status-publish","5":"product_cat-proteinas-2","6":"product_tag-proteina-hidrolizada","7":"product_tag-proteinas","8":"product_tag-sascha-fitness","9":"product_tag-whey-protein","11":"first","12":"instock","13":"shipping-taxable","14":"purchasable","15":"product-type-simple"},"yoast_head":"<!-- This site is optimized with the Yoast SEO plugin v26.8 - https:\/\/yoast.com\/product\/yoast-seo-wordpress\/ -->\n<title>Hydrolizado Whey Protein Sascha Fitness 2LB - Team Mutan Ecuador<\/title>\n<meta name=\"description\" content=\"PROTE\u00cdNA DE MEJOR CALIDAD: 100% hidrolizada, los m\u00fasculos absorben la prote\u00edna muy r\u00e1pido, es el mejor tipo de prote\u00ednas en polvo si quiere mejorar la composici\u00f3n corporal. Tiene 25 g de prote\u00edna por raci\u00f3n, ideal para la s\u00edntesis de prote\u00ednas y la construcci\u00f3n muscular. Es alta en BCAA y EAAS, ayuda a proteger los m\u00fasculos, aumenta la masa muscular, la resistencia y ayuda con tu ambiente hormonales en general. Y tiene enzimas digestivas que mejoran la digesti\u00f3n y evitan el gas y la hinchaz\u00f3n.\" \/>\n<meta name=\"robots\" content=\"index, follow, max-snippet:-1, max-image-preview:large, max-video-preview:-1\" \/>\n<link rel=\"canonical\" href=\"https:\/\/teammutantecuador.com\/?product=hydrolizado-whey-protein-sascha-fitness-2lb\" \/>\n<meta property=\"og:locale\" content=\"es_ES\" \/>\n<meta property=\"og:type\" content=\"article\" \/>\n<meta property=\"og:title\" content=\"Hydrolizado Whey Protein Sascha Fitness 2LB - Team Mutan Ecuador\" \/>\n<meta property=\"og:description\" content=\"PROTE\u00cdNA DE MEJOR CALIDAD: 100% hidrolizada, los m\u00fasculos absorben la prote\u00edna muy r\u00e1pido, es el mejor tipo de prote\u00ednas en polvo si quiere mejorar la composici\u00f3n corporal. Tiene 25 g de prote\u00edna por raci\u00f3n, ideal para la s\u00edntesis de prote\u00ednas y la construcci\u00f3n muscular. Es alta en BCAA y EAAS, ayuda a proteger los m\u00fasculos, aumenta la masa muscular, la resistencia y ayuda con tu ambiente hormonales en general. Y tiene enzimas digestivas que mejoran la digesti\u00f3n y evitan el gas y la hinchaz\u00f3n.\" \/>\n<meta property=\"og:url\" content=\"https:\/\/teammutantecuador.com\/?product=hydrolizado-whey-protein-sascha-fitness-2lb\" \/>\n<meta property=\"og:site_name\" content=\"Team Mutan Ecuador\" \/>\n<meta property=\"article:modified_time\" content=\"2026-01-17T16:03:55+00:00\" \/>\n<meta name=\"twitter:card\" content=\"summary_large_image\" \/>\n<meta name=\"twitter:label1\" content=\"Tiempo de lectura\" \/>\n\t<meta name=\"twitter:data1\" content=\"1 minuto\" \/>\n<script type=\"application\/ld+json\" class=\"yoast-schema-graph\">{\"@context\":\"https:\/\/schema.org\",\"@graph\":[{\"@type\":\"WebPage\",\"@id\":\"https:\/\/teammutantecuador.com\/?product=hydrolizado-whey-protein-sascha-fitness-2lb\",\"url\":\"https:\/\/teammutantecuador.com\/?product=hydrolizado-whey-protein-sascha-fitness-2lb\",\"name\":\"Hydrolizado Whey Protein Sascha Fitness 2LB - Team Mutan Ecuador\",\"isPartOf\":{\"@id\":\"https:\/\/teammutantecuador.com\/#website\"},\"datePublished\":\"2026-01-17T16:03:51+00:00\",\"dateModified\":\"2026-01-17T16:03:55+00:00\",\"description\":\"PROTE\u00cdNA DE MEJOR CALIDAD: 100% hidrolizada, los m\u00fasculos absorben la prote\u00edna muy r\u00e1pido, es el mejor tipo de prote\u00ednas en polvo si quiere mejorar la composici\u00f3n corporal. Tiene 25 g de prote\u00edna por raci\u00f3n, ideal para la s\u00edntesis de prote\u00ednas y la construcci\u00f3n muscular. Es alta en BCAA y EAAS, ayuda a proteger los m\u00fasculos, aumenta la masa muscular, la resistencia y ayuda con tu ambiente hormonales en general. Y tiene enzimas digestivas que mejoran la digesti\u00f3n y evitan el gas y la hinchaz\u00f3n.\",\"breadcrumb\":{\"@id\":\"https:\/\/teammutantecuador.com\/?product=hydrolizado-whey-protein-sascha-fitness-2lb#breadcrumb\"},\"inLanguage\":\"es\",\"potentialAction\":[{\"@type\":\"ReadAction\",\"target\":[\"https:\/\/teammutantecuador.com\/?product=hydrolizado-whey-protein-sascha-fitness-2lb\"]}]},{\"@type\":\"BreadcrumbList\",\"@id\":\"https:\/\/teammutantecuador.com\/?product=hydrolizado-whey-protein-sascha-fitness-2lb#breadcrumb\",\"itemListElement\":[{\"@type\":\"ListItem\",\"position\":1,\"name\":\"Portada\",\"item\":\"https:\/\/teammutantecuador.com\/\"},{\"@type\":\"ListItem\",\"position\":2,\"name\":\"Shop\",\"item\":\"https:\/\/teammutantecuador.com\/?page_id=6\"},{\"@type\":\"ListItem\",\"position\":3,\"name\":\"Hydrolizado Whey Protein Sascha Fitness 2LB\"}]},{\"@type\":\"WebSite\",\"@id\":\"https:\/\/teammutantecuador.com\/#website\",\"url\":\"https:\/\/teammutantecuador.com\/\",\"name\":\"Team Mutan Ecuador\",\"description\":\"Just another WordPress site\",\"publisher\":{\"@id\":\"https:\/\/teammutantecuador.com\/#organization\"},\"potentialAction\":[{\"@type\":\"SearchAction\",\"target\":{\"@type\":\"EntryPoint\",\"urlTemplate\":\"https:\/\/teammutantecuador.com\/?s={search_term_string}\"},\"query-input\":{\"@type\":\"PropertyValueSpecification\",\"valueRequired\":true,\"valueName\":\"search_term_string\"}}],\"inLanguage\":\"es\"},{\"@type\":\"Organization\",\"@id\":\"https:\/\/teammutantecuador.com\/#organization\",\"name\":\"Team Mutan Ecuador\",\"url\":\"https:\/\/teammutantecuador.com\/\",\"logo\":{\"@type\":\"ImageObject\",\"inLanguage\":\"es\",\"@id\":\"https:\/\/teammutantecuador.com\/#\/schema\/logo\/image\/\",\"url\":\"https:\/\/teammutantecuador.com\/wp-content\/uploads\/2026\/01\/Diseno-sin-titulo-97.png\",\"contentUrl\":\"https:\/\/teammutantecuador.com\/wp-content\/uploads\/2026\/01\/Diseno-sin-titulo-97.png\",\"width\":500,\"height\":300,\"caption\":\"Team Mutan Ecuador\"},\"image\":{\"@id\":\"https:\/\/teammutantecuador.com\/#\/schema\/logo\/image\/\"}}]}<\/script>\n<!-- \/ Yoast SEO plugin. -->","yoast_head_json":{"title":"Hydrolizado Whey Protein Sascha Fitness 2LB - Team Mutan Ecuador","description":"PROTE\u00cdNA DE MEJOR CALIDAD: 100% hidrolizada, los m\u00fasculos absorben la prote\u00edna muy r\u00e1pido, es el mejor tipo de prote\u00ednas en polvo si quiere mejorar la composici\u00f3n corporal. Tiene 25 g de prote\u00edna por raci\u00f3n, ideal para la s\u00edntesis de prote\u00ednas y la construcci\u00f3n muscular. Es alta en BCAA y EAAS, ayuda a proteger los m\u00fasculos, aumenta la masa muscular, la resistencia y ayuda con tu ambiente hormonales en general. Y tiene enzimas digestivas que mejoran la digesti\u00f3n y evitan el gas y la hinchaz\u00f3n.","robots":{"index":"index","follow":"follow","max-snippet":"max-snippet:-1","max-image-preview":"max-image-preview:large","max-video-preview":"max-video-preview:-1"},"canonical":"https:\/\/teammutantecuador.com\/?product=hydrolizado-whey-protein-sascha-fitness-2lb","og_locale":"es_ES","og_type":"article","og_title":"Hydrolizado Whey Protein Sascha Fitness 2LB - Team Mutan Ecuador","og_description":"PROTE\u00cdNA DE MEJOR CALIDAD: 100% hidrolizada, los m\u00fasculos absorben la prote\u00edna muy r\u00e1pido, es el mejor tipo de prote\u00ednas en polvo si quiere mejorar la composici\u00f3n corporal. Tiene 25 g de prote\u00edna por raci\u00f3n, ideal para la s\u00edntesis de prote\u00ednas y la construcci\u00f3n muscular. Es alta en BCAA y EAAS, ayuda a proteger los m\u00fasculos, aumenta la masa muscular, la resistencia y ayuda con tu ambiente hormonales en general. Y tiene enzimas digestivas que mejoran la digesti\u00f3n y evitan el gas y la hinchaz\u00f3n.","og_url":"https:\/\/teammutantecuador.com\/?product=hydrolizado-whey-protein-sascha-fitness-2lb","og_site_name":"Team Mutan Ecuador","article_modified_time":"2026-01-17T16:03:55+00:00","twitter_card":"summary_large_image","twitter_misc":{"Tiempo de lectura":"1 minuto"},"schema":{"@context":"https:\/\/schema.org","@graph":[{"@type":"WebPage","@id":"https:\/\/teammutantecuador.com\/?product=hydrolizado-whey-protein-sascha-fitness-2lb","url":"https:\/\/teammutantecuador.com\/?product=hydrolizado-whey-protein-sascha-fitness-2lb","name":"Hydrolizado Whey Protein Sascha Fitness 2LB - Team Mutan Ecuador","isPartOf":{"@id":"https:\/\/teammutantecuador.com\/#website"},"datePublished":"2026-01-17T16:03:51+00:00","dateModified":"2026-01-17T16:03:55+00:00","description":"PROTE\u00cdNA DE MEJOR CALIDAD: 100% hidrolizada, los m\u00fasculos absorben la prote\u00edna muy r\u00e1pido, es el mejor tipo de prote\u00ednas en polvo si quiere mejorar la composici\u00f3n corporal. Tiene 25 g de prote\u00edna por raci\u00f3n, ideal para la s\u00edntesis de prote\u00ednas y la construcci\u00f3n muscular. Es alta en BCAA y EAAS, ayuda a proteger los m\u00fasculos, aumenta la masa muscular, la resistencia y ayuda con tu ambiente hormonales en general. Y tiene enzimas digestivas que mejoran la digesti\u00f3n y evitan el gas y la hinchaz\u00f3n.","breadcrumb":{"@id":"https:\/\/teammutantecuador.com\/?product=hydrolizado-whey-protein-sascha-fitness-2lb#breadcrumb"},"inLanguage":"es","potentialAction":[{"@type":"ReadAction","target":["https:\/\/teammutantecuador.com\/?product=hydrolizado-whey-protein-sascha-fitness-2lb"]}]},{"@type":"BreadcrumbList","@id":"https:\/\/teammutantecuador.com\/?product=hydrolizado-whey-protein-sascha-fitness-2lb#breadcrumb","itemListElement":[{"@type":"ListItem","position":1,"name":"Portada","item":"https:\/\/teammutantecuador.com\/"},{"@type":"ListItem","position":2,"name":"Shop","item":"https:\/\/teammutantecuador.com\/?page_id=6"},{"@type":"ListItem","position":3,"name":"Hydrolizado Whey Protein Sascha Fitness 2LB"}]},{"@type":"WebSite","@id":"https:\/\/teammutantecuador.com\/#website","url":"https:\/\/teammutantecuador.com\/","name":"Team Mutan Ecuador","description":"Just another WordPress site","publisher":{"@id":"https:\/\/teammutantecuador.com\/#organization"},"potentialAction":[{"@type":"SearchAction","target":{"@type":"EntryPoint","urlTemplate":"https:\/\/teammutantecuador.com\/?s={search_term_string}"},"query-input":{"@type":"PropertyValueSpecification","valueRequired":true,"valueName":"search_term_string"}}],"inLanguage":"es"},{"@type":"Organization","@id":"https:\/\/teammutantecuador.com\/#organization","name":"Team Mutan Ecuador","url":"https:\/\/teammutantecuador.com\/","logo":{"@type":"ImageObject","inLanguage":"es","@id":"https:\/\/teammutantecuador.com\/#\/schema\/logo\/image\/","url":"https:\/\/teammutantecuador.com\/wp-content\/uploads\/2026\/01\/Diseno-sin-titulo-97.png","contentUrl":"https:\/\/teammutantecuador.com\/wp-content\/uploads\/2026\/01\/Diseno-sin-titulo-97.png","width":500,"height":300,"caption":"Team Mutan Ecuador"},"image":{"@id":"https:\/\/teammutantecuador.com\/#\/schema\/logo\/image\/"}}]}},"_links":{"self":[{"href":"https:\/\/teammutantecuador.com\/index.php?rest_route=\/wp\/v2\/product\/1417","targetHints":{"allow":["GET"]}}],"collection":[{"href":"https:\/\/teammutantecuador.com\/index.php?rest_route=\/wp\/v2\/product"}],"about":[{"href":"https:\/\/teammutantecuador.com\/index.php?rest_route=\/wp\/v2\/types\/product"}],"replies":[{"embeddable":true,"href":"https:\/\/teammutantecuador.com\/index.php?rest_route=%2Fwp%2Fv2%2Fcomments&post=1417"}],"wp:attachment":[{"href":"https:\/\/teammutantecuador.com\/index.php?rest_route=%2Fwp%2Fv2%2Fmedia&parent=1417"}],"wp:term":[{"taxonomy":"product_brand","embeddable":true,"href":"https:\/\/teammutantecuador.com\/index.php?rest_route=%2Fwp%2Fv2%2Fproduct_brand&post=1417"},{"taxonomy":"product_cat","embeddable":true,"href":"https:\/\/teammutantecuador.com\/index.php?rest_route=%2Fwp%2Fv2%2Fproduct_cat&post=1417"},{"taxonomy":"product_tag","embeddable":true,"href":"https:\/\/teammutantecuador.com\/index.php?rest_route=%2Fwp%2Fv2%2Fproduct_tag&post=1417"}],"curies":[{"name":"wp","href":"https:\/\/api.w.org\/{rel}","templated":true}]}}