{"id":1397,"date":"2026-01-17T16:03:51","date_gmt":"2026-01-17T16:03:51","guid":{"rendered":"https:\/\/teammutantecuador.com\/?post_type=product&#038;p=1397"},"modified":"2026-01-17T16:03:52","modified_gmt":"2026-01-17T16:03:52","slug":"gainer-xtreme-12lbs-vainilla","status":"publish","type":"product","link":"https:\/\/teammutantecuador.com\/?product=gainer-xtreme-12lbs-vainilla","title":{"rendered":"Gainer Xtreme 12lbs Vainilla"},"content":{"rendered":"<p>GAINER API 12 LBS BOLSA<\/p>\n<p>Peligro! GAINER XTREME esta dise\u00f1ado para mantenerte en movimiento. Con una mega cantidad de 1.290 calorias y 50 gramos de la mejor prote\u00edna por servicio, tu cuerpo no tendr\u00e1 m\u00e1s opci\u00f3n que reaccionar positivamente a esta poderosa y nutricionalmente densa mezcla. Nuestra mezcla contiene Whey y Caseina, entregando una absorci\u00f3n r\u00e1pida y continua de prote\u00edna para alimentar tus m\u00fasculos. La prote\u00edna es crucial para construir masa muscular magra porque ayuda a crear un balance positivo de nitr\u00f3geno (BPN) dentro del m\u00fasculo. El BPN es necesario para el crecimiento y la recuperaci\u00f3n.<\/p>\n<div class=\"woocommerce-tabs wc-tabs-wrapper\">\n<div id=\"tab-description\" class=\"woocommerce-Tabs-panel woocommerce-Tabs-panel--description panel entry-content wc-tab\" role=\"tabpanel\" aria-labelledby=\"tab-title-description\">\n<h3>CARGA DE CARBOHIDRATOS COMPLEJOS<\/h3>\n<p>GAINER XTREME esta cargado con carbohidratos complejos para mantener tus niveles de energ\u00eda llenos y listos. GAINER XTREME es bajo en Azucares, permiti\u00e9ndole a tu cuerpo regenerar las reservas de Glycogeno despu\u00e9s de esas sesiones de entrenamiento. As\u00ed evitas la ca\u00edda que producen los ganadores altos en az\u00facar.<\/p>\n<h3>REPARACI\u00d3N R\u00c1PIDA, RECUPERACI\u00d3N REAL<\/h3>\n<p>GAINER XTREME contiene una dosis concentrada de BCAAs para combatir la p\u00e9rdida de m\u00fasculo. La triple acci\u00f3n de la Leucina, isoleucina y Valina, fomentan un r\u00e1pido crecimiento y reparaci\u00f3n muscular, acortando los tiempos de recuperaci\u00f3n y mantenci\u00f3n de la masa muscular magra.<\/p>\n<\/div>\n<\/div>\n<section class=\"related products\">\n<h2><\/h2>\n<\/section>\n","protected":false},"excerpt":{"rendered":"<p>Peligro! GAINER XTREME esta dise\u00f1ado para mantenerte en movimiento. Con una mega cantidad de 1.290 calorias y 50 gramos de la mejor prote\u00edna por servicio, tu cuerpo no tendr\u00e1 m\u00e1s opci\u00f3n que reaccionar positivamente a esta poderosa y nutricionalmente densa mezcla. Nuestra mezcla contiene Whey y Caseina, entregando una absorci\u00f3n r\u00e1pida y continua de prote\u00edna para alimentar tus m\u00fasculos.<\/p>\n","protected":false},"featured_media":0,"comment_status":"open","ping_status":"closed","template":"","meta":[],"product_brand":[],"product_cat":[354],"product_tag":[89,61],"class_list":{"0":"post-1397","1":"product","2":"type-product","3":"status-publish","5":"product_cat-ganadores-de-peso","6":"product_tag-api","7":"product_tag-ganador-de-peso","9":"first","10":"outofstock","11":"sale","12":"shipping-taxable","13":"purchasable","14":"product-type-simple"},"yoast_head":"<!-- This site is optimized with the Yoast SEO plugin v26.8 - https:\/\/yoast.com\/product\/yoast-seo-wordpress\/ -->\n<title>Gainer Xtreme 12lbs Vainilla - Team Mutan Ecuador<\/title>\n<meta name=\"description\" content=\"GAINER API 12 LBS BOLSAPeligro! GAINER XTREME esta dise\u00f1ado para mantenerte en movimiento. Con una mega cantidad de 1.290 calorias y 50 gramos de la mejor prote\u00edna por servicio, tu cuerpo no tendr\u00e1 m\u00e1s opci\u00f3n que reaccionar positivamente a esta poderosa y nutricionalmente densa mezcla. Nuestra mezcla contiene Whey y Caseina, entregando una absorci\u00f3n r\u00e1pida y continua de prote\u00edna para alimentar tus m\u00fasculos. La prote\u00edna es crucial para construir masa muscular magra porque ayuda a crear un balance positivo de nitr\u00f3geno (BPN) dentro del m\u00fasculo. El BPN es necesario para el crecimiento y la recuperaci\u00f3n.\" \/>\n<meta name=\"robots\" content=\"index, follow, max-snippet:-1, max-image-preview:large, max-video-preview:-1\" \/>\n<link rel=\"canonical\" href=\"https:\/\/teammutantecuador.com\/?product=gainer-xtreme-12lbs-vainilla\" \/>\n<meta property=\"og:locale\" content=\"es_ES\" \/>\n<meta property=\"og:type\" content=\"article\" \/>\n<meta property=\"og:title\" content=\"Gainer Xtreme 12lbs Vainilla - Team Mutan Ecuador\" \/>\n<meta property=\"og:description\" content=\"GAINER API 12 LBS BOLSAPeligro! GAINER XTREME esta dise\u00f1ado para mantenerte en movimiento. Con una mega cantidad de 1.290 calorias y 50 gramos de la mejor prote\u00edna por servicio, tu cuerpo no tendr\u00e1 m\u00e1s opci\u00f3n que reaccionar positivamente a esta poderosa y nutricionalmente densa mezcla. Nuestra mezcla contiene Whey y Caseina, entregando una absorci\u00f3n r\u00e1pida y continua de prote\u00edna para alimentar tus m\u00fasculos. La prote\u00edna es crucial para construir masa muscular magra porque ayuda a crear un balance positivo de nitr\u00f3geno (BPN) dentro del m\u00fasculo. El BPN es necesario para el crecimiento y la recuperaci\u00f3n.\" \/>\n<meta property=\"og:url\" content=\"https:\/\/teammutantecuador.com\/?product=gainer-xtreme-12lbs-vainilla\" \/>\n<meta property=\"og:site_name\" content=\"Team Mutan Ecuador\" \/>\n<meta property=\"article:modified_time\" content=\"2026-01-17T16:03:52+00:00\" \/>\n<meta name=\"twitter:card\" content=\"summary_large_image\" \/>\n<meta name=\"twitter:label1\" content=\"Tiempo de lectura\" \/>\n\t<meta name=\"twitter:data1\" content=\"1 minuto\" \/>\n<script type=\"application\/ld+json\" class=\"yoast-schema-graph\">{\"@context\":\"https:\/\/schema.org\",\"@graph\":[{\"@type\":\"WebPage\",\"@id\":\"https:\/\/teammutantecuador.com\/?product=gainer-xtreme-12lbs-vainilla\",\"url\":\"https:\/\/teammutantecuador.com\/?product=gainer-xtreme-12lbs-vainilla\",\"name\":\"Gainer Xtreme 12lbs Vainilla - Team Mutan Ecuador\",\"isPartOf\":{\"@id\":\"https:\/\/teammutantecuador.com\/#website\"},\"datePublished\":\"2026-01-17T16:03:51+00:00\",\"dateModified\":\"2026-01-17T16:03:52+00:00\",\"description\":\"GAINER API 12 LBS BOLSAPeligro! GAINER XTREME esta dise\u00f1ado para mantenerte en movimiento. Con una mega cantidad de 1.290 calorias y 50 gramos de la mejor prote\u00edna por servicio, tu cuerpo no tendr\u00e1 m\u00e1s opci\u00f3n que reaccionar positivamente a esta poderosa y nutricionalmente densa mezcla. Nuestra mezcla contiene Whey y Caseina, entregando una absorci\u00f3n r\u00e1pida y continua de prote\u00edna para alimentar tus m\u00fasculos. La prote\u00edna es crucial para construir masa muscular magra porque ayuda a crear un balance positivo de nitr\u00f3geno (BPN) dentro del m\u00fasculo. El BPN es necesario para el crecimiento y la recuperaci\u00f3n.\",\"breadcrumb\":{\"@id\":\"https:\/\/teammutantecuador.com\/?product=gainer-xtreme-12lbs-vainilla#breadcrumb\"},\"inLanguage\":\"es\",\"potentialAction\":[{\"@type\":\"ReadAction\",\"target\":[\"https:\/\/teammutantecuador.com\/?product=gainer-xtreme-12lbs-vainilla\"]}]},{\"@type\":\"BreadcrumbList\",\"@id\":\"https:\/\/teammutantecuador.com\/?product=gainer-xtreme-12lbs-vainilla#breadcrumb\",\"itemListElement\":[{\"@type\":\"ListItem\",\"position\":1,\"name\":\"Portada\",\"item\":\"https:\/\/teammutantecuador.com\/\"},{\"@type\":\"ListItem\",\"position\":2,\"name\":\"Shop\",\"item\":\"https:\/\/teammutantecuador.com\/?page_id=6\"},{\"@type\":\"ListItem\",\"position\":3,\"name\":\"Gainer Xtreme 12lbs Vainilla\"}]},{\"@type\":\"WebSite\",\"@id\":\"https:\/\/teammutantecuador.com\/#website\",\"url\":\"https:\/\/teammutantecuador.com\/\",\"name\":\"Team Mutan Ecuador\",\"description\":\"Just another WordPress site\",\"publisher\":{\"@id\":\"https:\/\/teammutantecuador.com\/#organization\"},\"potentialAction\":[{\"@type\":\"SearchAction\",\"target\":{\"@type\":\"EntryPoint\",\"urlTemplate\":\"https:\/\/teammutantecuador.com\/?s={search_term_string}\"},\"query-input\":{\"@type\":\"PropertyValueSpecification\",\"valueRequired\":true,\"valueName\":\"search_term_string\"}}],\"inLanguage\":\"es\"},{\"@type\":\"Organization\",\"@id\":\"https:\/\/teammutantecuador.com\/#organization\",\"name\":\"Team Mutan Ecuador\",\"url\":\"https:\/\/teammutantecuador.com\/\",\"logo\":{\"@type\":\"ImageObject\",\"inLanguage\":\"es\",\"@id\":\"https:\/\/teammutantecuador.com\/#\/schema\/logo\/image\/\",\"url\":\"https:\/\/teammutantecuador.com\/wp-content\/uploads\/2026\/01\/Diseno-sin-titulo-97.png\",\"contentUrl\":\"https:\/\/teammutantecuador.com\/wp-content\/uploads\/2026\/01\/Diseno-sin-titulo-97.png\",\"width\":500,\"height\":300,\"caption\":\"Team Mutan Ecuador\"},\"image\":{\"@id\":\"https:\/\/teammutantecuador.com\/#\/schema\/logo\/image\/\"}}]}<\/script>\n<!-- \/ Yoast SEO plugin. -->","yoast_head_json":{"title":"Gainer Xtreme 12lbs Vainilla - Team Mutan Ecuador","description":"GAINER API 12 LBS BOLSAPeligro! GAINER XTREME esta dise\u00f1ado para mantenerte en movimiento. Con una mega cantidad de 1.290 calorias y 50 gramos de la mejor prote\u00edna por servicio, tu cuerpo no tendr\u00e1 m\u00e1s opci\u00f3n que reaccionar positivamente a esta poderosa y nutricionalmente densa mezcla. Nuestra mezcla contiene Whey y Caseina, entregando una absorci\u00f3n r\u00e1pida y continua de prote\u00edna para alimentar tus m\u00fasculos. La prote\u00edna es crucial para construir masa muscular magra porque ayuda a crear un balance positivo de nitr\u00f3geno (BPN) dentro del m\u00fasculo. El BPN es necesario para el crecimiento y la recuperaci\u00f3n.","robots":{"index":"index","follow":"follow","max-snippet":"max-snippet:-1","max-image-preview":"max-image-preview:large","max-video-preview":"max-video-preview:-1"},"canonical":"https:\/\/teammutantecuador.com\/?product=gainer-xtreme-12lbs-vainilla","og_locale":"es_ES","og_type":"article","og_title":"Gainer Xtreme 12lbs Vainilla - Team Mutan Ecuador","og_description":"GAINER API 12 LBS BOLSAPeligro! GAINER XTREME esta dise\u00f1ado para mantenerte en movimiento. Con una mega cantidad de 1.290 calorias y 50 gramos de la mejor prote\u00edna por servicio, tu cuerpo no tendr\u00e1 m\u00e1s opci\u00f3n que reaccionar positivamente a esta poderosa y nutricionalmente densa mezcla. Nuestra mezcla contiene Whey y Caseina, entregando una absorci\u00f3n r\u00e1pida y continua de prote\u00edna para alimentar tus m\u00fasculos. La prote\u00edna es crucial para construir masa muscular magra porque ayuda a crear un balance positivo de nitr\u00f3geno (BPN) dentro del m\u00fasculo. El BPN es necesario para el crecimiento y la recuperaci\u00f3n.","og_url":"https:\/\/teammutantecuador.com\/?product=gainer-xtreme-12lbs-vainilla","og_site_name":"Team Mutan Ecuador","article_modified_time":"2026-01-17T16:03:52+00:00","twitter_card":"summary_large_image","twitter_misc":{"Tiempo de lectura":"1 minuto"},"schema":{"@context":"https:\/\/schema.org","@graph":[{"@type":"WebPage","@id":"https:\/\/teammutantecuador.com\/?product=gainer-xtreme-12lbs-vainilla","url":"https:\/\/teammutantecuador.com\/?product=gainer-xtreme-12lbs-vainilla","name":"Gainer Xtreme 12lbs Vainilla - Team Mutan Ecuador","isPartOf":{"@id":"https:\/\/teammutantecuador.com\/#website"},"datePublished":"2026-01-17T16:03:51+00:00","dateModified":"2026-01-17T16:03:52+00:00","description":"GAINER API 12 LBS BOLSAPeligro! GAINER XTREME esta dise\u00f1ado para mantenerte en movimiento. Con una mega cantidad de 1.290 calorias y 50 gramos de la mejor prote\u00edna por servicio, tu cuerpo no tendr\u00e1 m\u00e1s opci\u00f3n que reaccionar positivamente a esta poderosa y nutricionalmente densa mezcla. Nuestra mezcla contiene Whey y Caseina, entregando una absorci\u00f3n r\u00e1pida y continua de prote\u00edna para alimentar tus m\u00fasculos. La prote\u00edna es crucial para construir masa muscular magra porque ayuda a crear un balance positivo de nitr\u00f3geno (BPN) dentro del m\u00fasculo. El BPN es necesario para el crecimiento y la recuperaci\u00f3n.","breadcrumb":{"@id":"https:\/\/teammutantecuador.com\/?product=gainer-xtreme-12lbs-vainilla#breadcrumb"},"inLanguage":"es","potentialAction":[{"@type":"ReadAction","target":["https:\/\/teammutantecuador.com\/?product=gainer-xtreme-12lbs-vainilla"]}]},{"@type":"BreadcrumbList","@id":"https:\/\/teammutantecuador.com\/?product=gainer-xtreme-12lbs-vainilla#breadcrumb","itemListElement":[{"@type":"ListItem","position":1,"name":"Portada","item":"https:\/\/teammutantecuador.com\/"},{"@type":"ListItem","position":2,"name":"Shop","item":"https:\/\/teammutantecuador.com\/?page_id=6"},{"@type":"ListItem","position":3,"name":"Gainer Xtreme 12lbs Vainilla"}]},{"@type":"WebSite","@id":"https:\/\/teammutantecuador.com\/#website","url":"https:\/\/teammutantecuador.com\/","name":"Team Mutan Ecuador","description":"Just another WordPress site","publisher":{"@id":"https:\/\/teammutantecuador.com\/#organization"},"potentialAction":[{"@type":"SearchAction","target":{"@type":"EntryPoint","urlTemplate":"https:\/\/teammutantecuador.com\/?s={search_term_string}"},"query-input":{"@type":"PropertyValueSpecification","valueRequired":true,"valueName":"search_term_string"}}],"inLanguage":"es"},{"@type":"Organization","@id":"https:\/\/teammutantecuador.com\/#organization","name":"Team Mutan Ecuador","url":"https:\/\/teammutantecuador.com\/","logo":{"@type":"ImageObject","inLanguage":"es","@id":"https:\/\/teammutantecuador.com\/#\/schema\/logo\/image\/","url":"https:\/\/teammutantecuador.com\/wp-content\/uploads\/2026\/01\/Diseno-sin-titulo-97.png","contentUrl":"https:\/\/teammutantecuador.com\/wp-content\/uploads\/2026\/01\/Diseno-sin-titulo-97.png","width":500,"height":300,"caption":"Team Mutan Ecuador"},"image":{"@id":"https:\/\/teammutantecuador.com\/#\/schema\/logo\/image\/"}}]}},"_links":{"self":[{"href":"https:\/\/teammutantecuador.com\/index.php?rest_route=\/wp\/v2\/product\/1397","targetHints":{"allow":["GET"]}}],"collection":[{"href":"https:\/\/teammutantecuador.com\/index.php?rest_route=\/wp\/v2\/product"}],"about":[{"href":"https:\/\/teammutantecuador.com\/index.php?rest_route=\/wp\/v2\/types\/product"}],"replies":[{"embeddable":true,"href":"https:\/\/teammutantecuador.com\/index.php?rest_route=%2Fwp%2Fv2%2Fcomments&post=1397"}],"wp:attachment":[{"href":"https:\/\/teammutantecuador.com\/index.php?rest_route=%2Fwp%2Fv2%2Fmedia&parent=1397"}],"wp:term":[{"taxonomy":"product_brand","embeddable":true,"href":"https:\/\/teammutantecuador.com\/index.php?rest_route=%2Fwp%2Fv2%2Fproduct_brand&post=1397"},{"taxonomy":"product_cat","embeddable":true,"href":"https:\/\/teammutantecuador.com\/index.php?rest_route=%2Fwp%2Fv2%2Fproduct_cat&post=1397"},{"taxonomy":"product_tag","embeddable":true,"href":"https:\/\/teammutantecuador.com\/index.php?rest_route=%2Fwp%2Fv2%2Fproduct_tag&post=1397"}],"curies":[{"name":"wp","href":"https:\/\/api.w.org\/{rel}","templated":true}]}}