{"id":1383,"date":"2026-01-17T16:03:46","date_gmt":"2026-01-17T16:03:46","guid":{"rendered":"https:\/\/teammutantecuador.com\/?post_type=product&#038;p=1383"},"modified":"2026-01-17T16:03:49","modified_gmt":"2026-01-17T16:03:49","slug":"nitrotech-2lbs","status":"publish","type":"product","link":"https:\/\/teammutantecuador.com\/?product=nitrotech-2lbs","title":{"rendered":"NITROTECH 2LBS"},"content":{"rendered":"<p>NITROTECH &#8211; 2 Libras &#8211; Muscletech<\/p>\n<p>Con una gran cantidad de prote\u00edna de suero, una de las m\u00e1s limpias y puras, Muscletech presenta Nitrotech una prote\u00edna dise\u00f1ada para atletas que desean obtener un mayor rendimiento y m\u00e1s r\u00e1pido avance en crecimiento muscular magro y fuerza.<\/p>\n<p>Caracter\u00edsticas:<br \/>\n&#8211; Prote\u00ednas 30 gramos<br \/>\n&#8211; Grasas trans 0 gramos<br \/>\n&#8211; Carbohidratos 1-2 gramos<br \/>\n&#8211; Creatina 3 gramos<br \/>\n&#8211; Alanina 4 gramos<br \/>\n&#8211; Glicina \/ Taurina<br \/>\n&#8211; Enzimas Digestivas 100 miligramos<\/p>\n","protected":false},"excerpt":{"rendered":"<p>NITROTECH &#8211; 2 Libras &#8211; Muscletech<\/p>\n<p>Con una gran cantidad de prote\u00edna de suero, una de las m\u00e1s limpias y puras, Muscletech presenta Nitrotech una prote\u00edna dise\u00f1ada para atletas que desean obtener un mayor rendimiento y m\u00e1s r\u00e1pido avance en crecimiento muscular magro y fuerza.<\/p>\n","protected":false},"featured_media":0,"comment_status":"open","ping_status":"closed","template":"","meta":[],"product_brand":[],"product_cat":[357],"product_tag":[83,56],"class_list":{"0":"post-1383","1":"product","2":"type-product","3":"status-publish","5":"product_cat-proteinas-2","6":"product_tag-muscletech","7":"product_tag-proteinas","9":"first","10":"instock","11":"sale","12":"shipping-taxable","13":"purchasable","14":"product-type-simple"},"yoast_head":"<!-- This site is optimized with the Yoast SEO plugin v26.8 - https:\/\/yoast.com\/product\/yoast-seo-wordpress\/ -->\n<title>NITROTECH 2LBS - Team Mutan Ecuador<\/title>\n<meta name=\"description\" content=\"NITROTECH - 2 Libras - MuscletechCon una gran cantidad de prote\u00edna de suero, una de las m\u00e1s limpias y puras, Muscletech presenta Nitrotech una prote\u00edna dise\u00f1ada para atletas que desean obtener un mayor rendimiento y m\u00e1s r\u00e1pido avance en crecimiento muscular magro y fuerza.\" \/>\n<meta name=\"robots\" content=\"index, follow, max-snippet:-1, max-image-preview:large, max-video-preview:-1\" \/>\n<link rel=\"canonical\" href=\"https:\/\/teammutantecuador.com\/?product=nitrotech-2lbs\" \/>\n<meta property=\"og:locale\" content=\"es_ES\" \/>\n<meta property=\"og:type\" content=\"article\" \/>\n<meta property=\"og:title\" content=\"NITROTECH 2LBS - Team Mutan Ecuador\" \/>\n<meta property=\"og:description\" content=\"NITROTECH - 2 Libras - MuscletechCon una gran cantidad de prote\u00edna de suero, una de las m\u00e1s limpias y puras, Muscletech presenta Nitrotech una prote\u00edna dise\u00f1ada para atletas que desean obtener un mayor rendimiento y m\u00e1s r\u00e1pido avance en crecimiento muscular magro y fuerza.\" \/>\n<meta property=\"og:url\" content=\"https:\/\/teammutantecuador.com\/?product=nitrotech-2lbs\" \/>\n<meta property=\"og:site_name\" content=\"Team Mutan Ecuador\" \/>\n<meta property=\"article:modified_time\" content=\"2026-01-17T16:03:49+00:00\" \/>\n<meta name=\"twitter:card\" content=\"summary_large_image\" \/>\n<script type=\"application\/ld+json\" class=\"yoast-schema-graph\">{\"@context\":\"https:\/\/schema.org\",\"@graph\":[{\"@type\":\"WebPage\",\"@id\":\"https:\/\/teammutantecuador.com\/?product=nitrotech-2lbs\",\"url\":\"https:\/\/teammutantecuador.com\/?product=nitrotech-2lbs\",\"name\":\"NITROTECH 2LBS - Team Mutan Ecuador\",\"isPartOf\":{\"@id\":\"https:\/\/teammutantecuador.com\/#website\"},\"datePublished\":\"2026-01-17T16:03:46+00:00\",\"dateModified\":\"2026-01-17T16:03:49+00:00\",\"description\":\"NITROTECH - 2 Libras - MuscletechCon una gran cantidad de prote\u00edna de suero, una de las m\u00e1s limpias y puras, Muscletech presenta Nitrotech una prote\u00edna dise\u00f1ada para atletas que desean obtener un mayor rendimiento y m\u00e1s r\u00e1pido avance en crecimiento muscular magro y fuerza.\",\"breadcrumb\":{\"@id\":\"https:\/\/teammutantecuador.com\/?product=nitrotech-2lbs#breadcrumb\"},\"inLanguage\":\"es\",\"potentialAction\":[{\"@type\":\"ReadAction\",\"target\":[\"https:\/\/teammutantecuador.com\/?product=nitrotech-2lbs\"]}]},{\"@type\":\"BreadcrumbList\",\"@id\":\"https:\/\/teammutantecuador.com\/?product=nitrotech-2lbs#breadcrumb\",\"itemListElement\":[{\"@type\":\"ListItem\",\"position\":1,\"name\":\"Portada\",\"item\":\"https:\/\/teammutantecuador.com\/\"},{\"@type\":\"ListItem\",\"position\":2,\"name\":\"Shop\",\"item\":\"https:\/\/teammutantecuador.com\/?page_id=6\"},{\"@type\":\"ListItem\",\"position\":3,\"name\":\"NITROTECH 2LBS\"}]},{\"@type\":\"WebSite\",\"@id\":\"https:\/\/teammutantecuador.com\/#website\",\"url\":\"https:\/\/teammutantecuador.com\/\",\"name\":\"Team Mutan Ecuador\",\"description\":\"Just another WordPress site\",\"publisher\":{\"@id\":\"https:\/\/teammutantecuador.com\/#organization\"},\"potentialAction\":[{\"@type\":\"SearchAction\",\"target\":{\"@type\":\"EntryPoint\",\"urlTemplate\":\"https:\/\/teammutantecuador.com\/?s={search_term_string}\"},\"query-input\":{\"@type\":\"PropertyValueSpecification\",\"valueRequired\":true,\"valueName\":\"search_term_string\"}}],\"inLanguage\":\"es\"},{\"@type\":\"Organization\",\"@id\":\"https:\/\/teammutantecuador.com\/#organization\",\"name\":\"Team Mutan Ecuador\",\"url\":\"https:\/\/teammutantecuador.com\/\",\"logo\":{\"@type\":\"ImageObject\",\"inLanguage\":\"es\",\"@id\":\"https:\/\/teammutantecuador.com\/#\/schema\/logo\/image\/\",\"url\":\"https:\/\/teammutantecuador.com\/wp-content\/uploads\/2026\/01\/Diseno-sin-titulo-97.png\",\"contentUrl\":\"https:\/\/teammutantecuador.com\/wp-content\/uploads\/2026\/01\/Diseno-sin-titulo-97.png\",\"width\":500,\"height\":300,\"caption\":\"Team Mutan Ecuador\"},\"image\":{\"@id\":\"https:\/\/teammutantecuador.com\/#\/schema\/logo\/image\/\"}}]}<\/script>\n<!-- \/ Yoast SEO plugin. -->","yoast_head_json":{"title":"NITROTECH 2LBS - Team Mutan Ecuador","description":"NITROTECH - 2 Libras - MuscletechCon una gran cantidad de prote\u00edna de suero, una de las m\u00e1s limpias y puras, Muscletech presenta Nitrotech una prote\u00edna dise\u00f1ada para atletas que desean obtener un mayor rendimiento y m\u00e1s r\u00e1pido avance en crecimiento muscular magro y fuerza.","robots":{"index":"index","follow":"follow","max-snippet":"max-snippet:-1","max-image-preview":"max-image-preview:large","max-video-preview":"max-video-preview:-1"},"canonical":"https:\/\/teammutantecuador.com\/?product=nitrotech-2lbs","og_locale":"es_ES","og_type":"article","og_title":"NITROTECH 2LBS - Team Mutan Ecuador","og_description":"NITROTECH - 2 Libras - MuscletechCon una gran cantidad de prote\u00edna de suero, una de las m\u00e1s limpias y puras, Muscletech presenta Nitrotech una prote\u00edna dise\u00f1ada para atletas que desean obtener un mayor rendimiento y m\u00e1s r\u00e1pido avance en crecimiento muscular magro y fuerza.","og_url":"https:\/\/teammutantecuador.com\/?product=nitrotech-2lbs","og_site_name":"Team Mutan Ecuador","article_modified_time":"2026-01-17T16:03:49+00:00","twitter_card":"summary_large_image","schema":{"@context":"https:\/\/schema.org","@graph":[{"@type":"WebPage","@id":"https:\/\/teammutantecuador.com\/?product=nitrotech-2lbs","url":"https:\/\/teammutantecuador.com\/?product=nitrotech-2lbs","name":"NITROTECH 2LBS - Team Mutan Ecuador","isPartOf":{"@id":"https:\/\/teammutantecuador.com\/#website"},"datePublished":"2026-01-17T16:03:46+00:00","dateModified":"2026-01-17T16:03:49+00:00","description":"NITROTECH - 2 Libras - MuscletechCon una gran cantidad de prote\u00edna de suero, una de las m\u00e1s limpias y puras, Muscletech presenta Nitrotech una prote\u00edna dise\u00f1ada para atletas que desean obtener un mayor rendimiento y m\u00e1s r\u00e1pido avance en crecimiento muscular magro y fuerza.","breadcrumb":{"@id":"https:\/\/teammutantecuador.com\/?product=nitrotech-2lbs#breadcrumb"},"inLanguage":"es","potentialAction":[{"@type":"ReadAction","target":["https:\/\/teammutantecuador.com\/?product=nitrotech-2lbs"]}]},{"@type":"BreadcrumbList","@id":"https:\/\/teammutantecuador.com\/?product=nitrotech-2lbs#breadcrumb","itemListElement":[{"@type":"ListItem","position":1,"name":"Portada","item":"https:\/\/teammutantecuador.com\/"},{"@type":"ListItem","position":2,"name":"Shop","item":"https:\/\/teammutantecuador.com\/?page_id=6"},{"@type":"ListItem","position":3,"name":"NITROTECH 2LBS"}]},{"@type":"WebSite","@id":"https:\/\/teammutantecuador.com\/#website","url":"https:\/\/teammutantecuador.com\/","name":"Team Mutan Ecuador","description":"Just another WordPress site","publisher":{"@id":"https:\/\/teammutantecuador.com\/#organization"},"potentialAction":[{"@type":"SearchAction","target":{"@type":"EntryPoint","urlTemplate":"https:\/\/teammutantecuador.com\/?s={search_term_string}"},"query-input":{"@type":"PropertyValueSpecification","valueRequired":true,"valueName":"search_term_string"}}],"inLanguage":"es"},{"@type":"Organization","@id":"https:\/\/teammutantecuador.com\/#organization","name":"Team Mutan Ecuador","url":"https:\/\/teammutantecuador.com\/","logo":{"@type":"ImageObject","inLanguage":"es","@id":"https:\/\/teammutantecuador.com\/#\/schema\/logo\/image\/","url":"https:\/\/teammutantecuador.com\/wp-content\/uploads\/2026\/01\/Diseno-sin-titulo-97.png","contentUrl":"https:\/\/teammutantecuador.com\/wp-content\/uploads\/2026\/01\/Diseno-sin-titulo-97.png","width":500,"height":300,"caption":"Team Mutan Ecuador"},"image":{"@id":"https:\/\/teammutantecuador.com\/#\/schema\/logo\/image\/"}}]}},"_links":{"self":[{"href":"https:\/\/teammutantecuador.com\/index.php?rest_route=\/wp\/v2\/product\/1383","targetHints":{"allow":["GET"]}}],"collection":[{"href":"https:\/\/teammutantecuador.com\/index.php?rest_route=\/wp\/v2\/product"}],"about":[{"href":"https:\/\/teammutantecuador.com\/index.php?rest_route=\/wp\/v2\/types\/product"}],"replies":[{"embeddable":true,"href":"https:\/\/teammutantecuador.com\/index.php?rest_route=%2Fwp%2Fv2%2Fcomments&post=1383"}],"wp:attachment":[{"href":"https:\/\/teammutantecuador.com\/index.php?rest_route=%2Fwp%2Fv2%2Fmedia&parent=1383"}],"wp:term":[{"taxonomy":"product_brand","embeddable":true,"href":"https:\/\/teammutantecuador.com\/index.php?rest_route=%2Fwp%2Fv2%2Fproduct_brand&post=1383"},{"taxonomy":"product_cat","embeddable":true,"href":"https:\/\/teammutantecuador.com\/index.php?rest_route=%2Fwp%2Fv2%2Fproduct_cat&post=1383"},{"taxonomy":"product_tag","embeddable":true,"href":"https:\/\/teammutantecuador.com\/index.php?rest_route=%2Fwp%2Fv2%2Fproduct_tag&post=1383"}],"curies":[{"name":"wp","href":"https:\/\/api.w.org\/{rel}","templated":true}]}}