{"id":1370,"date":"2026-01-17T16:03:46","date_gmt":"2026-01-17T16:03:46","guid":{"rendered":"https:\/\/teammutantecuador.com\/?post_type=product&#038;p=1370"},"modified":"2026-01-17T16:03:47","modified_gmt":"2026-01-17T16:03:47","slug":"liquid-carnitine-1500-berry-ps","status":"publish","type":"product","link":"https:\/\/teammutantecuador.com\/?product=liquid-carnitine-1500-berry-ps","title":{"rendered":"LIQUID CARNITINE 1500 BERRY PS"},"content":{"rendered":"<p>Liquid L-Carnitine 1500 de ProSupps, contiene 1500 mg. de L-Carnitina por servicio y 31 servicios por botella.<br \/>\nLa L-carnitina es un amino\u00e1cido conocido por promover la p\u00e9rdida de grasa. Adem\u00e1s aumenta la energ\u00eda, y mejora la resistencia a la fatiga muscular. Tambi\u00e9n es ideal en la dieta, ya que puede reducir la sensaci\u00f3n de hambre y de debilidad.<br \/>\nLa L-Carnitina juega un papel cr\u00edtico en el metabolismo estimulando la p\u00e9rdida de peso ya que ayuda a transportar las grasas a las mitocondrias donde son quemados para producir energ\u00eda.<br \/>\nAumenta la resistencia y rendimiento: estudios cl\u00ednicos han demostrado que la L-Carnitina mejora el rendimiento deportivo y la resistencia. Gracias a una mayor combusti\u00f3n de grasa para obtener energ\u00eda, el cuerpo reduce el agotamiento de gluc\u00f3geno muscular. Esto, combinado con la reducci\u00f3n de la acumulaci\u00f3n de \u00e1cido l\u00e1ctico en los m\u00fasculos puede ampliar la capacidad de ejercicio antes de la fatiga.<br \/>\nYa sea que la utilice para tener un coraz\u00f3n mas sano, para aumentar la resistencia o mejorar la p\u00e9rdida de grasa, puede estar completamente seguro que con Liquid L-Carnitine 1500 de ProSupps la calidad esta asegurada.<\/p>\n","protected":false},"excerpt":{"rendered":"<p>Liquid L-Carnitine 1500 de ProSupps, contiene 1500 mg. de L-Carnitina por servicio y 31 servicios por botella.<br \/>\nLa L-carnitina es un amino\u00e1cido conocido por promover la p\u00e9rdida de grasa. Adem\u00e1s aumenta la energ\u00eda, y mejora la resistencia a la fatiga muscular. Tambi\u00e9n es ideal en la dieta, ya que puede reducir la sensaci\u00f3n de hambre y de debilidad.<\/p>\n","protected":false},"featured_media":0,"comment_status":"open","ping_status":"closed","template":"","meta":[],"product_brand":[],"product_cat":[63],"product_tag":[44,64],"class_list":{"0":"post-1370","1":"product","2":"type-product","3":"status-publish","5":"product_cat-quemadores-de-grasa","6":"product_tag-prosupps","7":"product_tag-quemador-de-garsa","9":"first","10":"instock","11":"shipping-taxable","12":"purchasable","13":"product-type-simple"},"yoast_head":"<!-- This site is optimized with the Yoast SEO plugin v26.8 - https:\/\/yoast.com\/product\/yoast-seo-wordpress\/ -->\n<title>LIQUID CARNITINE 1500 BERRY PS - Team Mutan Ecuador<\/title>\n<meta name=\"description\" content=\"Liquid L-Carnitine 1500 de ProSupps, contiene 1500 mg. de L-Carnitina por servicio y 31 servicios por botella.La L-carnitina es un amino\u00e1cido conocido por promover la p\u00e9rdida de grasa. Adem\u00e1s aumenta la energ\u00eda, y mejora la resistencia a la fatiga muscular. Tambi\u00e9n es ideal en la dieta, ya que puede reducir la sensaci\u00f3n de hambre y de debilidad.\" \/>\n<meta name=\"robots\" content=\"index, follow, max-snippet:-1, max-image-preview:large, max-video-preview:-1\" \/>\n<link rel=\"canonical\" href=\"https:\/\/teammutantecuador.com\/?product=liquid-carnitine-1500-berry-ps\" \/>\n<meta property=\"og:locale\" content=\"es_ES\" \/>\n<meta property=\"og:type\" content=\"article\" \/>\n<meta property=\"og:title\" content=\"LIQUID CARNITINE 1500 BERRY PS - Team Mutan Ecuador\" \/>\n<meta property=\"og:description\" content=\"Liquid L-Carnitine 1500 de ProSupps, contiene 1500 mg. de L-Carnitina por servicio y 31 servicios por botella.La L-carnitina es un amino\u00e1cido conocido por promover la p\u00e9rdida de grasa. Adem\u00e1s aumenta la energ\u00eda, y mejora la resistencia a la fatiga muscular. Tambi\u00e9n es ideal en la dieta, ya que puede reducir la sensaci\u00f3n de hambre y de debilidad.\" \/>\n<meta property=\"og:url\" content=\"https:\/\/teammutantecuador.com\/?product=liquid-carnitine-1500-berry-ps\" \/>\n<meta property=\"og:site_name\" content=\"Team Mutan Ecuador\" \/>\n<meta property=\"article:modified_time\" content=\"2026-01-17T16:03:47+00:00\" \/>\n<meta name=\"twitter:card\" content=\"summary_large_image\" \/>\n<meta name=\"twitter:label1\" content=\"Tiempo de lectura\" \/>\n\t<meta name=\"twitter:data1\" content=\"1 minuto\" \/>\n<script type=\"application\/ld+json\" class=\"yoast-schema-graph\">{\"@context\":\"https:\/\/schema.org\",\"@graph\":[{\"@type\":\"WebPage\",\"@id\":\"https:\/\/teammutantecuador.com\/?product=liquid-carnitine-1500-berry-ps\",\"url\":\"https:\/\/teammutantecuador.com\/?product=liquid-carnitine-1500-berry-ps\",\"name\":\"LIQUID CARNITINE 1500 BERRY PS - Team Mutan Ecuador\",\"isPartOf\":{\"@id\":\"https:\/\/teammutantecuador.com\/#website\"},\"datePublished\":\"2026-01-17T16:03:46+00:00\",\"dateModified\":\"2026-01-17T16:03:47+00:00\",\"description\":\"Liquid L-Carnitine 1500 de ProSupps, contiene 1500 mg. de L-Carnitina por servicio y 31 servicios por botella.La L-carnitina es un amino\u00e1cido conocido por promover la p\u00e9rdida de grasa. Adem\u00e1s aumenta la energ\u00eda, y mejora la resistencia a la fatiga muscular. Tambi\u00e9n es ideal en la dieta, ya que puede reducir la sensaci\u00f3n de hambre y de debilidad.\",\"breadcrumb\":{\"@id\":\"https:\/\/teammutantecuador.com\/?product=liquid-carnitine-1500-berry-ps#breadcrumb\"},\"inLanguage\":\"es\",\"potentialAction\":[{\"@type\":\"ReadAction\",\"target\":[\"https:\/\/teammutantecuador.com\/?product=liquid-carnitine-1500-berry-ps\"]}]},{\"@type\":\"BreadcrumbList\",\"@id\":\"https:\/\/teammutantecuador.com\/?product=liquid-carnitine-1500-berry-ps#breadcrumb\",\"itemListElement\":[{\"@type\":\"ListItem\",\"position\":1,\"name\":\"Portada\",\"item\":\"https:\/\/teammutantecuador.com\/\"},{\"@type\":\"ListItem\",\"position\":2,\"name\":\"Shop\",\"item\":\"https:\/\/teammutantecuador.com\/?page_id=6\"},{\"@type\":\"ListItem\",\"position\":3,\"name\":\"LIQUID CARNITINE 1500 BERRY PS\"}]},{\"@type\":\"WebSite\",\"@id\":\"https:\/\/teammutantecuador.com\/#website\",\"url\":\"https:\/\/teammutantecuador.com\/\",\"name\":\"Team Mutan Ecuador\",\"description\":\"Just another WordPress site\",\"publisher\":{\"@id\":\"https:\/\/teammutantecuador.com\/#organization\"},\"potentialAction\":[{\"@type\":\"SearchAction\",\"target\":{\"@type\":\"EntryPoint\",\"urlTemplate\":\"https:\/\/teammutantecuador.com\/?s={search_term_string}\"},\"query-input\":{\"@type\":\"PropertyValueSpecification\",\"valueRequired\":true,\"valueName\":\"search_term_string\"}}],\"inLanguage\":\"es\"},{\"@type\":\"Organization\",\"@id\":\"https:\/\/teammutantecuador.com\/#organization\",\"name\":\"Team Mutan Ecuador\",\"url\":\"https:\/\/teammutantecuador.com\/\",\"logo\":{\"@type\":\"ImageObject\",\"inLanguage\":\"es\",\"@id\":\"https:\/\/teammutantecuador.com\/#\/schema\/logo\/image\/\",\"url\":\"https:\/\/teammutantecuador.com\/wp-content\/uploads\/2026\/01\/Diseno-sin-titulo-97.png\",\"contentUrl\":\"https:\/\/teammutantecuador.com\/wp-content\/uploads\/2026\/01\/Diseno-sin-titulo-97.png\",\"width\":500,\"height\":300,\"caption\":\"Team Mutan Ecuador\"},\"image\":{\"@id\":\"https:\/\/teammutantecuador.com\/#\/schema\/logo\/image\/\"}}]}<\/script>\n<!-- \/ Yoast SEO plugin. -->","yoast_head_json":{"title":"LIQUID CARNITINE 1500 BERRY PS - Team Mutan Ecuador","description":"Liquid L-Carnitine 1500 de ProSupps, contiene 1500 mg. de L-Carnitina por servicio y 31 servicios por botella.La L-carnitina es un amino\u00e1cido conocido por promover la p\u00e9rdida de grasa. Adem\u00e1s aumenta la energ\u00eda, y mejora la resistencia a la fatiga muscular. Tambi\u00e9n es ideal en la dieta, ya que puede reducir la sensaci\u00f3n de hambre y de debilidad.","robots":{"index":"index","follow":"follow","max-snippet":"max-snippet:-1","max-image-preview":"max-image-preview:large","max-video-preview":"max-video-preview:-1"},"canonical":"https:\/\/teammutantecuador.com\/?product=liquid-carnitine-1500-berry-ps","og_locale":"es_ES","og_type":"article","og_title":"LIQUID CARNITINE 1500 BERRY PS - Team Mutan Ecuador","og_description":"Liquid L-Carnitine 1500 de ProSupps, contiene 1500 mg. de L-Carnitina por servicio y 31 servicios por botella.La L-carnitina es un amino\u00e1cido conocido por promover la p\u00e9rdida de grasa. Adem\u00e1s aumenta la energ\u00eda, y mejora la resistencia a la fatiga muscular. Tambi\u00e9n es ideal en la dieta, ya que puede reducir la sensaci\u00f3n de hambre y de debilidad.","og_url":"https:\/\/teammutantecuador.com\/?product=liquid-carnitine-1500-berry-ps","og_site_name":"Team Mutan Ecuador","article_modified_time":"2026-01-17T16:03:47+00:00","twitter_card":"summary_large_image","twitter_misc":{"Tiempo de lectura":"1 minuto"},"schema":{"@context":"https:\/\/schema.org","@graph":[{"@type":"WebPage","@id":"https:\/\/teammutantecuador.com\/?product=liquid-carnitine-1500-berry-ps","url":"https:\/\/teammutantecuador.com\/?product=liquid-carnitine-1500-berry-ps","name":"LIQUID CARNITINE 1500 BERRY PS - Team Mutan Ecuador","isPartOf":{"@id":"https:\/\/teammutantecuador.com\/#website"},"datePublished":"2026-01-17T16:03:46+00:00","dateModified":"2026-01-17T16:03:47+00:00","description":"Liquid L-Carnitine 1500 de ProSupps, contiene 1500 mg. de L-Carnitina por servicio y 31 servicios por botella.La L-carnitina es un amino\u00e1cido conocido por promover la p\u00e9rdida de grasa. Adem\u00e1s aumenta la energ\u00eda, y mejora la resistencia a la fatiga muscular. Tambi\u00e9n es ideal en la dieta, ya que puede reducir la sensaci\u00f3n de hambre y de debilidad.","breadcrumb":{"@id":"https:\/\/teammutantecuador.com\/?product=liquid-carnitine-1500-berry-ps#breadcrumb"},"inLanguage":"es","potentialAction":[{"@type":"ReadAction","target":["https:\/\/teammutantecuador.com\/?product=liquid-carnitine-1500-berry-ps"]}]},{"@type":"BreadcrumbList","@id":"https:\/\/teammutantecuador.com\/?product=liquid-carnitine-1500-berry-ps#breadcrumb","itemListElement":[{"@type":"ListItem","position":1,"name":"Portada","item":"https:\/\/teammutantecuador.com\/"},{"@type":"ListItem","position":2,"name":"Shop","item":"https:\/\/teammutantecuador.com\/?page_id=6"},{"@type":"ListItem","position":3,"name":"LIQUID CARNITINE 1500 BERRY PS"}]},{"@type":"WebSite","@id":"https:\/\/teammutantecuador.com\/#website","url":"https:\/\/teammutantecuador.com\/","name":"Team Mutan Ecuador","description":"Just another WordPress site","publisher":{"@id":"https:\/\/teammutantecuador.com\/#organization"},"potentialAction":[{"@type":"SearchAction","target":{"@type":"EntryPoint","urlTemplate":"https:\/\/teammutantecuador.com\/?s={search_term_string}"},"query-input":{"@type":"PropertyValueSpecification","valueRequired":true,"valueName":"search_term_string"}}],"inLanguage":"es"},{"@type":"Organization","@id":"https:\/\/teammutantecuador.com\/#organization","name":"Team Mutan Ecuador","url":"https:\/\/teammutantecuador.com\/","logo":{"@type":"ImageObject","inLanguage":"es","@id":"https:\/\/teammutantecuador.com\/#\/schema\/logo\/image\/","url":"https:\/\/teammutantecuador.com\/wp-content\/uploads\/2026\/01\/Diseno-sin-titulo-97.png","contentUrl":"https:\/\/teammutantecuador.com\/wp-content\/uploads\/2026\/01\/Diseno-sin-titulo-97.png","width":500,"height":300,"caption":"Team Mutan Ecuador"},"image":{"@id":"https:\/\/teammutantecuador.com\/#\/schema\/logo\/image\/"}}]}},"_links":{"self":[{"href":"https:\/\/teammutantecuador.com\/index.php?rest_route=\/wp\/v2\/product\/1370","targetHints":{"allow":["GET"]}}],"collection":[{"href":"https:\/\/teammutantecuador.com\/index.php?rest_route=\/wp\/v2\/product"}],"about":[{"href":"https:\/\/teammutantecuador.com\/index.php?rest_route=\/wp\/v2\/types\/product"}],"replies":[{"embeddable":true,"href":"https:\/\/teammutantecuador.com\/index.php?rest_route=%2Fwp%2Fv2%2Fcomments&post=1370"}],"wp:attachment":[{"href":"https:\/\/teammutantecuador.com\/index.php?rest_route=%2Fwp%2Fv2%2Fmedia&parent=1370"}],"wp:term":[{"taxonomy":"product_brand","embeddable":true,"href":"https:\/\/teammutantecuador.com\/index.php?rest_route=%2Fwp%2Fv2%2Fproduct_brand&post=1370"},{"taxonomy":"product_cat","embeddable":true,"href":"https:\/\/teammutantecuador.com\/index.php?rest_route=%2Fwp%2Fv2%2Fproduct_cat&post=1370"},{"taxonomy":"product_tag","embeddable":true,"href":"https:\/\/teammutantecuador.com\/index.php?rest_route=%2Fwp%2Fv2%2Fproduct_tag&post=1370"}],"curies":[{"name":"wp","href":"https:\/\/api.w.org\/{rel}","templated":true}]}}