{"id":1331,"date":"2026-01-17T16:03:40","date_gmt":"2026-01-17T16:03:40","guid":{"rendered":"https:\/\/teammutantecuador.com\/?post_type=product&#038;p=1331"},"modified":"2026-01-17T16:03:41","modified_gmt":"2026-01-17T16:03:41","slug":"hydroxycut-next-gen","status":"publish","type":"product","link":"https:\/\/teammutantecuador.com\/?product=hydroxycut-next-gen","title":{"rendered":"HYDROXYCUT NEXT GEN"},"content":{"rendered":"<p>HYDROXYCUT NEXT GEN<\/p>\n<p>Muscletech siempre ha sido un gran innovador en la categor\u00eda de control de peso con Hydroxycut. Esta es ahora la pr\u00f3xima generaci\u00f3n, con una mejor f\u00f3rmula. Cuando decidas tomar este producto, estar\u00e1s seguro de que alcanzar\u00e1s tus objetivos.<\/p>\n<p>COMO FUNCIONA: esta f\u00f3rmula es la verdadera soluci\u00f3n cuando se trata de su perfil de ingredientes. Comenzando con 400 mg de extracto de caf\u00e9 verde. Green Coffee le permitir\u00e1 a su cuerpo acelerar su metabolismo. Junto con eso, hay 290 mg de cafe\u00edna por porci\u00f3n para darle suficiente energ\u00eda durante todo el d\u00eda y no tener que tomar el doble de porciones. Combinando con cafe\u00edna, el ingrediente Forskholi trabajar\u00e1 con el cuerpo para ayudar con el proceso de p\u00e9rdida de peso y mantener el \u00e1nimo. Estos ingredientes principales ser\u00e1n los mejores en el mercado y con la mayor cantidad por porci\u00f3n, por lo que no es necesario tomar el doble de la raci\u00f3n recomendada. Este es el mejor valor en el manejo del peso junto con la mejor f\u00f3rmula.<\/p>\n","protected":false},"excerpt":{"rendered":"<p>Muscletech siempre ha sido un gran innovador en la categor\u00eda de control de peso con Hydroxycut. Esta es ahora la pr\u00f3xima generaci\u00f3n, con una mejor f\u00f3rmula. Cuando decidas tomar este producto, estar\u00e1s seguro de que alcanzar\u00e1s tus objetivos.<\/p>\n","protected":false},"featured_media":0,"comment_status":"open","ping_status":"closed","template":"","meta":[],"product_brand":[],"product_cat":[352],"product_tag":[83],"class_list":{"0":"post-1331","1":"product","2":"type-product","3":"status-publish","5":"product_cat-bcaas","6":"product_tag-muscletech","8":"first","9":"instock","10":"sale","11":"shipping-taxable","12":"purchasable","13":"product-type-simple"},"yoast_head":"<!-- This site is optimized with the Yoast SEO plugin v26.8 - https:\/\/yoast.com\/product\/yoast-seo-wordpress\/ -->\n<title>HYDROXYCUT NEXT GEN - Team Mutan Ecuador<\/title>\n<meta name=\"description\" content=\"HYDROXYCUT NEXT GEN Muscletech siempre ha sido un gran innovador en la categor\u00eda de control de peso con Hydroxycut. Esta es ahora la pr\u00f3xima generaci\u00f3n, con una mejor f\u00f3rmula. Cuando decidas tomar este producto, estar\u00e1s seguro de que alcanzar\u00e1s tus objetivos.\" \/>\n<meta name=\"robots\" content=\"index, follow, max-snippet:-1, max-image-preview:large, max-video-preview:-1\" \/>\n<link rel=\"canonical\" href=\"https:\/\/teammutantecuador.com\/?product=hydroxycut-next-gen\" \/>\n<meta property=\"og:locale\" content=\"es_ES\" \/>\n<meta property=\"og:type\" content=\"article\" \/>\n<meta property=\"og:title\" content=\"HYDROXYCUT NEXT GEN - Team Mutan Ecuador\" \/>\n<meta property=\"og:description\" content=\"HYDROXYCUT NEXT GEN Muscletech siempre ha sido un gran innovador en la categor\u00eda de control de peso con Hydroxycut. Esta es ahora la pr\u00f3xima generaci\u00f3n, con una mejor f\u00f3rmula. Cuando decidas tomar este producto, estar\u00e1s seguro de que alcanzar\u00e1s tus objetivos.\" \/>\n<meta property=\"og:url\" content=\"https:\/\/teammutantecuador.com\/?product=hydroxycut-next-gen\" \/>\n<meta property=\"og:site_name\" content=\"Team Mutan Ecuador\" \/>\n<meta property=\"article:modified_time\" content=\"2026-01-17T16:03:41+00:00\" \/>\n<meta name=\"twitter:card\" content=\"summary_large_image\" \/>\n<meta name=\"twitter:label1\" content=\"Tiempo de lectura\" \/>\n\t<meta name=\"twitter:data1\" content=\"1 minuto\" \/>\n<script type=\"application\/ld+json\" class=\"yoast-schema-graph\">{\"@context\":\"https:\/\/schema.org\",\"@graph\":[{\"@type\":\"WebPage\",\"@id\":\"https:\/\/teammutantecuador.com\/?product=hydroxycut-next-gen\",\"url\":\"https:\/\/teammutantecuador.com\/?product=hydroxycut-next-gen\",\"name\":\"HYDROXYCUT NEXT GEN - Team Mutan Ecuador\",\"isPartOf\":{\"@id\":\"https:\/\/teammutantecuador.com\/#website\"},\"datePublished\":\"2026-01-17T16:03:40+00:00\",\"dateModified\":\"2026-01-17T16:03:41+00:00\",\"description\":\"HYDROXYCUT NEXT GEN Muscletech siempre ha sido un gran innovador en la categor\u00eda de control de peso con Hydroxycut. Esta es ahora la pr\u00f3xima generaci\u00f3n, con una mejor f\u00f3rmula. Cuando decidas tomar este producto, estar\u00e1s seguro de que alcanzar\u00e1s tus objetivos.\",\"breadcrumb\":{\"@id\":\"https:\/\/teammutantecuador.com\/?product=hydroxycut-next-gen#breadcrumb\"},\"inLanguage\":\"es\",\"potentialAction\":[{\"@type\":\"ReadAction\",\"target\":[\"https:\/\/teammutantecuador.com\/?product=hydroxycut-next-gen\"]}]},{\"@type\":\"BreadcrumbList\",\"@id\":\"https:\/\/teammutantecuador.com\/?product=hydroxycut-next-gen#breadcrumb\",\"itemListElement\":[{\"@type\":\"ListItem\",\"position\":1,\"name\":\"Portada\",\"item\":\"https:\/\/teammutantecuador.com\/\"},{\"@type\":\"ListItem\",\"position\":2,\"name\":\"Shop\",\"item\":\"https:\/\/teammutantecuador.com\/?page_id=6\"},{\"@type\":\"ListItem\",\"position\":3,\"name\":\"HYDROXYCUT NEXT GEN\"}]},{\"@type\":\"WebSite\",\"@id\":\"https:\/\/teammutantecuador.com\/#website\",\"url\":\"https:\/\/teammutantecuador.com\/\",\"name\":\"Team Mutan Ecuador\",\"description\":\"Just another WordPress site\",\"publisher\":{\"@id\":\"https:\/\/teammutantecuador.com\/#organization\"},\"potentialAction\":[{\"@type\":\"SearchAction\",\"target\":{\"@type\":\"EntryPoint\",\"urlTemplate\":\"https:\/\/teammutantecuador.com\/?s={search_term_string}\"},\"query-input\":{\"@type\":\"PropertyValueSpecification\",\"valueRequired\":true,\"valueName\":\"search_term_string\"}}],\"inLanguage\":\"es\"},{\"@type\":\"Organization\",\"@id\":\"https:\/\/teammutantecuador.com\/#organization\",\"name\":\"Team Mutan Ecuador\",\"url\":\"https:\/\/teammutantecuador.com\/\",\"logo\":{\"@type\":\"ImageObject\",\"inLanguage\":\"es\",\"@id\":\"https:\/\/teammutantecuador.com\/#\/schema\/logo\/image\/\",\"url\":\"https:\/\/teammutantecuador.com\/wp-content\/uploads\/2026\/01\/Diseno-sin-titulo-97.png\",\"contentUrl\":\"https:\/\/teammutantecuador.com\/wp-content\/uploads\/2026\/01\/Diseno-sin-titulo-97.png\",\"width\":500,\"height\":300,\"caption\":\"Team Mutan Ecuador\"},\"image\":{\"@id\":\"https:\/\/teammutantecuador.com\/#\/schema\/logo\/image\/\"}}]}<\/script>\n<!-- \/ Yoast SEO plugin. -->","yoast_head_json":{"title":"HYDROXYCUT NEXT GEN - Team Mutan Ecuador","description":"HYDROXYCUT NEXT GEN Muscletech siempre ha sido un gran innovador en la categor\u00eda de control de peso con Hydroxycut. Esta es ahora la pr\u00f3xima generaci\u00f3n, con una mejor f\u00f3rmula. Cuando decidas tomar este producto, estar\u00e1s seguro de que alcanzar\u00e1s tus objetivos.","robots":{"index":"index","follow":"follow","max-snippet":"max-snippet:-1","max-image-preview":"max-image-preview:large","max-video-preview":"max-video-preview:-1"},"canonical":"https:\/\/teammutantecuador.com\/?product=hydroxycut-next-gen","og_locale":"es_ES","og_type":"article","og_title":"HYDROXYCUT NEXT GEN - Team Mutan Ecuador","og_description":"HYDROXYCUT NEXT GEN Muscletech siempre ha sido un gran innovador en la categor\u00eda de control de peso con Hydroxycut. Esta es ahora la pr\u00f3xima generaci\u00f3n, con una mejor f\u00f3rmula. Cuando decidas tomar este producto, estar\u00e1s seguro de que alcanzar\u00e1s tus objetivos.","og_url":"https:\/\/teammutantecuador.com\/?product=hydroxycut-next-gen","og_site_name":"Team Mutan Ecuador","article_modified_time":"2026-01-17T16:03:41+00:00","twitter_card":"summary_large_image","twitter_misc":{"Tiempo de lectura":"1 minuto"},"schema":{"@context":"https:\/\/schema.org","@graph":[{"@type":"WebPage","@id":"https:\/\/teammutantecuador.com\/?product=hydroxycut-next-gen","url":"https:\/\/teammutantecuador.com\/?product=hydroxycut-next-gen","name":"HYDROXYCUT NEXT GEN - Team Mutan Ecuador","isPartOf":{"@id":"https:\/\/teammutantecuador.com\/#website"},"datePublished":"2026-01-17T16:03:40+00:00","dateModified":"2026-01-17T16:03:41+00:00","description":"HYDROXYCUT NEXT GEN Muscletech siempre ha sido un gran innovador en la categor\u00eda de control de peso con Hydroxycut. Esta es ahora la pr\u00f3xima generaci\u00f3n, con una mejor f\u00f3rmula. Cuando decidas tomar este producto, estar\u00e1s seguro de que alcanzar\u00e1s tus objetivos.","breadcrumb":{"@id":"https:\/\/teammutantecuador.com\/?product=hydroxycut-next-gen#breadcrumb"},"inLanguage":"es","potentialAction":[{"@type":"ReadAction","target":["https:\/\/teammutantecuador.com\/?product=hydroxycut-next-gen"]}]},{"@type":"BreadcrumbList","@id":"https:\/\/teammutantecuador.com\/?product=hydroxycut-next-gen#breadcrumb","itemListElement":[{"@type":"ListItem","position":1,"name":"Portada","item":"https:\/\/teammutantecuador.com\/"},{"@type":"ListItem","position":2,"name":"Shop","item":"https:\/\/teammutantecuador.com\/?page_id=6"},{"@type":"ListItem","position":3,"name":"HYDROXYCUT NEXT GEN"}]},{"@type":"WebSite","@id":"https:\/\/teammutantecuador.com\/#website","url":"https:\/\/teammutantecuador.com\/","name":"Team Mutan Ecuador","description":"Just another WordPress site","publisher":{"@id":"https:\/\/teammutantecuador.com\/#organization"},"potentialAction":[{"@type":"SearchAction","target":{"@type":"EntryPoint","urlTemplate":"https:\/\/teammutantecuador.com\/?s={search_term_string}"},"query-input":{"@type":"PropertyValueSpecification","valueRequired":true,"valueName":"search_term_string"}}],"inLanguage":"es"},{"@type":"Organization","@id":"https:\/\/teammutantecuador.com\/#organization","name":"Team Mutan Ecuador","url":"https:\/\/teammutantecuador.com\/","logo":{"@type":"ImageObject","inLanguage":"es","@id":"https:\/\/teammutantecuador.com\/#\/schema\/logo\/image\/","url":"https:\/\/teammutantecuador.com\/wp-content\/uploads\/2026\/01\/Diseno-sin-titulo-97.png","contentUrl":"https:\/\/teammutantecuador.com\/wp-content\/uploads\/2026\/01\/Diseno-sin-titulo-97.png","width":500,"height":300,"caption":"Team Mutan Ecuador"},"image":{"@id":"https:\/\/teammutantecuador.com\/#\/schema\/logo\/image\/"}}]}},"_links":{"self":[{"href":"https:\/\/teammutantecuador.com\/index.php?rest_route=\/wp\/v2\/product\/1331","targetHints":{"allow":["GET"]}}],"collection":[{"href":"https:\/\/teammutantecuador.com\/index.php?rest_route=\/wp\/v2\/product"}],"about":[{"href":"https:\/\/teammutantecuador.com\/index.php?rest_route=\/wp\/v2\/types\/product"}],"replies":[{"embeddable":true,"href":"https:\/\/teammutantecuador.com\/index.php?rest_route=%2Fwp%2Fv2%2Fcomments&post=1331"}],"wp:attachment":[{"href":"https:\/\/teammutantecuador.com\/index.php?rest_route=%2Fwp%2Fv2%2Fmedia&parent=1331"}],"wp:term":[{"taxonomy":"product_brand","embeddable":true,"href":"https:\/\/teammutantecuador.com\/index.php?rest_route=%2Fwp%2Fv2%2Fproduct_brand&post=1331"},{"taxonomy":"product_cat","embeddable":true,"href":"https:\/\/teammutantecuador.com\/index.php?rest_route=%2Fwp%2Fv2%2Fproduct_cat&post=1331"},{"taxonomy":"product_tag","embeddable":true,"href":"https:\/\/teammutantecuador.com\/index.php?rest_route=%2Fwp%2Fv2%2Fproduct_tag&post=1331"}],"curies":[{"name":"wp","href":"https:\/\/api.w.org\/{rel}","templated":true}]}}