{"id":1327,"date":"2026-01-17T16:03:36","date_gmt":"2026-01-17T16:03:36","guid":{"rendered":"https:\/\/teammutantecuador.com\/?post_type=product&#038;p=1327"},"modified":"2026-01-17T16:03:39","modified_gmt":"2026-01-17T16:03:39","slug":"hydrobcaa-passionfruit-30-servidas-ps","status":"publish","type":"product","link":"https:\/\/teammutantecuador.com\/?product=hydrobcaa-passionfruit-30-servidas-ps","title":{"rendered":"HYDROBCAA PASSIONFRUIT 30 SERVIDAS PS"},"content":{"rendered":"<p>HYDROBCAA PASSIONFRUIT 30 SERVIDAS PS<\/p>\n<p>ProSupps HydroBCAA est\u00e1 aqu\u00ed para cambiar la forma en que piensas sobre los suplementos de amino\u00e1cidos. Durante a\u00f1os, los suplementos de BCAA han reinado como rey y con raz\u00f3n gracias a los s\u00f3lidos datos de investigaci\u00f3n que respaldan el papel clave que desempe\u00f1an. Sin embargo, estos suplementos que utilizan solo BCAA carecen de algo esencial. Literalmente, no incluyen EAA en la f\u00f3rmula, lo que en realidad puede causar m\u00e1s da\u00f1o que beneficio. Con la investigaci\u00f3n viene la innovaci\u00f3n y con la innovaci\u00f3n viene HydroBCAA , la f\u00f3rmula de matriz de amino\u00e1cidos completa que utiliza el poder de una investigaci\u00f3n validada con una relaci\u00f3n 2: 1: 1 de amino\u00e1cidos de cadena ramificada (BCAA) y amino\u00e1cidos esenciales (EAA) para ofrecer la soluci\u00f3n integral para prevenir la degradaci\u00f3n muscular y acelerar la recuperaci\u00f3n del ejercicio.<\/p>\n<p>Caracter\u00edsticas integrales de la f\u00f3rmula 7g BCAA   3g EAA \/ porci\u00f3n<br \/>\nPromueve la s\u00edntesis m\u00e1xima de prote\u00ednas y el apoyo muscular<br \/>\nZERO az\u00facares, carbohidratos o sabores artificiales; Ideal para cualquier objetivo de fitness<\/p>\n","protected":false},"excerpt":{"rendered":"<p>ProSupps HydroBCAA est\u00e1 aqu\u00ed para cambiar la forma en que piensas sobre los suplementos de amino\u00e1cidos. Durante a\u00f1os, los suplementos de BCAA han reinado como rey y con raz\u00f3n gracias a los s\u00f3lidos datos de investigaci\u00f3n que respaldan el papel clave que desempe\u00f1an. Sin embargo, estos suplementos que utilizan solo BCAA carecen de algo esencial. Literalmente, no incluyen EAA en la f\u00f3rmula, lo que en realidad puede causar m\u00e1s da\u00f1o que beneficio. Con la investigaci\u00f3n viene la innovaci\u00f3n y con la innovaci\u00f3n viene HydroBCAA , la f\u00f3rmula de matriz de amino\u00e1cidos completa que utiliza el poder de una investigaci\u00f3n validada con una relaci\u00f3n 2: 1: 1 de amino\u00e1cidos de cadena ramificada (BCAA) y amino\u00e1cidos esenciales (EAA) para ofrecer la soluci\u00f3n integral para prevenir la degradaci\u00f3n muscular y acelerar la recuperaci\u00f3n del ejercicio.<\/p>\n","protected":false},"featured_media":0,"comment_status":"open","ping_status":"closed","template":"","meta":[],"product_brand":[],"product_cat":[352],"product_tag":[46,44],"class_list":{"0":"post-1327","1":"product","2":"type-product","3":"status-publish","5":"product_cat-bcaas","6":"product_tag-bcaas","7":"product_tag-prosupps","9":"first","10":"instock","11":"shipping-taxable","12":"purchasable","13":"product-type-simple"},"yoast_head":"<!-- This site is optimized with the Yoast SEO plugin v26.8 - https:\/\/yoast.com\/product\/yoast-seo-wordpress\/ -->\n<title>HYDROBCAA PASSIONFRUIT 30 SERVIDAS PS - Team Mutan Ecuador<\/title>\n<meta name=\"description\" content=\"HYDROBCAA PASSIONFRUIT 30 SERVIDAS PS ProSupps HydroBCAA est\u00e1 aqu\u00ed para cambiar la forma en que piensas sobre los suplementos de amino\u00e1cidos. Durante a\u00f1os, los suplementos de BCAA han reinado como rey y con raz\u00f3n gracias a los s\u00f3lidos datos de investigaci\u00f3n que respaldan el papel clave que desempe\u00f1an. Sin embargo, estos suplementos que utilizan solo BCAA carecen de algo esencial. Literalmente, no incluyen EAA en la f\u00f3rmula, lo que en realidad puede causar m\u00e1s da\u00f1o que beneficio. Con la investigaci\u00f3n viene la innovaci\u00f3n y con la innovaci\u00f3n viene HydroBCAA , la f\u00f3rmula de matriz de amino\u00e1cidos completa que utiliza el poder de una investigaci\u00f3n validada con una relaci\u00f3n 2: 1: 1 de amino\u00e1cidos de cadena ramificada (BCAA) y amino\u00e1cidos esenciales (EAA) para ofrecer la soluci\u00f3n integral para prevenir la degradaci\u00f3n muscular y acelerar la recuperaci\u00f3n del ejercicio.\u00a0\" \/>\n<meta name=\"robots\" content=\"index, follow, max-snippet:-1, max-image-preview:large, max-video-preview:-1\" \/>\n<link rel=\"canonical\" href=\"https:\/\/teammutantecuador.com\/?product=hydrobcaa-passionfruit-30-servidas-ps\" \/>\n<meta property=\"og:locale\" content=\"es_ES\" \/>\n<meta property=\"og:type\" content=\"article\" \/>\n<meta property=\"og:title\" content=\"HYDROBCAA PASSIONFRUIT 30 SERVIDAS PS - Team Mutan Ecuador\" \/>\n<meta property=\"og:description\" content=\"HYDROBCAA PASSIONFRUIT 30 SERVIDAS PS ProSupps HydroBCAA est\u00e1 aqu\u00ed para cambiar la forma en que piensas sobre los suplementos de amino\u00e1cidos. Durante a\u00f1os, los suplementos de BCAA han reinado como rey y con raz\u00f3n gracias a los s\u00f3lidos datos de investigaci\u00f3n que respaldan el papel clave que desempe\u00f1an. Sin embargo, estos suplementos que utilizan solo BCAA carecen de algo esencial. Literalmente, no incluyen EAA en la f\u00f3rmula, lo que en realidad puede causar m\u00e1s da\u00f1o que beneficio. Con la investigaci\u00f3n viene la innovaci\u00f3n y con la innovaci\u00f3n viene HydroBCAA , la f\u00f3rmula de matriz de amino\u00e1cidos completa que utiliza el poder de una investigaci\u00f3n validada con una relaci\u00f3n 2: 1: 1 de amino\u00e1cidos de cadena ramificada (BCAA) y amino\u00e1cidos esenciales (EAA) para ofrecer la soluci\u00f3n integral para prevenir la degradaci\u00f3n muscular y acelerar la recuperaci\u00f3n del ejercicio.\u00a0\" \/>\n<meta property=\"og:url\" content=\"https:\/\/teammutantecuador.com\/?product=hydrobcaa-passionfruit-30-servidas-ps\" \/>\n<meta property=\"og:site_name\" content=\"Team Mutan Ecuador\" \/>\n<meta property=\"article:modified_time\" content=\"2026-01-17T16:03:39+00:00\" \/>\n<meta name=\"twitter:card\" content=\"summary_large_image\" \/>\n<meta name=\"twitter:label1\" content=\"Tiempo de lectura\" \/>\n\t<meta name=\"twitter:data1\" content=\"1 minuto\" \/>\n<script type=\"application\/ld+json\" class=\"yoast-schema-graph\">{\"@context\":\"https:\/\/schema.org\",\"@graph\":[{\"@type\":\"WebPage\",\"@id\":\"https:\/\/teammutantecuador.com\/?product=hydrobcaa-passionfruit-30-servidas-ps\",\"url\":\"https:\/\/teammutantecuador.com\/?product=hydrobcaa-passionfruit-30-servidas-ps\",\"name\":\"HYDROBCAA PASSIONFRUIT 30 SERVIDAS PS - Team Mutan Ecuador\",\"isPartOf\":{\"@id\":\"https:\/\/teammutantecuador.com\/#website\"},\"datePublished\":\"2026-01-17T16:03:36+00:00\",\"dateModified\":\"2026-01-17T16:03:39+00:00\",\"description\":\"HYDROBCAA PASSIONFRUIT 30 SERVIDAS PS ProSupps HydroBCAA est\u00e1 aqu\u00ed para cambiar la forma en que piensas sobre los suplementos de amino\u00e1cidos. Durante a\u00f1os, los suplementos de BCAA han reinado como rey y con raz\u00f3n gracias a los s\u00f3lidos datos de investigaci\u00f3n que respaldan el papel clave que desempe\u00f1an. Sin embargo, estos suplementos que utilizan solo BCAA carecen de algo esencial. Literalmente, no incluyen EAA en la f\u00f3rmula, lo que en realidad puede causar m\u00e1s da\u00f1o que beneficio. Con la investigaci\u00f3n viene la innovaci\u00f3n y con la innovaci\u00f3n viene HydroBCAA , la f\u00f3rmula de matriz de amino\u00e1cidos completa que utiliza el poder de una investigaci\u00f3n validada con una relaci\u00f3n 2: 1: 1 de amino\u00e1cidos de cadena ramificada (BCAA) y amino\u00e1cidos esenciales (EAA) para ofrecer la soluci\u00f3n integral para prevenir la degradaci\u00f3n muscular y acelerar la recuperaci\u00f3n del ejercicio.\u00a0\",\"breadcrumb\":{\"@id\":\"https:\/\/teammutantecuador.com\/?product=hydrobcaa-passionfruit-30-servidas-ps#breadcrumb\"},\"inLanguage\":\"es\",\"potentialAction\":[{\"@type\":\"ReadAction\",\"target\":[\"https:\/\/teammutantecuador.com\/?product=hydrobcaa-passionfruit-30-servidas-ps\"]}]},{\"@type\":\"BreadcrumbList\",\"@id\":\"https:\/\/teammutantecuador.com\/?product=hydrobcaa-passionfruit-30-servidas-ps#breadcrumb\",\"itemListElement\":[{\"@type\":\"ListItem\",\"position\":1,\"name\":\"Portada\",\"item\":\"https:\/\/teammutantecuador.com\/\"},{\"@type\":\"ListItem\",\"position\":2,\"name\":\"Shop\",\"item\":\"https:\/\/teammutantecuador.com\/?page_id=6\"},{\"@type\":\"ListItem\",\"position\":3,\"name\":\"HYDROBCAA PASSIONFRUIT 30 SERVIDAS PS\"}]},{\"@type\":\"WebSite\",\"@id\":\"https:\/\/teammutantecuador.com\/#website\",\"url\":\"https:\/\/teammutantecuador.com\/\",\"name\":\"Team Mutan Ecuador\",\"description\":\"Just another WordPress site\",\"publisher\":{\"@id\":\"https:\/\/teammutantecuador.com\/#organization\"},\"potentialAction\":[{\"@type\":\"SearchAction\",\"target\":{\"@type\":\"EntryPoint\",\"urlTemplate\":\"https:\/\/teammutantecuador.com\/?s={search_term_string}\"},\"query-input\":{\"@type\":\"PropertyValueSpecification\",\"valueRequired\":true,\"valueName\":\"search_term_string\"}}],\"inLanguage\":\"es\"},{\"@type\":\"Organization\",\"@id\":\"https:\/\/teammutantecuador.com\/#organization\",\"name\":\"Team Mutan Ecuador\",\"url\":\"https:\/\/teammutantecuador.com\/\",\"logo\":{\"@type\":\"ImageObject\",\"inLanguage\":\"es\",\"@id\":\"https:\/\/teammutantecuador.com\/#\/schema\/logo\/image\/\",\"url\":\"https:\/\/teammutantecuador.com\/wp-content\/uploads\/2026\/01\/Diseno-sin-titulo-97.png\",\"contentUrl\":\"https:\/\/teammutantecuador.com\/wp-content\/uploads\/2026\/01\/Diseno-sin-titulo-97.png\",\"width\":500,\"height\":300,\"caption\":\"Team Mutan Ecuador\"},\"image\":{\"@id\":\"https:\/\/teammutantecuador.com\/#\/schema\/logo\/image\/\"}}]}<\/script>\n<!-- \/ Yoast SEO plugin. -->","yoast_head_json":{"title":"HYDROBCAA PASSIONFRUIT 30 SERVIDAS PS - Team Mutan Ecuador","description":"HYDROBCAA PASSIONFRUIT 30 SERVIDAS PS ProSupps HydroBCAA est\u00e1 aqu\u00ed para cambiar la forma en que piensas sobre los suplementos de amino\u00e1cidos. Durante a\u00f1os, los suplementos de BCAA han reinado como rey y con raz\u00f3n gracias a los s\u00f3lidos datos de investigaci\u00f3n que respaldan el papel clave que desempe\u00f1an. Sin embargo, estos suplementos que utilizan solo BCAA carecen de algo esencial. Literalmente, no incluyen EAA en la f\u00f3rmula, lo que en realidad puede causar m\u00e1s da\u00f1o que beneficio. Con la investigaci\u00f3n viene la innovaci\u00f3n y con la innovaci\u00f3n viene HydroBCAA , la f\u00f3rmula de matriz de amino\u00e1cidos completa que utiliza el poder de una investigaci\u00f3n validada con una relaci\u00f3n 2: 1: 1 de amino\u00e1cidos de cadena ramificada (BCAA) y amino\u00e1cidos esenciales (EAA) para ofrecer la soluci\u00f3n integral para prevenir la degradaci\u00f3n muscular y acelerar la recuperaci\u00f3n del ejercicio.\u00a0","robots":{"index":"index","follow":"follow","max-snippet":"max-snippet:-1","max-image-preview":"max-image-preview:large","max-video-preview":"max-video-preview:-1"},"canonical":"https:\/\/teammutantecuador.com\/?product=hydrobcaa-passionfruit-30-servidas-ps","og_locale":"es_ES","og_type":"article","og_title":"HYDROBCAA PASSIONFRUIT 30 SERVIDAS PS - Team Mutan Ecuador","og_description":"HYDROBCAA PASSIONFRUIT 30 SERVIDAS PS ProSupps HydroBCAA est\u00e1 aqu\u00ed para cambiar la forma en que piensas sobre los suplementos de amino\u00e1cidos. Durante a\u00f1os, los suplementos de BCAA han reinado como rey y con raz\u00f3n gracias a los s\u00f3lidos datos de investigaci\u00f3n que respaldan el papel clave que desempe\u00f1an. Sin embargo, estos suplementos que utilizan solo BCAA carecen de algo esencial. Literalmente, no incluyen EAA en la f\u00f3rmula, lo que en realidad puede causar m\u00e1s da\u00f1o que beneficio. Con la investigaci\u00f3n viene la innovaci\u00f3n y con la innovaci\u00f3n viene HydroBCAA , la f\u00f3rmula de matriz de amino\u00e1cidos completa que utiliza el poder de una investigaci\u00f3n validada con una relaci\u00f3n 2: 1: 1 de amino\u00e1cidos de cadena ramificada (BCAA) y amino\u00e1cidos esenciales (EAA) para ofrecer la soluci\u00f3n integral para prevenir la degradaci\u00f3n muscular y acelerar la recuperaci\u00f3n del ejercicio.\u00a0","og_url":"https:\/\/teammutantecuador.com\/?product=hydrobcaa-passionfruit-30-servidas-ps","og_site_name":"Team Mutan Ecuador","article_modified_time":"2026-01-17T16:03:39+00:00","twitter_card":"summary_large_image","twitter_misc":{"Tiempo de lectura":"1 minuto"},"schema":{"@context":"https:\/\/schema.org","@graph":[{"@type":"WebPage","@id":"https:\/\/teammutantecuador.com\/?product=hydrobcaa-passionfruit-30-servidas-ps","url":"https:\/\/teammutantecuador.com\/?product=hydrobcaa-passionfruit-30-servidas-ps","name":"HYDROBCAA PASSIONFRUIT 30 SERVIDAS PS - Team Mutan Ecuador","isPartOf":{"@id":"https:\/\/teammutantecuador.com\/#website"},"datePublished":"2026-01-17T16:03:36+00:00","dateModified":"2026-01-17T16:03:39+00:00","description":"HYDROBCAA PASSIONFRUIT 30 SERVIDAS PS ProSupps HydroBCAA est\u00e1 aqu\u00ed para cambiar la forma en que piensas sobre los suplementos de amino\u00e1cidos. Durante a\u00f1os, los suplementos de BCAA han reinado como rey y con raz\u00f3n gracias a los s\u00f3lidos datos de investigaci\u00f3n que respaldan el papel clave que desempe\u00f1an. Sin embargo, estos suplementos que utilizan solo BCAA carecen de algo esencial. Literalmente, no incluyen EAA en la f\u00f3rmula, lo que en realidad puede causar m\u00e1s da\u00f1o que beneficio. Con la investigaci\u00f3n viene la innovaci\u00f3n y con la innovaci\u00f3n viene HydroBCAA , la f\u00f3rmula de matriz de amino\u00e1cidos completa que utiliza el poder de una investigaci\u00f3n validada con una relaci\u00f3n 2: 1: 1 de amino\u00e1cidos de cadena ramificada (BCAA) y amino\u00e1cidos esenciales (EAA) para ofrecer la soluci\u00f3n integral para prevenir la degradaci\u00f3n muscular y acelerar la recuperaci\u00f3n del ejercicio.\u00a0","breadcrumb":{"@id":"https:\/\/teammutantecuador.com\/?product=hydrobcaa-passionfruit-30-servidas-ps#breadcrumb"},"inLanguage":"es","potentialAction":[{"@type":"ReadAction","target":["https:\/\/teammutantecuador.com\/?product=hydrobcaa-passionfruit-30-servidas-ps"]}]},{"@type":"BreadcrumbList","@id":"https:\/\/teammutantecuador.com\/?product=hydrobcaa-passionfruit-30-servidas-ps#breadcrumb","itemListElement":[{"@type":"ListItem","position":1,"name":"Portada","item":"https:\/\/teammutantecuador.com\/"},{"@type":"ListItem","position":2,"name":"Shop","item":"https:\/\/teammutantecuador.com\/?page_id=6"},{"@type":"ListItem","position":3,"name":"HYDROBCAA PASSIONFRUIT 30 SERVIDAS PS"}]},{"@type":"WebSite","@id":"https:\/\/teammutantecuador.com\/#website","url":"https:\/\/teammutantecuador.com\/","name":"Team Mutan Ecuador","description":"Just another WordPress site","publisher":{"@id":"https:\/\/teammutantecuador.com\/#organization"},"potentialAction":[{"@type":"SearchAction","target":{"@type":"EntryPoint","urlTemplate":"https:\/\/teammutantecuador.com\/?s={search_term_string}"},"query-input":{"@type":"PropertyValueSpecification","valueRequired":true,"valueName":"search_term_string"}}],"inLanguage":"es"},{"@type":"Organization","@id":"https:\/\/teammutantecuador.com\/#organization","name":"Team Mutan Ecuador","url":"https:\/\/teammutantecuador.com\/","logo":{"@type":"ImageObject","inLanguage":"es","@id":"https:\/\/teammutantecuador.com\/#\/schema\/logo\/image\/","url":"https:\/\/teammutantecuador.com\/wp-content\/uploads\/2026\/01\/Diseno-sin-titulo-97.png","contentUrl":"https:\/\/teammutantecuador.com\/wp-content\/uploads\/2026\/01\/Diseno-sin-titulo-97.png","width":500,"height":300,"caption":"Team Mutan Ecuador"},"image":{"@id":"https:\/\/teammutantecuador.com\/#\/schema\/logo\/image\/"}}]}},"_links":{"self":[{"href":"https:\/\/teammutantecuador.com\/index.php?rest_route=\/wp\/v2\/product\/1327","targetHints":{"allow":["GET"]}}],"collection":[{"href":"https:\/\/teammutantecuador.com\/index.php?rest_route=\/wp\/v2\/product"}],"about":[{"href":"https:\/\/teammutantecuador.com\/index.php?rest_route=\/wp\/v2\/types\/product"}],"replies":[{"embeddable":true,"href":"https:\/\/teammutantecuador.com\/index.php?rest_route=%2Fwp%2Fv2%2Fcomments&post=1327"}],"wp:attachment":[{"href":"https:\/\/teammutantecuador.com\/index.php?rest_route=%2Fwp%2Fv2%2Fmedia&parent=1327"}],"wp:term":[{"taxonomy":"product_brand","embeddable":true,"href":"https:\/\/teammutantecuador.com\/index.php?rest_route=%2Fwp%2Fv2%2Fproduct_brand&post=1327"},{"taxonomy":"product_cat","embeddable":true,"href":"https:\/\/teammutantecuador.com\/index.php?rest_route=%2Fwp%2Fv2%2Fproduct_cat&post=1327"},{"taxonomy":"product_tag","embeddable":true,"href":"https:\/\/teammutantecuador.com\/index.php?rest_route=%2Fwp%2Fv2%2Fproduct_tag&post=1327"}],"curies":[{"name":"wp","href":"https:\/\/api.w.org\/{rel}","templated":true}]}}